{"id":886,"date":"2024-03-22T08:04:19","date_gmt":"2024-03-22T08:04:19","guid":{"rendered":"https:\/\/pro-con.hu\/?post_type=product&#038;p=886"},"modified":"2024-09-02T15:08:23","modified_gmt":"2024-09-02T13:08:23","slug":"pro-con-camp-20-kempinghaz","status":"publish","type":"product","link":"https:\/\/pro-con.hu\/sr\/\u043f\u0440\u043e\u0438\u0437\u0432\u043e\u0434\/pro-con-camp-20-kempinghaz\/","title":{"rendered":"PRO-CON CAMP 20&#8242; kempingh\u00e1z"},"content":{"rendered":"<h2>PRO-CON CAMP 20&#8242; kempingh\u00e1z \/ tiny house<\/h2>\n<p><b>Fedezze fel a PRO-CON CAMP 20\u2019 Tiny House modul h\u00e1zat:<\/b><span style=\"font-weight: 400;\"> a t\u00f6k\u00e9letes befektet\u00e9s a kempingh\u00e1z piac n\u00f6vekv\u0151 szegmens\u00e9be! Ez a kompakt, st\u00edlusos \u00e9s k\u00e9nyelmes nyaral\u00f3 ide\u00e1lis v\u00e1laszt\u00e1s a pihenni v\u00e1gy\u00f3 vend\u00e9gek sz\u00e1m\u00e1ra, akik a term\u00e9szet k\u00f6zels\u00e9g\u00e9ben t\u00f6lten\u00e9k el szabadidej\u00fcket.<\/span><\/p>\n<p><b>Mi\u00e9rt v\u00e1lassza a PRO-CON CAMP 20\u2019 Tiny House nyaral\u00f3t?<\/b><\/p>\n<ul>\n<li style=\"font-weight: 400;\" aria-level=\"1\"><b>Kiv\u00e1l\u00f3 befektet\u00e9s:<\/b><span style=\"font-weight: 400;\"> A kempingh\u00e1z piac rohamosan fejl\u0151dik, \u00e9s a PROCON CAMP 20\u2019 Tiny House Getaway nyaral\u00f3 ide\u00e1lis v\u00e1laszt\u00e1s a befektet\u0151k sz\u00e1m\u00e1ra, akik a n\u00f6vekv\u0151 keresletb\u0151l k\u00edv\u00e1nnak profit\u00e1lni.<\/span><\/li>\n<li style=\"font-weight: 400;\" aria-level=\"1\"><b>K\u00f6nny\u0171 \u00fczemeltet\u00e9s:<\/b><span style=\"font-weight: 400;\"> A nyaral\u00f3 minim\u00e1lis karbantart\u00e1st ig\u00e9nyel, \u00edgy \u00d6nnek nem kell agg\u00f3dnia a folyamatos fel\u00fcgyelet miatt.<\/span><\/li>\n<li style=\"font-weight: 400;\" aria-level=\"1\"><b>Helytakar\u00e9kos:<\/b><span style=\"font-weight: 400;\"> A kompakt m\u00e9retnek k\u00f6sz\u00f6nhet\u0151en a nyaral\u00f3 kis alapter\u00fcleten is elf\u00e9r, \u00edgy ide\u00e1lis kisebb kempingek sz\u00e1m\u00e1ra is.<\/span><\/li>\n<li style=\"font-weight: 400;\" aria-level=\"1\"><b>K\u00e9nyelmes \u00e9s st\u00edlusos:<\/b><span style=\"font-weight: 400;\"> A nyaral\u00f3 modern bels\u0151vel \u00e9s k\u00fcls\u0151vel rendelkezik, \u00e9s minden sz\u00fcks\u00e9ges k\u00e9nyelmet biztos\u00edt a vend\u00e9gek sz\u00e1m\u00e1ra.<\/span><\/li>\n<li style=\"font-weight: 400;\" aria-level=\"1\"><b>K\u00f6rnyezetbar\u00e1t:<\/b><span style=\"font-weight: 400;\"> A nyaral\u00f3 energiatakar\u00e9kos \u00e9s fenntarthat\u00f3 anyagokb\u00f3l k\u00e9sz\u00fcl, \u00edgy minim\u00e1lis hat\u00e1ssal van a k\u00f6rnyezetre.<\/span><\/li>\n<\/ul>\n<p><b>A PRO-CON CAMP 20\u2019 Tiny House nyaral\u00f3 jellemz\u0151i:<\/b><\/p>\n<ul>\n<li style=\"font-weight: 400;\" aria-level=\"1\"><span style=\"font-weight: 400;\">20 l\u00e1b (6 m\u00e9ter) hossz\u00fa<\/span><\/li>\n<li style=\"font-weight: 400;\" aria-level=\"1\"><span style=\"font-weight: 400;\">1 h\u00e1l\u00f3szoba<\/span><\/li>\n<li style=\"font-weight: 400;\" aria-level=\"1\"><span style=\"font-weight: 400;\">1 f\u00fcrd\u0151szoba<\/span><\/li>\n<li style=\"font-weight: 400;\" aria-level=\"1\"><span style=\"font-weight: 400;\">Teljesen felszerelt konyha<\/span><\/li>\n<li style=\"font-weight: 400;\" aria-level=\"1\"><span style=\"font-weight: 400;\">Nappali<\/span><\/li>\n<li style=\"font-weight: 400;\" aria-level=\"1\"><span style=\"font-weight: 400;\">Terasz<\/span><\/li>\n<li style=\"font-weight: 400;\" aria-level=\"1\"><span style=\"font-weight: 400;\">Kl\u00edma<\/span><\/li>\n<li style=\"font-weight: 400;\" aria-level=\"1\"><span style=\"font-weight: 400;\">Elektromos f\u0171t\u00e9s<\/span><\/li>\n<li style=\"font-weight: 400;\" aria-level=\"1\"><span style=\"font-weight: 400;\">Napelemes rendszer<\/span><\/li>\n<\/ul>\n<p><b>A PRO-CON CAMP 20\u2019 Tiny House Getaway nyaral\u00f3 t\u00f6k\u00e9letes v\u00e1laszt\u00e1s:<\/b><\/p>\n<ul>\n<li style=\"font-weight: 400;\" aria-level=\"1\"><span style=\"font-weight: 400;\">Kempingek sz\u00e1m\u00e1ra<\/span><\/li>\n<li style=\"font-weight: 400;\" aria-level=\"1\"><span style=\"font-weight: 400;\">Befektet\u0151k sz\u00e1m\u00e1ra<\/span><\/li>\n<li style=\"font-weight: 400;\" aria-level=\"1\"><span style=\"font-weight: 400;\">Mag\u00e1nszem\u00e9lyek sz\u00e1m\u00e1ra, akik vend\u00e9gh\u00e1zat szeretn\u00e9nek \u00fczemeltetni<\/span><\/li>\n<li style=\"font-weight: 400;\" aria-level=\"1\"><span style=\"font-weight: 400;\">Akik a term\u00e9szet k\u00f6zels\u00e9g\u00e9ben szeretn\u00e9nek pihenni<\/span><\/li>\n<\/ul>\n<h4>M\u00e9retek<\/h4>\n<ul>\n<li>K\u00fcls\u0151 sz\u00e9less\u00e9g: 3,00 m<\/li>\n<li>K\u00fcls\u0151 hossz\u00fas\u00e1g: 6,00 m<\/li>\n<li>K\u00fcls\u0151 magass\u00e1g: 2,80 \u2013 2,90 m<\/li>\n<\/ul>\n<h4>Szerkezeti param\u00e9terek<\/h4>\n<ul>\n<li>V\u00e1zszerkezet:\n<ul>\n<li>hegesztett sz\u00e9nac\u00e9l oszlopok 50 x 50 x 3 mm;<\/li>\n<li>gerend\u00e1k 80 x 60 x 3 mm<\/li>\n<li>Poliuret\u00e1n fest\u00e9s, ral7016 sz\u00ednben<\/li>\n<\/ul>\n<\/li>\n<li>Tet\u0151:\n<ul>\n<li>Lejt\u00e9s: \u2013 3 %<\/li>\n<li>Anyag: 100 mm PP szendvicspanel<\/li>\n<li>Szigetel\u00e9si \u00e9rt\u00e9k: (Uc) 0,39 W (m2 * K)<\/li>\n<li>Sz\u00edn: RAL 9006\/9010<\/li>\n<\/ul>\n<\/li>\n<li>Padl\u00f3:\n<ul>\n<li>Szendvicspanel 100 mm PP hegesztett alapkereten<\/li>\n<li>MFP panel 18 mm, linoleum bor\u00edt\u00e1s<\/li>\n<\/ul>\n<\/li>\n<li>Ablakok:\n<ul>\n<li>Alum\u00ednium fix 2 700 x 1 800 mm (RAL 7016\/7016) \u2013 1 db<\/li>\n<li>PVC BNY 200 x 600 mm (RAL 7016\/7016) \u2013 1 db<\/li>\n<li>PVC BNY 600 x 600 mm (RAL 7016\/7016) \u2013 1 db<\/li>\n<\/ul>\n<\/li>\n<li>Ajt\u00f3:\n<ul>\n<li>K\u00fcls\u0151 biztons\u00e1gi ajt\u00f3 900 x 2 100 mm (RAL 7016) \u2013 1 db<\/li>\n<\/ul>\n<\/li>\n<\/ul>\n<p>Referencia vide\u00f3:<\/p>\n<p><iframe title=\"Rejtekhely az erd\u0151 \u00f6lel\u00e9s\u00e9ben - AlmasGlamp Zebeg\u00e9ny\" width=\"800\" height=\"450\" src=\"https:\/\/www.youtube.com\/embed\/r3BfrKc4ISY?start=104&#038;feature=oembed&#038;enablejsapi=1&#038;origin=https:\/\/pro-con.hu\" frameborder=\"0\" allow=\"accelerometer; autoplay; clipboard-write; encrypted-media; gyroscope; picture-in-picture; web-share\" referrerpolicy=\"strict-origin-when-cross-origin\" allowfullscreen><\/iframe><\/p>\n<p><b>K\u00e9rjen ingyenes \u00e1raj\u00e1nlatot a PROCON CAMP 20\u2019 Tiny House nyaral\u00f3ra m\u00e9g ma!<\/b><\/p>\n<p><b>PRO-CON: Megb\u00edzhat\u00f3 partner a j\u00f6v\u0151beli befektet\u00e9sekhez.<\/b><\/p>\n<p>Tekintsd meg m\u00e1sik m\u00e9retben: <a href=\"https:\/\/pro-con.hu\/sr\/\u043f\u0440\u043e\u0438\u0437\u0432\u043e\u0434\/pro-con-camp-40-kemping-haz\/\">40&#8242; kempingh\u00e1z<\/a><\/p>","protected":false},"excerpt":{"rendered":"<p>Kempingh\u00e1z, val\u00f3s\u00e1gos m\u00e9ret\u0171 \u00e9kszerdoboz. Kis m\u00e9rete ellen\u00e9re pr\u00e9mium min\u0151s\u00e9gben helyet kapott benne minden, amire egy a vil\u00e1g zaj\u00e1t\u00f3l f\u00e9lrees\u0151 nyugodt helyen sz\u00fcks\u00e9ges lehet. Ide\u00e1lis v\u00e1laszt\u00e1s 2-3 f\u0151 elsz\u00e1ll\u00e1sol\u00e1s\u00e1ra.<\/p>","protected":false},"featured_media":2001,"template":"","meta":{"_acf_changed":false},"product_brand":[],"product_cat":[28],"product_tag":[],"class_list":{"0":"post-886","1":"product","2":"type-product","3":"status-publish","4":"has-post-thumbnail","6":"product_cat-kontener-epitmenyek","8":"first","9":"instock","10":"shipping-taxable","11":"product-type-simple"},"acf":[],"_links":{"self":[{"href":"https:\/\/pro-con.hu\/sr\/wp-json\/wp\/v2\/product\/886","targetHints":{"allow":["GET"]}}],"collection":[{"href":"https:\/\/pro-con.hu\/sr\/wp-json\/wp\/v2\/product"}],"about":[{"href":"https:\/\/pro-con.hu\/sr\/wp-json\/wp\/v2\/types\/product"}],"version-history":[{"count":26,"href":"https:\/\/pro-con.hu\/sr\/wp-json\/wp\/v2\/product\/886\/revisions"}],"predecessor-version":[{"id":3289,"href":"https:\/\/pro-con.hu\/sr\/wp-json\/wp\/v2\/product\/886\/revisions\/3289"}],"wp:featuredmedia":[{"embeddable":true,"href":"https:\/\/pro-con.hu\/sr\/wp-json\/wp\/v2\/media\/2001"}],"wp:attachment":[{"href":"https:\/\/pro-con.hu\/sr\/wp-json\/wp\/v2\/media?parent=886"}],"wp:term":[{"taxonomy":"product_brand","embeddable":true,"href":"https:\/\/pro-con.hu\/sr\/wp-json\/wp\/v2\/product_brand?post=886"},{"taxonomy":"product_cat","embeddable":true,"href":"https:\/\/pro-con.hu\/sr\/wp-json\/wp\/v2\/product_cat?post=886"},{"taxonomy":"product_tag","embeddable":true,"href":"https:\/\/pro-con.hu\/sr\/wp-json\/wp\/v2\/product_tag?post=886"}],"curies":[{"name":"wp","href":"https:\/\/api.w.org\/{rel}","templated":true}]}}

https://pro-con.hu/sr/производ/pro-con-camp-20-kempinghaz/

PRO-CON CAMP 20&#8242; kempingház

<h2>PRO-CON CAMP 20&#8242; kempingház / tiny house</h2>
<p><b>Fedezze fel a PRO-CON CAMP 20’ Tiny House modul házat:</b><span style="font-weight: 400;"> a tökéletes befektetés a kempingház piac növekvő szegmensébe! Ez a kompakt, stílusos és kényelmes nyaraló ideális választás a pihenni vágyó vendégek számára, akik a természet közelségében töltenék el szabadidejüket.</span></p>
<p><b>Miért válassza a PRO-CON CAMP 20’ Tiny House nyaralót?</b></p>
<ul>
<li style="font-weight: 400;" aria-level="1"><b>Kiváló befektetés:</b><span style="font-weight: 400;"> A kempingház piac rohamosan fejlődik, és a PROCON CAMP 20’ Tiny House Getaway nyaraló ideális választás a befektetők számára, akik a növekvő keresletből kívánnak profitálni.</span></li>
<li style="font-weight: 400;" aria-level="1"><b>Könnyű üzemeltetés:</b><span style="font-weight: 400;"> A nyaraló minimális karbantartást igényel, így Önnek nem kell aggódnia a folyamatos felügyelet miatt.</span></li>
<li style="font-weight: 400;" aria-level="1"><b>Helytakarékos:</b><span style="font-weight: 400;"> A kompakt méretnek köszönhetően a nyaraló kis alapterületen is elfér, így ideális kisebb kempingek számára is.</span></li>
<li style="font-weight: 400;" aria-level="1"><b>Kényelmes és stílusos:</b><span style="font-weight: 400;"> A nyaraló modern belsővel és külsővel rendelkezik, és minden szükséges kényelmet biztosít a vendégek számára.</span></li>
<li style="font-weight: 400;" aria-level="1"><b>Környezetbarát:</b><span style="font-weight: 400;"> A nyaraló energiatakarékos és fenntartható anyagokból készül, így minimális hatással van a környezetre.</span></li>
</ul>
<p><b>A PRO-CON CAMP 20’ Tiny House nyaraló jellemzői:</b></p>
<ul>
<li style="font-weight: 400;" aria-level="1"><span style="font-weight: 400;">20 láb (6 méter) hosszú</span></li>
<li style="font-weight: 400;" aria-level="1"><span style="font-weight: 400;">1 hálószoba</span></li>
<li style="font-weight: 400;" aria-level="1"><span style="font-weight: 400;">1 fürdőszoba</span></li>
<li style="font-weight: 400;" aria-level="1"><span style="font-weight: 400;">Teljesen felszerelt konyha</span></li>
<li style="font-weight: 400;" aria-level="1"><span style="font-weight: 400;">Nappali</span></li>
<li style="font-weight: 400;" aria-level="1"><span style="font-weight: 400;">Terasz</span></li>
<li style="font-weight: 400;" aria-level="1"><span style="font-weight: 400;">Klíma</span></li>
<li style="font-weight: 400;" aria-level="1"><span style="font-weight: 400;">Elektromos fűtés</span></li>
<li style="font-weight: 400;" aria-level="1"><span style="font-weight: 400;">Napelemes rendszer</span></li>
</ul>
<p><b>A PRO-CON CAMP 20’ Tiny House Getaway nyaraló tökéletes választás:</b></p>
<ul>
<li style="font-weight: 400;" aria-level="1"><span style="font-weight: 400;">Kempingek számára</span></li>
<li style="font-weight: 400;" aria-level="1"><span style="font-weight: 400;">Befektetők számára</span></li>
<li style="font-weight: 400;" aria-level="1"><span style="font-weight: 400;">Magánszemélyek számára, akik vendégházat szeretnének üzemeltetni</span></li>
<li style="font-weight: 400;" aria-level="1"><span style="font-weight: 400;">Akik a természet közelségében szeretnének pihenni</span></li>
</ul>
<h4>Méretek</h4>
<ul>
<li>Külső szélesség: 3,00 m</li>
<li>Külső hosszúság: 6,00 m</li>
<li>Külső magasság: 2,80 – 2,90 m</li>
</ul>
<h4>Szerkezeti paraméterek</h4>
<ul>
<li>Vázszerkezet:
<ul>
<li>hegesztett szénacél oszlopok 50 x 50 x 3 mm;</li>
<li>gerendák 80 x 60 x 3 mm</li>
<li>Poliuretán festés, ral7016 színben</li>
</ul>
</li>
<li>Tető:
<ul>
<li>Lejtés: – 3 %</li>
<li>Anyag: 100 mm PP szendvicspanel</li>
<li>Szigetelési érték: (Uc) 0,39 W (m2 * K)</li>
<li>Szín: RAL 9006/9010</li>
</ul>
</li>
<li>Padló:
<ul>
<li>Szendvicspanel 100 mm PP hegesztett alapkereten</li>
<li>MFP panel 18 mm, linoleum borítás</li>
</ul>
</li>
<li>Ablakok:
<ul>
<li>Alumínium fix 2 700 x 1 800 mm (RAL 7016/7016) – 1 db</li>
<li>PVC BNY 200 x 600 mm (RAL 7016/7016) – 1 db</li>
<li>PVC BNY 600 x 600 mm (RAL 7016/7016) – 1 db</li>
</ul>
</li>
<li>Ajtó:
<ul>
<li>Külső biztonsági ajtó 900 x 2 100 mm (RAL 7016) – 1 db</li>
</ul>
</li>
</ul>
<p>Referencia videó:</p>
<p><iframe title="Rejtekhely az erdő ölelésében - AlmasGlamp Zebegény" width="800" height="450" src="https://www.youtube.com/embed/r3BfrKc4ISY?start=104&#038;feature=oembed&#038;enablejsapi=1&#038;origin=https://pro-con.hu" frameborder="0" allow="accelerometer; autoplay; clipboard-write; encrypted-media; gyroscope; picture-in-picture; web-share" referrerpolicy="strict-origin-when-cross-origin" allowfullscreen></iframe></p>
<p><b>Kérjen ingyenes árajánlatot a PROCON CAMP 20’ Tiny House nyaralóra még ma!</b></p>
<p><b>PRO-CON: Megbízható partner a jövőbeli befektetésekhez.</b></p>
<p>Tekintsd meg másik méretben: <a href="https://pro-con.hu/sr/производ/pro-con-camp-40-kemping-haz/">40&#8242; kempingház</a></p>

<p>Kempingház, valóságos méretű ékszerdoboz. Kis mérete ellenére prémium minőségben helyet kapott benne minden, amire egy a világ zajától félreeső nyugodt helyen szükséges lehet. Ideális választás 2-3 fő elszállásolására.</p>
