{"id":2072,"date":"2024-04-12T08:28:38","date_gmt":"2024-04-12T08:28:38","guid":{"rendered":"https:\/\/pro-con.hu\/?post_type=product&#038;p=2072"},"modified":"2024-09-02T14:59:48","modified_gmt":"2024-09-02T12:59:48","slug":"pro-con-camp-40-kemping-haz","status":"publish","type":"product","link":"https:\/\/pro-con.hu\/sr\/\u043f\u0440\u043e\u0438\u0437\u0432\u043e\u0434\/pro-con-camp-40-kemping-haz\/","title":{"rendered":"PRO-CON CAMP 40&#8242; kemping h\u00e1z"},"content":{"rendered":"<h2><b>PRO-CON CAMP 40\u2019 kemping h\u00e1z \/modulh\u00e1z<\/b><\/h2>\n<p><b>A j\u00f6v\u0151 turisztikai befektet\u00e9se!<\/b><\/p>\n<p><strong>Fedezze fel a PRO-CON CAMP 40\u2019 kont\u00e9nerh\u00e1zat, a j\u00f6v\u0151 kempingh\u00e1z\u00e1t!<\/strong><\/p>\n<p><strong>A PROCON CAMP 40\u2019 egy modern, modul\u00e1ris kont\u00e9nerh\u00e1z, amelyet kifejezetten kiad\u00e1si c\u00e9lra terveztek. Kiv\u00e1l\u00f3 befektet\u00e9s a kempingturizmusban, amely gyorsan megt\u00e9r\u00fcl \u00e9s stabil bev\u00e9telt biztos\u00edt.<\/strong><\/p>\n<h3><b>Mi\u00e9rt v\u00e1lasszon PRO-CON CAMP 40\u2019 kemping h\u00e1z?<\/b><\/h3>\n<ul>\n<li aria-level=\"1\">Gyors megt\u00e9r\u00fcl\u00e9s: A kont\u00e9nerh\u00e1zak alacsonyabb befektet\u00e9si k\u00f6lts\u00e9ggel j\u00e1rnak, mint a hagyom\u00e1nyos \u00e9p\u00fcletek, \u00e9s gyorsabban be\u00e9p\u00edthet\u0151k. Ez gyorsabb megt\u00e9r\u00fcl\u00e9st \u00e9s stabilabb bev\u00e9telt jelent.<\/li>\n<\/ul>\n<ul>\n<li aria-level=\"1\">K\u00f6nny\u0171 karbantart\u00e1s: A kont\u00e9nerh\u00e1zak minim\u00e1lis karbantart\u00e1st ig\u00e9nyelnek, \u00edgy kevesebb id\u0151t \u00e9s energi\u00e1t kell ford\u00edtania a fenntart\u00e1sukra.<\/li>\n<\/ul>\n<ul>\n<li aria-level=\"1\">Tart\u00f3ss\u00e1g: A kont\u00e9nerh\u00e1zak rendk\u00edv\u00fcl tart\u00f3sak \u00e9s ellen\u00e1llnak az id\u0151j\u00e1r\u00e1s viszontags\u00e1gainak.<\/li>\n<\/ul>\n<ul>\n<li aria-level=\"1\">Mobilit\u00e1s: A kont\u00e9nerh\u00e1zak k\u00f6nnyen sz\u00e1ll\u00edthat\u00f3k, \u00edgy sz\u00fcks\u00e9g eset\u00e9n \u00e1thelyezhet\u0151k.<\/li>\n<\/ul>\n<ul>\n<li aria-level=\"1\">K\u00f6rnyezetbar\u00e1t: A kont\u00e9nerh\u00e1zak \u00fajrahasznos\u00edtott anyagokb\u00f3l k\u00e9sz\u00fclnek, \u00e9s energiatakar\u00e9kosak.<\/li>\n<\/ul>\n<h3><b>A PRO-CON CAMP 40\u2019 kemping h\u00e1z el\u0151nyei:<\/b><\/h3>\n<ul>\n<li aria-level=\"1\">T\u00e1gas bels\u0151 t\u00e9r: A 40 l\u00e1b hossz\u00fa kont\u00e9nerh\u00e1z k\u00e9nyelmes sz\u00e1ll\u00e1st ny\u00fajt 4-6 szem\u00e9ly sz\u00e1m\u00e1ra.<\/li>\n<\/ul>\n<ul>\n<li aria-level=\"1\">Modern design: A kont\u00e9nerh\u00e1z modern \u00e9s st\u00edlusos, amely vonz\u00f3 a vend\u00e9gek sz\u00e1m\u00e1ra.<\/li>\n<\/ul>\n<ul>\n<li aria-level=\"1\">Teljesen felszerelt: A kont\u00e9nerh\u00e1z teljesen felszerelt konyh\u00e1val, f\u00fcrd\u0151szob\u00e1val \u00e9s nappalival rendelkezik.<\/li>\n<\/ul>\n<ul>\n<li aria-level=\"1\">Terasz: A kont\u00e9nerh\u00e1zhoz terasz is tartozik, ahonnan a vend\u00e9gek gy\u00f6ny\u00f6rk\u00f6dhetnek a kil\u00e1t\u00e1sban.<\/li>\n<\/ul>\n<h3><b>A PRO-CON CAMP 40\u2019 kemping h\u00e1z ide\u00e1lis:<\/b><\/h3>\n<ul>\n<li>Kempingek sz\u00e1m\u00e1ra<\/li>\n<li>\u00dcd\u00fcl\u0151falvak sz\u00e1m\u00e1ra<\/li>\n<li>Nyaral\u00f3parkok sz\u00e1m\u00e1ra<\/li>\n<li>Mag\u00e1nszem\u00e9lyek sz\u00e1m\u00e1ra, akik befektetni szeretn\u00e9nek a kempingturizmusban<\/li>\n<\/ul>\n<h3><b>A PRO-CON CAMP 40\u2019 nyaral\u00f3 \/ kont\u00e9nerh\u00e1z:<\/b><\/h3>\n<ul>\n<li style=\"font-weight: 400;\" aria-level=\"1\"><span style=\"font-weight: 400;\">40 m2 alapter\u00fclet\u0171<\/span><\/li>\n<li style=\"font-weight: 400;\" aria-level=\"1\"><span style=\"font-weight: 400;\">2 h\u00e1l\u00f3szob\u00e1val<\/span><\/li>\n<li style=\"font-weight: 400;\" aria-level=\"1\"><span style=\"font-weight: 400;\">Nappalival<\/span><\/li>\n<li style=\"font-weight: 400;\" aria-level=\"1\"><span style=\"font-weight: 400;\">Konyh\u00e1val<\/span><\/li>\n<li style=\"font-weight: 400;\" aria-level=\"1\"><span style=\"font-weight: 400;\">F\u00fcrd\u0151szob\u00e1val<\/span><\/li>\n<li style=\"font-weight: 400;\" aria-level=\"1\"><span style=\"font-weight: 400;\">Terasszal<\/span><\/li>\n<\/ul>\n<h3><b>A kont\u00e9ner sz\u00e1ll\u00e1shely felszerelts\u00e9ge:<\/b><\/h3>\n<ul>\n<li style=\"font-weight: 400;\" aria-level=\"1\"><span style=\"font-weight: 400;\">B\u00fatorok<\/span><\/li>\n<li style=\"font-weight: 400;\" aria-level=\"1\"><span style=\"font-weight: 400;\">G\u00e9pes\u00edtett konyha<\/span><\/li>\n<li style=\"font-weight: 400;\" aria-level=\"1\"><span style=\"font-weight: 400;\">H\u0171t\u0151szekr\u00e9ny<\/span><\/li>\n<li style=\"font-weight: 400;\" aria-level=\"1\"><span style=\"font-weight: 400;\">Mikrohull\u00e1m\u00fa s\u00fct\u0151<\/span><\/li>\n<li style=\"font-weight: 400;\" aria-level=\"1\"><span style=\"font-weight: 400;\">F\u0151z\u0151lap<\/span><\/li>\n<li style=\"font-weight: 400;\" aria-level=\"1\"><span style=\"font-weight: 400;\">Kl\u00edma<\/span><\/li>\n<li style=\"font-weight: 400;\" aria-level=\"1\"><span style=\"font-weight: 400;\">stb.<\/span><\/li>\n<\/ul>\n<h4><strong>M\u00e9retek<\/strong><\/h4>\n<ul>\n<li>K\u00fcls\u0151 sz\u00e9less\u00e9g: 3,00 m<\/li>\n<li>K\u00fcls\u0151 hossz\u00fas\u00e1g: 12,00 m<\/li>\n<li>K\u00fcls\u0151 magass\u00e1g: 2,80 \u2013 2,90 m<\/li>\n<\/ul>\n<h4><strong>Szerkezeti param\u00e9terek<\/strong><\/h4>\n<ul>\n<li><strong>V\u00e1zszerkezet<\/strong>:\n<ul>\n<li>hegesztett sz\u00e9nac\u00e9l oszlopok 50 x 50 x 3 mm;<\/li>\n<li>gerend\u00e1k 80 x 60 x 3 mm<\/li>\n<li>Poliuret\u00e1n fest\u00e9s, ral7016 sz\u00ednben<\/li>\n<\/ul>\n<\/li>\n<li><strong>Tet\u0151<\/strong>:\n<ul>\n<li>Lejt\u00e9s: \u2013 3 %<\/li>\n<li>Anyag: 100 mm PP szendvicspanel<\/li>\n<li>Szigetel\u00e9si \u00e9rt\u00e9k: (Uc) 0,39 W (m2 * K)<\/li>\n<li>Sz\u00edn: RAL 9006\/9010<\/li>\n<\/ul>\n<\/li>\n<li><strong>Padl\u00f3<\/strong>:\n<ul>\n<li>Szendvicspanel 100 mm PP hegesztett alapkereten<\/li>\n<li>MFP panel 18 mm, linoleum bor\u00edt\u00e1s<\/li>\n<\/ul>\n<\/li>\n<li><strong>Falak<\/strong>:\n<ul>\n<li>Szendvicspanel 100 mm \/ 50 mm PP<br \/>\nSzigetel\u00e9si \u00e9rt\u00e9k (Uc) of 0,39 W \/ (m2 * K) &#8211; Color RAL 7016\/9010<\/li>\n<\/ul>\n<\/li>\n<li><strong>Ablakok<\/strong>:\n<ul>\n<li>Ablak PVC BNY 1 800 x 600 mm (RAL 7016\/9010) \u2013 2 db<\/li>\n<li>Ablak PVC NY 600 x 600 mm (RAL 7016\/9010) \u2013 1 db<\/li>\n<li>Ablak PVC fix + tol\u00f3 2 000 x 2 100 mm (RAL 7016\/9010) \u2013 2 db<\/li>\n<li>Ablak PVC Buk\u00f3 600 x 2 100 mm (RAL 7016\/9010) \u2013 2 db<\/li>\n<\/ul>\n<\/li>\n<li><strong>Ajt\u00f3<\/strong>:\n<ul>\n<li>K\u00fcls\u0151 biztons\u00e1gi ajt\u00f3 900 x 2 100 mm (RAL 7016) \u2013 1 db<\/li>\n<\/ul>\n<\/li>\n<li><strong>Belt\u00e9r<\/strong>:\n<ul>\n<li>Bels\u0151 falak: Szendvicspanel 50 mm PP + VOX MOTIVO BASIC decorat\u00edv falpanel vagy fa lamb\u00e9ria<\/li>\n<li>Bels\u0151 ajt\u00f3: 700 x 2 050 mm (RAL 9010) \u2013 1 db<\/li>\n<\/ul>\n<\/li>\n<li><strong>V\u00edzg\u00e9p\u00e9szet<\/strong>:\n<ul>\n<li>WC SAPHO Paco Rimless kombi \u2013 1 db<\/li>\n<li>Zuhanykabin &#8211; 1 db dupla RAVAK v egyen\u00e9rt\u00e9k\u0171 \u2013 1 db<\/li>\n<li>Bojler \u2013 1 db &#8211; Ariston Velis EVO 100 v egyen\u00e9rt\u00e9k\u0171 \u2013 1 db<\/li>\n<li>F\u00fcrd\u0151szobaszekr\u00e9ny IKEA HEMNES \/ T\u00d6RNVIKEN \u2013 1 db<\/li>\n<li>Konyha \u2013 v\u00edz \u00e9s szennyv\u00edz el\u0151k\u00e9sz\u00edt\u00e9s<\/li>\n<\/ul>\n<\/li>\n<\/ul>\n<p><b>Tov\u00e1bbi inform\u00e1ci\u00f3k:<\/b><\/p>\n<ul>\n<li style=\"font-weight: 400;\" aria-level=\"1\"><span style=\"font-weight: 400;\">Weboldal: <a href=\"https:\/\/www.almaskemp.hu\/\" target=\"_blank\" rel=\"noopener\">almasglamp.hu<\/a><\/span><\/li>\n<\/ul>\n<p><iframe title=\"Rejtekhely az erd\u0151 \u00f6lel\u00e9s\u00e9ben - AlmasGlamp Zebeg\u00e9ny\" width=\"800\" height=\"450\" src=\"https:\/\/www.youtube.com\/embed\/r3BfrKc4ISY?feature=oembed&#038;enablejsapi=1&#038;origin=https:\/\/pro-con.hu\" frameborder=\"0\" allow=\"accelerometer; autoplay; clipboard-write; encrypted-media; gyroscope; picture-in-picture; web-share\" referrerpolicy=\"strict-origin-when-cross-origin\" allowfullscreen><\/iframe><\/p>\n<p><b>L\u00e9pjen kapcsolatba vel\u00fcnk m\u00e9g ma, \u00e9s k\u00e9rjen ingyenes \u00e1raj\u00e1nlatot a PROCON CAMP 40\u2019 nyaral\u00f3 \/ kont\u00e9nerh\u00e1zra!<\/b><\/p>\n<p>Tekintsd meg m\u00e1sik m\u00e9retben: <a href=\"https:\/\/pro-con.hu\/sr\/\u043f\u0440\u043e\u0438\u0437\u0432\u043e\u0434\/pro-con-camp-20-kempinghaz\/\">20&#8242; kemping h\u00e1z<\/a><\/p>","protected":false},"excerpt":{"rendered":"<p>Ak\u00e1r egy csal\u00e1dnak, ak\u00e1r kisebb bar\u00e1ti t\u00e1rsas\u00e1gnak elegend\u0151 helyet ny\u00fajt egy ilyen t\u00f6k\u00e9letesen kidolgozott gyorsh\u00e1z. Ide\u00e1lis v\u00e1laszt\u00e1s lehet 4-5 f\u0151 elsz\u00e1ll\u00e1sol\u00e1s\u00e1ra.<\/p>","protected":false},"featured_media":2074,"template":"","meta":{"_acf_changed":false},"product_brand":[],"product_cat":[28],"product_tag":[],"class_list":{"0":"post-2072","1":"product","2":"type-product","3":"status-publish","4":"has-post-thumbnail","6":"product_cat-kontener-epitmenyek","8":"first","9":"instock","10":"shipping-taxable","11":"product-type-simple"},"acf":[],"_links":{"self":[{"href":"https:\/\/pro-con.hu\/sr\/wp-json\/wp\/v2\/product\/2072","targetHints":{"allow":["GET"]}}],"collection":[{"href":"https:\/\/pro-con.hu\/sr\/wp-json\/wp\/v2\/product"}],"about":[{"href":"https:\/\/pro-con.hu\/sr\/wp-json\/wp\/v2\/types\/product"}],"version-history":[{"count":18,"href":"https:\/\/pro-con.hu\/sr\/wp-json\/wp\/v2\/product\/2072\/revisions"}],"predecessor-version":[{"id":3288,"href":"https:\/\/pro-con.hu\/sr\/wp-json\/wp\/v2\/product\/2072\/revisions\/3288"}],"wp:featuredmedia":[{"embeddable":true,"href":"https:\/\/pro-con.hu\/sr\/wp-json\/wp\/v2\/media\/2074"}],"wp:attachment":[{"href":"https:\/\/pro-con.hu\/sr\/wp-json\/wp\/v2\/media?parent=2072"}],"wp:term":[{"taxonomy":"product_brand","embeddable":true,"href":"https:\/\/pro-con.hu\/sr\/wp-json\/wp\/v2\/product_brand?post=2072"},{"taxonomy":"product_cat","embeddable":true,"href":"https:\/\/pro-con.hu\/sr\/wp-json\/wp\/v2\/product_cat?post=2072"},{"taxonomy":"product_tag","embeddable":true,"href":"https:\/\/pro-con.hu\/sr\/wp-json\/wp\/v2\/product_tag?post=2072"}],"curies":[{"name":"wp","href":"https:\/\/api.w.org\/{rel}","templated":true}]}}

https://pro-con.hu/sr/производ/pro-con-camp-40-kemping-haz/

PRO-CON CAMP 40&#8242; kemping ház

<h2><b>PRO-CON CAMP 40’ kemping ház /modulház</b></h2>
<p><b>A jövő turisztikai befektetése!</b></p>
<p><strong>Fedezze fel a PRO-CON CAMP 40’ konténerházat, a jövő kempingházát!</strong></p>
<p><strong>A PROCON CAMP 40’ egy modern, moduláris konténerház, amelyet kifejezetten kiadási célra terveztek. Kiváló befektetés a kempingturizmusban, amely gyorsan megtérül és stabil bevételt biztosít.</strong></p>
<h3><b>Miért válasszon PRO-CON CAMP 40’ kemping ház?</b></h3>
<ul>
<li aria-level="1">Gyors megtérülés: A konténerházak alacsonyabb befektetési költséggel járnak, mint a hagyományos épületek, és gyorsabban beépíthetők. Ez gyorsabb megtérülést és stabilabb bevételt jelent.</li>
</ul>
<ul>
<li aria-level="1">Könnyű karbantartás: A konténerházak minimális karbantartást igényelnek, így kevesebb időt és energiát kell fordítania a fenntartásukra.</li>
</ul>
<ul>
<li aria-level="1">Tartósság: A konténerházak rendkívül tartósak és ellenállnak az időjárás viszontagságainak.</li>
</ul>
<ul>
<li aria-level="1">Mobilitás: A konténerházak könnyen szállíthatók, így szükség esetén áthelyezhetők.</li>
</ul>
<ul>
<li aria-level="1">Környezetbarát: A konténerházak újrahasznosított anyagokból készülnek, és energiatakarékosak.</li>
</ul>
<h3><b>A PRO-CON CAMP 40’ kemping ház előnyei:</b></h3>
<ul>
<li aria-level="1">Tágas belső tér: A 40 láb hosszú konténerház kényelmes szállást nyújt 4-6 személy számára.</li>
</ul>
<ul>
<li aria-level="1">Modern design: A konténerház modern és stílusos, amely vonzó a vendégek számára.</li>
</ul>
<ul>
<li aria-level="1">Teljesen felszerelt: A konténerház teljesen felszerelt konyhával, fürdőszobával és nappalival rendelkezik.</li>
</ul>
<ul>
<li aria-level="1">Terasz: A konténerházhoz terasz is tartozik, ahonnan a vendégek gyönyörködhetnek a kilátásban.</li>
</ul>
<h3><b>A PRO-CON CAMP 40’ kemping ház ideális:</b></h3>
<ul>
<li>Kempingek számára</li>
<li>Üdülőfalvak számára</li>
<li>Nyaralóparkok számára</li>
<li>Magánszemélyek számára, akik befektetni szeretnének a kempingturizmusban</li>
</ul>
<h3><b>A PRO-CON CAMP 40’ nyaraló / konténerház:</b></h3>
<ul>
<li style="font-weight: 400;" aria-level="1"><span style="font-weight: 400;">40 m2 alapterületű</span></li>
<li style="font-weight: 400;" aria-level="1"><span style="font-weight: 400;">2 hálószobával</span></li>
<li style="font-weight: 400;" aria-level="1"><span style="font-weight: 400;">Nappalival</span></li>
<li style="font-weight: 400;" aria-level="1"><span style="font-weight: 400;">Konyhával</span></li>
<li style="font-weight: 400;" aria-level="1"><span style="font-weight: 400;">Fürdőszobával</span></li>
<li style="font-weight: 400;" aria-level="1"><span style="font-weight: 400;">Terasszal</span></li>
</ul>
<h3><b>A konténer szálláshely felszereltsége:</b></h3>
<ul>
<li style="font-weight: 400;" aria-level="1"><span style="font-weight: 400;">Bútorok</span></li>
<li style="font-weight: 400;" aria-level="1"><span style="font-weight: 400;">Gépesített konyha</span></li>
<li style="font-weight: 400;" aria-level="1"><span style="font-weight: 400;">Hűtőszekrény</span></li>
<li style="font-weight: 400;" aria-level="1"><span style="font-weight: 400;">Mikrohullámú sütő</span></li>
<li style="font-weight: 400;" aria-level="1"><span style="font-weight: 400;">Főzőlap</span></li>
<li style="font-weight: 400;" aria-level="1"><span style="font-weight: 400;">Klíma</span></li>
<li style="font-weight: 400;" aria-level="1"><span style="font-weight: 400;">stb.</span></li>
</ul>
<h4><strong>Méretek</strong></h4>
<ul>
<li>Külső szélesség: 3,00 m</li>
<li>Külső hosszúság: 12,00 m</li>
<li>Külső magasság: 2,80 – 2,90 m</li>
</ul>
<h4><strong>Szerkezeti paraméterek</strong></h4>
<ul>
<li><strong>Vázszerkezet</strong>:
<ul>
<li>hegesztett szénacél oszlopok 50 x 50 x 3 mm;</li>
<li>gerendák 80 x 60 x 3 mm</li>
<li>Poliuretán festés, ral7016 színben</li>
</ul>
</li>
<li><strong>Tető</strong>:
<ul>
<li>Lejtés: – 3 %</li>
<li>Anyag: 100 mm PP szendvicspanel</li>
<li>Szigetelési érték: (Uc) 0,39 W (m2 * K)</li>
<li>Szín: RAL 9006/9010</li>
</ul>
</li>
<li><strong>Padló</strong>:
<ul>
<li>Szendvicspanel 100 mm PP hegesztett alapkereten</li>
<li>MFP panel 18 mm, linoleum borítás</li>
</ul>
</li>
<li><strong>Falak</strong>:
<ul>
<li>Szendvicspanel 100 mm / 50 mm PP<br />
Szigetelési érték (Uc) of 0,39 W / (m2 * K) &#8211; Color RAL 7016/9010</li>
</ul>
</li>
<li><strong>Ablakok</strong>:
<ul>
<li>Ablak PVC BNY 1 800 x 600 mm (RAL 7016/9010) – 2 db</li>
<li>Ablak PVC NY 600 x 600 mm (RAL 7016/9010) – 1 db</li>
<li>Ablak PVC fix + toló 2 000 x 2 100 mm (RAL 7016/9010) – 2 db</li>
<li>Ablak PVC Bukó 600 x 2 100 mm (RAL 7016/9010) – 2 db</li>
</ul>
</li>
<li><strong>Ajtó</strong>:
<ul>
<li>Külső biztonsági ajtó 900 x 2 100 mm (RAL 7016) – 1 db</li>
</ul>
</li>
<li><strong>Beltér</strong>:
<ul>
<li>Belső falak: Szendvicspanel 50 mm PP + VOX MOTIVO BASIC decoratív falpanel vagy fa lambéria</li>
<li>Belső ajtó: 700 x 2 050 mm (RAL 9010) – 1 db</li>
</ul>
</li>
<li><strong>Vízgépészet</strong>:
<ul>
<li>WC SAPHO Paco Rimless kombi – 1 db</li>
<li>Zuhanykabin &#8211; 1 db dupla RAVAK v egyenértékű – 1 db</li>
<li>Bojler – 1 db &#8211; Ariston Velis EVO 100 v egyenértékű – 1 db</li>
<li>Fürdőszobaszekrény IKEA HEMNES / TÖRNVIKEN – 1 db</li>
<li>Konyha – víz és szennyvíz előkészítés</li>
</ul>
</li>
</ul>
<p><b>További információk:</b></p>
<ul>
<li style="font-weight: 400;" aria-level="1"><span style="font-weight: 400;">Weboldal: <a href="https://www.almaskemp.hu/" target="_blank" rel="noopener">almasglamp.hu</a></span></li>
</ul>
<p><iframe title="Rejtekhely az erdő ölelésében - AlmasGlamp Zebegény" width="800" height="450" src="https://www.youtube.com/embed/r3BfrKc4ISY?feature=oembed&#038;enablejsapi=1&#038;origin=https://pro-con.hu" frameborder="0" allow="accelerometer; autoplay; clipboard-write; encrypted-media; gyroscope; picture-in-picture; web-share" referrerpolicy="strict-origin-when-cross-origin" allowfullscreen></iframe></p>
<p><b>Lépjen kapcsolatba velünk még ma, és kérjen ingyenes árajánlatot a PROCON CAMP 40’ nyaraló / konténerházra!</b></p>
<p>Tekintsd meg másik méretben: <a href="https://pro-con.hu/sr/производ/pro-con-camp-20-kempinghaz/">20&#8242; kemping ház</a></p>

<p>Akár egy családnak, akár kisebb baráti társaságnak elegendő helyet nyújt egy ilyen tökéletesen kidolgozott gyorsház. Ideális választás lehet 4-5 fő elszállásolására.</p>
