{"id":2370,"date":"2024-04-19T09:41:59","date_gmt":"2024-04-19T09:41:59","guid":{"rendered":"https:\/\/pro-con.hu\/?post_type=product&#038;p=2370"},"modified":"2025-01-23T10:16:18","modified_gmt":"2025-01-23T08:16:18","slug":"pro-con-pool-20d-dupla-kontener-medence","status":"publish","type":"product","link":"https:\/\/pro-con.hu\/sk\/produkt\/pro-con-pool-20d-dupla-kontener-medence\/","title":{"rendered":"PRO-CON POOL 20'D dvojit\u00fd kontajnerov\u00fd baz\u00e9n"},"content":{"rendered":"<h2><b>PRO-CON POOL 20'D dvojit\u00fd kontajnerov\u00fd baz\u00e9n: <\/b><\/h2>\n<h4>Dvojn\u00e1sobn\u00e9 pote\u0161enie!<\/h4>\n<p><b>Predstavte si:<\/b><span style=\"font-weight: 400;\"> V z\u00e1hrade sa m\u00f4\u017eete k\u00fapa\u0165 v chladnej vode a slnko v\u00e1m bude hladi\u0165 tv\u00e1r. <\/span><\/p>\n<p>&nbsp;<\/p>\n<p><span style=\"font-weight: 400;\">A <\/span><b>PRO-CON POOL 20'D dvojit\u00fd kontajnerov\u00fd baz\u00e9n<\/b><span style=\"font-weight: 400;\"> je ide\u00e1lnou vo\u013ebou pre t\u00fdch, ktor\u00ed chc\u00fa <\/span><b>\u0161t\u00fdlov\u00e9, odoln\u00e9 a pohodln\u00e9<\/b><span style=\"font-weight: 400;\"> h\u013eadaj\u00fa baz\u00e9n do svojej z\u00e1hrady. Tento baz\u00e9n <\/span><b>jedine\u010dne ve\u013ek\u00e1 ve\u013ekos\u0165<\/b><span style=\"font-weight: 400;\">, tak\u017ee je vhodn\u00fd aj na pl\u00e1vanie a <\/span><b>s r\u00f4znym pr\u00edslu\u0161enstvom<\/b><span style=\"font-weight: 400;\"> mo\u017eno roz\u0161\u00edri\u0165 tak, aby dokonale vyhovoval va\u0161im potreb\u00e1m.<\/span><\/p>\n<p><b>V\u00fdhody dvojkontajnerov\u00e9ho baz\u00e9na PRO-CON POOL 20'D:<\/b><\/p>\n<ul>\n<li style=\"font-weight: 400;\" aria-level=\"1\"><b>Jedine\u010dne ve\u013ek\u00e1 ve\u013ekos\u0165:<\/b><span style=\"font-weight: 400;\"> Je 6 metrov dlh\u00fd, 5 metrov \u0161irok\u00fd a 1,5 metra hlbok\u00fd, tak\u017ee je vhodn\u00fd na k\u00fapanie.<\/span><\/li>\n<li style=\"font-weight: 400;\" aria-level=\"1\"><b>Odoln\u00e9:<\/b><span style=\"font-weight: 400;\"> Baz\u00e9n je vyroben\u00fd z odoln\u00fdch materi\u00e1lov, tak\u017ee si ho m\u00f4\u017eete u\u017e\u00edva\u0165 dlh\u00e9 roky.<\/span><\/li>\n<li style=\"font-weight: 400;\" aria-level=\"1\"><b>Jednoduch\u00e1 in\u0161tal\u00e1cia:<\/b><span style=\"font-weight: 400;\"> In\u0161tal\u00e1cia baz\u00e9na je r\u00fdchla a jednoduch\u00e1, nie je potrebn\u00e9 kopa\u0165 ani bet\u00f3nova\u0165.<\/span><\/li>\n<li style=\"font-weight: 400;\" aria-level=\"1\"><b>Pohodln\u00e9:<\/b><span style=\"font-weight: 400;\"> Baz\u00e9n m\u00e1 zabudovan\u00fd filtra\u010dn\u00fd syst\u00e9m a vyhrievanie, tak\u017ee sa m\u00f4\u017eete s\u00fastredi\u0165 len na relax\u00e1ciu.<\/span><\/li>\n<li style=\"font-weight: 400;\" aria-level=\"1\"><b>Mo\u017enos\u0165 roz\u0161\u00edrenia:<\/b><span style=\"font-weight: 400;\"> Baz\u00e9n je mo\u017en\u00e9 roz\u0161\u00edri\u0165 o r\u00f4zne pr\u00edslu\u0161enstvo, ako napr\u00edklad hasiaci pr\u00edstroj s protipr\u00fadom, vodn\u00fd v\u00edr, LED osvetlenie at\u010f.<\/span><\/li>\n<li style=\"font-weight: 400;\" aria-level=\"1\"><b>\u0160t\u00fdlov\u00e9:<\/b><span style=\"font-weight: 400;\"> Modern\u00fd a elegantn\u00fd dizajn baz\u00e9na je ide\u00e1lny pre ka\u017ed\u00fa z\u00e1hradu.<\/span><\/li>\n<\/ul>\n<p><b>Dvojit\u00fd kontajnerov\u00fd baz\u00e9n PRO-CON POOL 20'D je ide\u00e1lny:<\/b><\/p>\n<ul>\n<li style=\"font-weight: 400;\" aria-level=\"1\"><span style=\"font-weight: 400;\">Pre rodiny<\/span><\/li>\n<li style=\"font-weight: 400;\" aria-level=\"1\"><span style=\"font-weight: 400;\">\u013dudia, ktor\u00ed radi pl\u00e1vaj\u00fa<\/span><\/li>\n<li style=\"font-weight: 400;\" aria-level=\"1\"><span style=\"font-weight: 400;\">T\u00ed, ktor\u00ed h\u013eadaj\u00fa pohodln\u00fd a \u0161t\u00fdlov\u00fd baz\u00e9n<\/span><\/li>\n<li style=\"font-weight: 400;\" aria-level=\"1\"><span style=\"font-weight: 400;\">Pre t\u00fdch, ktor\u00fdm z\u00e1le\u017e\u00ed na trvanlivosti<\/span><\/li>\n<li style=\"font-weight: 400;\" aria-level=\"1\"><span style=\"font-weight: 400;\">T\u00ed, ktor\u00ed chc\u00fa baz\u00e9n nain\u0161talova\u0165 r\u00fdchlo a jednoducho<\/span><\/li>\n<\/ul>\n<p>&nbsp;<\/p>\n<p><b>Technick\u00e9 \u00fadaje baz\u00e9na PROCON POOL 20'D Double container pool:<\/b><\/p>\n<ul>\n<li style=\"font-weight: 400;\" aria-level=\"1\"><b>Ve\u013ekos\u0165:<\/b><span style=\"font-weight: 400;\">\u00a0 6, m x 5 m x 1,5 m<\/span><\/li>\n<li style=\"font-weight: 400;\" aria-level=\"1\"><b>Objem vody:<\/b><span style=\"font-weight: 400;\"> pribli\u017ene 28 000 litrov<\/span><\/li>\n<li style=\"font-weight: 400;\" aria-level=\"1\"><b>Filtra\u010dn\u00fd syst\u00e9m:<\/b><span style=\"font-weight: 400;\"> pieskov\u00fd filter<\/span><\/li>\n<li style=\"font-weight: 400;\" aria-level=\"1\"><b>Vykurovanie:<\/b><span style=\"font-weight: 400;\"> volite\u013en\u00e9<\/span><\/li>\n<li style=\"font-weight: 400;\" aria-level=\"1\"><b>Svetl\u00e1:<\/b><span style=\"font-weight: 400;\"> volite\u013en\u00e9<\/span><\/li>\n<\/ul>\n<p><b>Kontaktujte n\u00e1s e\u0161te dnes pre bezplatn\u00fa cenov\u00fa ponuku na v\u00e1\u0161 kontajnerov\u00fd baz\u00e9n PRO-CON POOL 20'D DUPLA!<\/b><\/p>","protected":false},"excerpt":{"rendered":"<p><span style=\"font-weight: 400;\">A <\/span><b>Kontajnerov\u00fd baz\u00e9n PROCON POOL 20'D DUPLA<\/b><span style=\"font-weight: 400;\"> je ide\u00e1lnou vo\u013ebou pre t\u00fdch, ktor\u00ed chc\u00fa <\/span><b>\u0161t\u00fdlov\u00e9, odoln\u00e9 a ve\u013ekostne prisp\u00f4soben\u00e9<\/b><span style=\"font-weight: 400;\"> h\u013eadaj\u00fa baz\u00e9n do svojej z\u00e1hrady. Baz\u00e9n <\/span><span style=\"font-weight: 400;\">vhodn\u00e9 aj na pl\u00e1vanie a <\/span><b>s r\u00f4znym pr\u00edslu\u0161enstvom<\/b><span style=\"font-weight: 400;\"> mo\u017eno roz\u0161\u00edri\u0165 tak, aby dokonale vyhovoval va\u0161im potreb\u00e1m.<\/span><\/p>","protected":false},"featured_media":2386,"template":"","meta":{"_acf_changed":false},"product_brand":[],"product_cat":[28,33],"product_tag":[],"class_list":{"0":"post-2370","1":"product","2":"type-product","3":"status-publish","4":"has-post-thumbnail","6":"product_cat-kontener-epitmenyek","7":"product_cat-kontener-medence","9":"first","10":"instock","11":"shipping-taxable","12":"product-type-simple"},"acf":[],"_links":{"self":[{"href":"https:\/\/pro-con.hu\/sk\/wp-json\/wp\/v2\/product\/2370","targetHints":{"allow":["GET"]}}],"collection":[{"href":"https:\/\/pro-con.hu\/sk\/wp-json\/wp\/v2\/product"}],"about":[{"href":"https:\/\/pro-con.hu\/sk\/wp-json\/wp\/v2\/types\/product"}],"version-history":[{"count":14,"href":"https:\/\/pro-con.hu\/sk\/wp-json\/wp\/v2\/product\/2370\/revisions"}],"predecessor-version":[{"id":3360,"href":"https:\/\/pro-con.hu\/sk\/wp-json\/wp\/v2\/product\/2370\/revisions\/3360"}],"wp:featuredmedia":[{"embeddable":true,"href":"https:\/\/pro-con.hu\/sk\/wp-json\/wp\/v2\/media\/2386"}],"wp:attachment":[{"href":"https:\/\/pro-con.hu\/sk\/wp-json\/wp\/v2\/media?parent=2370"}],"wp:term":[{"taxonomy":"product_brand","embeddable":true,"href":"https:\/\/pro-con.hu\/sk\/wp-json\/wp\/v2\/product_brand?post=2370"},{"taxonomy":"product_cat","embeddable":true,"href":"https:\/\/pro-con.hu\/sk\/wp-json\/wp\/v2\/product_cat?post=2370"},{"taxonomy":"product_tag","embeddable":true,"href":"https:\/\/pro-con.hu\/sk\/wp-json\/wp\/v2\/product_tag?post=2370"}],"curies":[{"name":"wp","href":"https:\/\/api.w.org\/{rel}","templated":true}]}}

PRO-CON POOL 20'D dvojitý kontajnerový bazén

<h2><b>PRO-CON POOL 20'D dvojitý kontajnerový bazén: </b></h2>
<h4>Dvojnásobné potešenie!</h4>
<p><b>Predstavte si:</b><span style="font-weight: 400;"> V záhrade sa môžete kúpať v chladnej vode a slnko vám bude hladiť tvár. </span></p>
<p>&nbsp;</p>
<p><span style="font-weight: 400;">A </span><b>PRO-CON POOL 20'D dvojitý kontajnerový bazén</b><span style="font-weight: 400;"> je ideálnou voľbou pre tých, ktorí chcú </span><b>štýlové, odolné a pohodlné</b><span style="font-weight: 400;"> hľadajú bazén do svojej záhrady. Tento bazén </span><b>jedinečne veľká veľkosť</b><span style="font-weight: 400;">, takže je vhodný aj na plávanie a </span><b>s rôznym príslušenstvom</b><span style="font-weight: 400;"> možno rozšíriť tak, aby dokonale vyhovoval vašim potrebám.</span></p>
<p><b>Výhody dvojkontajnerového bazéna PRO-CON POOL 20'D:</b></p>
<ul>
<li style="font-weight: 400;" aria-level="1"><b>Jedinečne veľká veľkosť:</b><span style="font-weight: 400;"> Je 6 metrov dlhý, 5 metrov široký a 1,5 metra hlboký, takže je vhodný na kúpanie.</span></li>
<li style="font-weight: 400;" aria-level="1"><b>Odolné:</b><span style="font-weight: 400;"> Bazén je vyrobený z odolných materiálov, takže si ho môžete užívať dlhé roky.</span></li>
<li style="font-weight: 400;" aria-level="1"><b>Jednoduchá inštalácia:</b><span style="font-weight: 400;"> Inštalácia bazéna je rýchla a jednoduchá, nie je potrebné kopať ani betónovať.</span></li>
<li style="font-weight: 400;" aria-level="1"><b>Pohodlné:</b><span style="font-weight: 400;"> Bazén má zabudovaný filtračný systém a vyhrievanie, takže sa môžete sústrediť len na relaxáciu.</span></li>
<li style="font-weight: 400;" aria-level="1"><b>Možnosť rozšírenia:</b><span style="font-weight: 400;"> Bazén je možné rozšíriť o rôzne príslušenstvo, ako napríklad hasiaci prístroj s protiprúdom, vodný vír, LED osvetlenie atď.</span></li>
<li style="font-weight: 400;" aria-level="1"><b>Štýlové:</b><span style="font-weight: 400;"> Moderný a elegantný dizajn bazéna je ideálny pre každú záhradu.</span></li>
</ul>
<p><b>Dvojitý kontajnerový bazén PRO-CON POOL 20'D je ideálny:</b></p>
<ul>
<li style="font-weight: 400;" aria-level="1"><span style="font-weight: 400;">Pre rodiny</span></li>
<li style="font-weight: 400;" aria-level="1"><span style="font-weight: 400;">Ľudia, ktorí radi plávajú</span></li>
<li style="font-weight: 400;" aria-level="1"><span style="font-weight: 400;">Tí, ktorí hľadajú pohodlný a štýlový bazén</span></li>
<li style="font-weight: 400;" aria-level="1"><span style="font-weight: 400;">Pre tých, ktorým záleží na trvanlivosti</span></li>
<li style="font-weight: 400;" aria-level="1"><span style="font-weight: 400;">Tí, ktorí chcú bazén nainštalovať rýchlo a jednoducho</span></li>
</ul>
<p>&nbsp;</p>
<p><b>Technické údaje bazéna PROCON POOL 20'D Double container pool:</b></p>
<ul>
<li style="font-weight: 400;" aria-level="1"><b>Veľkosť:</b><span style="font-weight: 400;">  6, m x 5 m x 1,5 m</span></li>
<li style="font-weight: 400;" aria-level="1"><b>Objem vody:</b><span style="font-weight: 400;"> približne 28 000 litrov</span></li>
<li style="font-weight: 400;" aria-level="1"><b>Filtračný systém:</b><span style="font-weight: 400;"> pieskový filter</span></li>
<li style="font-weight: 400;" aria-level="1"><b>Vykurovanie:</b><span style="font-weight: 400;"> voliteľné</span></li>
<li style="font-weight: 400;" aria-level="1"><b>Svetlá:</b><span style="font-weight: 400;"> voliteľné</span></li>
</ul>
<p><b>Kontaktujte nás ešte dnes pre bezplatnú cenovú ponuku na váš kontajnerový bazén PRO-CON POOL 20'D DUPLA!</b></p>

<p><span style="font-weight: 400;">A </span><b>Kontajnerový bazén PROCON POOL 20'D DUPLA</b><span style="font-weight: 400;"> je ideálnou voľbou pre tých, ktorí chcú </span><b>štýlové, odolné a veľkostne prispôsobené</b><span style="font-weight: 400;"> hľadajú bazén do svojej záhrady. Bazén </span><span style="font-weight: 400;">vhodné aj na plávanie a </span><b>s rôznym príslušenstvom</b><span style="font-weight: 400;"> možno rozšíriť tak, aby dokonale vyhovoval vašim potrebám.</span></p>
