{"id":2072,"date":"2024-04-12T08:28:38","date_gmt":"2024-04-12T08:28:38","guid":{"rendered":"https:\/\/pro-con.hu\/?post_type=product&#038;p=2072"},"modified":"2024-09-02T14:59:48","modified_gmt":"2024-09-02T12:59:48","slug":"pro-con-camp-40-kemping-haz","status":"publish","type":"product","link":"https:\/\/pro-con.hu\/sk\/produkt\/pro-con-camp-40-kemping-haz\/","title":{"rendered":"Kempingov\u00fd dom\u010dek PRO-CON CAMP 40\u2032"},"content":{"rendered":"<h2><b>PRO-CON CAMP 40' kempingov\u00fd dom\u010dek \/ modul\u00e1rny dom\u010dek<\/b><\/h2>\n<p><b>Invest\u00edcia do cestovn\u00e9ho ruchu bud\u00facnosti!<\/b><\/p>\n<p><strong>Objavte kontajnerov\u00fd dom\u010dek PRO-CON CAMP 40', kempingov\u00fd dom\u010dek bud\u00facnosti!<\/strong><\/p>\n<p><strong>PROCON CAMP 40' je modern\u00fd modul\u00e1rny kontajnerov\u00fd dom\u010dek navrhnut\u00fd \u0161peci\u00e1lne na \u00fa\u010dely pren\u00e1jmu. Je to vynikaj\u00faca invest\u00edcia do kempingovej turistiky s r\u00fdchlou n\u00e1vratnos\u0165ou a stabiln\u00fdm pr\u00edjmom.<\/strong><\/p>\n<h3><b>Pre\u010do si vybra\u0165 kempingov\u00fd dom\u010dek PRO-CON CAMP 40'?<\/b><\/h3>\n<ul>\n<li aria-level=\"1\">R\u00fdchla n\u00e1vratnos\u0165 invest\u00edcie: kontajnerov\u00e9 domy maj\u00fa ni\u017e\u0161ie investi\u010dn\u00e9 n\u00e1klady ako be\u017en\u00e9 budovy a m\u00f4\u017eu by\u0165 postaven\u00e9 r\u00fdchlej\u0161ie. To znamen\u00e1 r\u00fdchlej\u0161iu n\u00e1vratnos\u0165 a stabilnej\u0161\u00ed pr\u00edjem.<\/li>\n<\/ul>\n<ul>\n<li aria-level=\"1\">Jednoduch\u00e1 \u00fadr\u017eba: kontajnerov\u00e9 domy vy\u017eaduj\u00fa minim\u00e1lnu \u00fadr\u017ebu, tak\u017ee na \u00fadr\u017ebu mus\u00edte vynalo\u017ei\u0165 menej \u010dasu a energie.<\/li>\n<\/ul>\n<ul>\n<li aria-level=\"1\">Trvanlivos\u0165: kontajnerov\u00e9 domy s\u00fa mimoriadne trvanliv\u00e9 a odoln\u00e9 vo\u010di poveternostn\u00fdm vplyvom.<\/li>\n<\/ul>\n<ul>\n<li aria-level=\"1\">Mobilita: kontajnerov\u00e9 domy sa \u013eahko prepravuj\u00fa a v pr\u00edpade potreby sa daj\u00fa premiestni\u0165.<\/li>\n<\/ul>\n<ul>\n<li aria-level=\"1\">\u0160etrn\u00e9 k \u017eivotn\u00e9mu prostrediu: Kontajnerov\u00e9 domy s\u00fa vyroben\u00e9 z recyklovan\u00fdch materi\u00e1lov a s\u00fa energeticky \u00fasporn\u00e9.<\/li>\n<\/ul>\n<h3><b>V\u00fdhody kempingov\u00e9ho dom\u010deka PRO-CON CAMP 40':<\/b><\/h3>\n<ul>\n<li aria-level=\"1\">Priestrann\u00fd interi\u00e9r: 40 st\u00f4p dlh\u00fd kontajnerov\u00fd dom\u010dek poskytuje pohodln\u00e9 ubytovanie pre 4-6 os\u00f4b.<\/li>\n<\/ul>\n<ul>\n<li aria-level=\"1\">Modern\u00fd dizajn: kontajnerov\u00fd dom je modern\u00fd a \u0161t\u00fdlov\u00fd, \u010do je pre host\u00ed atrakt\u00edvne.<\/li>\n<\/ul>\n<ul>\n<li aria-level=\"1\">Plne vybaven\u00fd: kontajnerov\u00fd dom m\u00e1 plne vybaven\u00fa kuchy\u0148u, k\u00fape\u013e\u0148u a ob\u00fdvaciu izbu.<\/li>\n<\/ul>\n<ul>\n<li aria-level=\"1\">Terasa: kontajnerov\u00fd dom m\u00e1 terasu, z ktorej sa hostia m\u00f4\u017eu kocha\u0165 v\u00fdh\u013eadom.<\/li>\n<\/ul>\n<h3><b>Kempingov\u00fd dom\u010dek PRO-CON CAMP 40' je ide\u00e1lny:<\/b><\/h3>\n<ul>\n<li>Pre kempy<\/li>\n<li>Pre pr\u00e1zdninov\u00e9 dediny<\/li>\n<li>Pre dovolenkov\u00e9 parky<\/li>\n<li>Pre jednotlivcov, ktor\u00ed chc\u00fa investova\u0165 do kempingovej turistiky<\/li>\n<\/ul>\n<h3><b>PRO-CON CAMP je 40' rekrea\u010dn\u00fd dom \/ kontajnerov\u00fd dom:<\/b><\/h3>\n<ul>\n<li style=\"font-weight: 400;\" aria-level=\"1\"><span style=\"font-weight: 400;\">40 m2 podlahovej plochy<\/span><\/li>\n<li style=\"font-weight: 400;\" aria-level=\"1\"><span style=\"font-weight: 400;\">2 sp\u00e1lne<\/span><\/li>\n<li style=\"font-weight: 400;\" aria-level=\"1\"><span style=\"font-weight: 400;\">Nappalival<\/span><\/li>\n<li style=\"font-weight: 400;\" aria-level=\"1\"><span style=\"font-weight: 400;\">S kuchy\u0148ou<\/span><\/li>\n<li style=\"font-weight: 400;\" aria-level=\"1\"><span style=\"font-weight: 400;\">S k\u00fape\u013e\u0148ou<\/span><\/li>\n<li style=\"font-weight: 400;\" aria-level=\"1\"><span style=\"font-weight: 400;\">S terasou<\/span><\/li>\n<\/ul>\n<h3><b>Vybavenie kontajnerov\u00e9ho priestoru:<\/b><\/h3>\n<ul>\n<li style=\"font-weight: 400;\" aria-level=\"1\"><span style=\"font-weight: 400;\">N\u00e1bytok<\/span><\/li>\n<li style=\"font-weight: 400;\" aria-level=\"1\"><span style=\"font-weight: 400;\">Mechanizovan\u00e1 kuchy\u0148a<\/span><\/li>\n<li style=\"font-weight: 400;\" aria-level=\"1\"><span style=\"font-weight: 400;\">Chladni\u010dka<\/span><\/li>\n<li style=\"font-weight: 400;\" aria-level=\"1\"><span style=\"font-weight: 400;\">Mikrovlnn\u00e1 r\u00fara<\/span><\/li>\n<li style=\"font-weight: 400;\" aria-level=\"1\"><span style=\"font-weight: 400;\">Varn\u00e1 doska<\/span><\/li>\n<li style=\"font-weight: 400;\" aria-level=\"1\"><span style=\"font-weight: 400;\">Podnebie<\/span><\/li>\n<li style=\"font-weight: 400;\" aria-level=\"1\"><span style=\"font-weight: 400;\">at\u010f.<\/span><\/li>\n<\/ul>\n<h4><strong>Rozmery<\/strong><\/h4>\n<ul>\n<li>Vonkaj\u0161ia \u0161\u00edrka: 3,00 m<\/li>\n<li>Vonkaj\u0161ia d\u013a\u017eka: 12,00 m<\/li>\n<li>Vonkaj\u0161ia v\u00fd\u0161ka: 2,80 - 2,90 m<\/li>\n<\/ul>\n<h4><strong>\u0160truktur\u00e1lne parametre<\/strong><\/h4>\n<ul>\n<li><strong>\u0160trukt\u00fara r\u00e1mu<\/strong>:\n<ul>\n<li>zv\u00e1ran\u00e9 st\u013apy z uhl\u00edkovej ocele 50 x 50 x 3 mm;<\/li>\n<li>nosn\u00edky 80 x 60 x 3 mm<\/li>\n<li>Polyuret\u00e1nov\u00fd n\u00e1ter, farba ral7016<\/li>\n<\/ul>\n<\/li>\n<li><strong>Strecha<\/strong>:\n<ul>\n<li>Sklon: - 3 %<\/li>\n<li>Materi\u00e1l: 100 mm PP sendvi\u010dov\u00fd panel<\/li>\n<li>Izola\u010dn\u00e1 hodnota: (Uc) 0,39 W (m2 * K)<\/li>\n<li>Farba: RAL 9006\/9010<\/li>\n<\/ul>\n<\/li>\n<li><strong>Podlaha<\/strong>:\n<ul>\n<li>Sendvi\u010dov\u00fd panel 100 mm PP na zv\u00e1ranom z\u00e1kladnom r\u00e1me<\/li>\n<li>MFP panel 18 mm, krytina linoleum<\/li>\n<\/ul>\n<\/li>\n<li><strong>Steny<\/strong>:\n<ul>\n<li>Sendvi\u010dov\u00fd panel 100 mm \/ 50 mm PP<br \/>\nIzola\u010dn\u00e1 hodnota (Uc) 0,39 W \/ (m2 * K) - Farba RAL 7016\/9010<\/li>\n<\/ul>\n<\/li>\n<li><strong>Windows<\/strong>:\n<ul>\n<li>PVC okno BNY 1 800 x 600 mm (RAL 7016\/9010) - 2 ks<\/li>\n<li>PVC okno NY 600 x 600 mm (RAL 7016\/9010) - 1 ks<\/li>\n<li>Okno PVC pevn\u00e9 + posuvn\u00e9 2 000 x 2 100 mm (RAL 7016\/9010) - 2 ks<\/li>\n<li>Okno PVC Buk\u00f3 600 x 2 100 mm (RAL 7016\/9010) - 2 ks<\/li>\n<\/ul>\n<\/li>\n<li><strong>Dvere<\/strong>:\n<ul>\n<li>Vonkaj\u0161ie bezpe\u010dnostn\u00e9 dvere 900 x 2 100 mm (RAL 7016) - 1 ks<\/li>\n<\/ul>\n<\/li>\n<li><strong>Vn\u00fatorn\u00fd priestor<\/strong>:\n<ul>\n<li>Vn\u00fatorn\u00e9 steny: sendvi\u010dov\u00fd panel 50 mm PP + dekorat\u00edvny stenov\u00fd panel VOX MOTIVO BASIC alebo dreven\u00fd obklad<\/li>\n<li>Vn\u00fatorn\u00e9 dvere: 700 x 2 050 mm (RAL 9010) - 1 kus<\/li>\n<\/ul>\n<\/li>\n<li><strong>Vodn\u00e9 in\u017einierstvo<\/strong>:\n<ul>\n<li>WC SAPHO Paco Rimless combi - 1 kus<\/li>\n<li>Sprchov\u00fd k\u00fat - 1 dvojl\u00f4\u017ekov\u00fd RAVAK v ekvivalent - 1<\/li>\n<li>Kotol - 1 ks - Ariston Velis EVO 100 v ekvivalent - 1 ks<\/li>\n<li>K\u00fape\u013e\u0148ov\u00e1 skrinka IKEA HEMNES \/ T\u00d6RNVIKEN - 1 kus<\/li>\n<li>Kuchy\u0148a - pr\u00edprava vody a odpadovej vody<\/li>\n<\/ul>\n<\/li>\n<\/ul>\n<p><b>Viac inform\u00e1ci\u00ed:<\/b><\/p>\n<ul>\n<li style=\"font-weight: 400;\" aria-level=\"1\"><span style=\"font-weight: 400;\">Webov\u00e1 lokalita: <a href=\"https:\/\/www.almaskemp.hu\/\" target=\"_blank\" rel=\"noopener\">almasglamp.hu<\/a><\/span><\/li>\n<\/ul>\n<p><iframe title=\"\u00dakryt v lese - AlmasGlamp Zebeg\u00e9ny\" width=\"800\" height=\"450\" src=\"https:\/\/www.youtube.com\/embed\/r3BfrKc4ISY?feature=oembed&#038;enablejsapi=1&#038;origin=https:\/\/pro-con.hu\" frameborder=\"0\" allow=\"accelerometer; autoplay; clipboard-write; encrypted-media; gyroscope; picture-in-picture; web-share\" referrerpolicy=\"strict-origin-when-cross-origin\" allowfullscreen><\/iframe><\/p>\n<p><b>Kontaktujte n\u00e1s e\u0161te dnes pre bezplatn\u00fa cenov\u00fa ponuku na rekrea\u010dn\u00fd dom\u010dek \/ kontajnerov\u00fd dom\u010dek PROCON CAMP 40'!<\/b><\/p>\n<p>Zobrazi\u0165 v inej ve\u013ekosti: <a href=\"https:\/\/pro-con.hu\/sk\/produkt\/pro-con-camp-20-kempinghaz\/\">20' kempingov\u00fd dom\u010dek<\/a><\/p>","protected":false},"excerpt":{"rendered":"<p>\u010ci u\u017e ste rodina, alebo mal\u00e1 skupina priate\u013eov, dokonale navrhnut\u00fd dom s r\u00fdchlym vybaven\u00edm, ako je tento, pon\u00faka dostatok priestoru. Je ide\u00e1lny pre 4-5 os\u00f4b.<\/p>","protected":false},"featured_media":2074,"template":"","meta":{"_acf_changed":false},"product_brand":[],"product_cat":[28],"product_tag":[],"class_list":{"0":"post-2072","1":"product","2":"type-product","3":"status-publish","4":"has-post-thumbnail","6":"product_cat-kontener-epitmenyek","8":"first","9":"instock","10":"shipping-taxable","11":"product-type-simple"},"acf":[],"_links":{"self":[{"href":"https:\/\/pro-con.hu\/sk\/wp-json\/wp\/v2\/product\/2072","targetHints":{"allow":["GET"]}}],"collection":[{"href":"https:\/\/pro-con.hu\/sk\/wp-json\/wp\/v2\/product"}],"about":[{"href":"https:\/\/pro-con.hu\/sk\/wp-json\/wp\/v2\/types\/product"}],"version-history":[{"count":18,"href":"https:\/\/pro-con.hu\/sk\/wp-json\/wp\/v2\/product\/2072\/revisions"}],"predecessor-version":[{"id":3288,"href":"https:\/\/pro-con.hu\/sk\/wp-json\/wp\/v2\/product\/2072\/revisions\/3288"}],"wp:featuredmedia":[{"embeddable":true,"href":"https:\/\/pro-con.hu\/sk\/wp-json\/wp\/v2\/media\/2074"}],"wp:attachment":[{"href":"https:\/\/pro-con.hu\/sk\/wp-json\/wp\/v2\/media?parent=2072"}],"wp:term":[{"taxonomy":"product_brand","embeddable":true,"href":"https:\/\/pro-con.hu\/sk\/wp-json\/wp\/v2\/product_brand?post=2072"},{"taxonomy":"product_cat","embeddable":true,"href":"https:\/\/pro-con.hu\/sk\/wp-json\/wp\/v2\/product_cat?post=2072"},{"taxonomy":"product_tag","embeddable":true,"href":"https:\/\/pro-con.hu\/sk\/wp-json\/wp\/v2\/product_tag?post=2072"}],"curies":[{"name":"wp","href":"https:\/\/api.w.org\/{rel}","templated":true}]}}

Kempingový domček PRO-CON CAMP 40′

<h2><b>PRO-CON CAMP 40' kempingový domček / modulárny domček</b></h2>
<p><b>Investícia do cestovného ruchu budúcnosti!</b></p>
<p><strong>Objavte kontajnerový domček PRO-CON CAMP 40', kempingový domček budúcnosti!</strong></p>
<p><strong>PROCON CAMP 40' je moderný modulárny kontajnerový domček navrhnutý špeciálne na účely prenájmu. Je to vynikajúca investícia do kempingovej turistiky s rýchlou návratnosťou a stabilným príjmom.</strong></p>
<h3><b>Prečo si vybrať kempingový domček PRO-CON CAMP 40'?</b></h3>
<ul>
<li aria-level="1">Rýchla návratnosť investície: kontajnerové domy majú nižšie investičné náklady ako bežné budovy a môžu byť postavené rýchlejšie. To znamená rýchlejšiu návratnosť a stabilnejší príjem.</li>
</ul>
<ul>
<li aria-level="1">Jednoduchá údržba: kontajnerové domy vyžadujú minimálnu údržbu, takže na údržbu musíte vynaložiť menej času a energie.</li>
</ul>
<ul>
<li aria-level="1">Trvanlivosť: kontajnerové domy sú mimoriadne trvanlivé a odolné voči poveternostným vplyvom.</li>
</ul>
<ul>
<li aria-level="1">Mobilita: kontajnerové domy sa ľahko prepravujú a v prípade potreby sa dajú premiestniť.</li>
</ul>
<ul>
<li aria-level="1">Šetrné k životnému prostrediu: Kontajnerové domy sú vyrobené z recyklovaných materiálov a sú energeticky úsporné.</li>
</ul>
<h3><b>Výhody kempingového domčeka PRO-CON CAMP 40':</b></h3>
<ul>
<li aria-level="1">Priestranný interiér: 40 stôp dlhý kontajnerový domček poskytuje pohodlné ubytovanie pre 4-6 osôb.</li>
</ul>
<ul>
<li aria-level="1">Moderný dizajn: kontajnerový dom je moderný a štýlový, čo je pre hostí atraktívne.</li>
</ul>
<ul>
<li aria-level="1">Plne vybavený: kontajnerový dom má plne vybavenú kuchyňu, kúpeľňu a obývaciu izbu.</li>
</ul>
<ul>
<li aria-level="1">Terasa: kontajnerový dom má terasu, z ktorej sa hostia môžu kochať výhľadom.</li>
</ul>
<h3><b>Kempingový domček PRO-CON CAMP 40' je ideálny:</b></h3>
<ul>
<li>Pre kempy</li>
<li>Pre prázdninové dediny</li>
<li>Pre dovolenkové parky</li>
<li>Pre jednotlivcov, ktorí chcú investovať do kempingovej turistiky</li>
</ul>
<h3><b>PRO-CON CAMP je 40' rekreačný dom / kontajnerový dom:</b></h3>
<ul>
<li style="font-weight: 400;" aria-level="1"><span style="font-weight: 400;">40 m2 podlahovej plochy</span></li>
<li style="font-weight: 400;" aria-level="1"><span style="font-weight: 400;">2 spálne</span></li>
<li style="font-weight: 400;" aria-level="1"><span style="font-weight: 400;">Nappalival</span></li>
<li style="font-weight: 400;" aria-level="1"><span style="font-weight: 400;">S kuchyňou</span></li>
<li style="font-weight: 400;" aria-level="1"><span style="font-weight: 400;">S kúpeľňou</span></li>
<li style="font-weight: 400;" aria-level="1"><span style="font-weight: 400;">S terasou</span></li>
</ul>
<h3><b>Vybavenie kontajnerového priestoru:</b></h3>
<ul>
<li style="font-weight: 400;" aria-level="1"><span style="font-weight: 400;">Nábytok</span></li>
<li style="font-weight: 400;" aria-level="1"><span style="font-weight: 400;">Mechanizovaná kuchyňa</span></li>
<li style="font-weight: 400;" aria-level="1"><span style="font-weight: 400;">Chladnička</span></li>
<li style="font-weight: 400;" aria-level="1"><span style="font-weight: 400;">Mikrovlnná rúra</span></li>
<li style="font-weight: 400;" aria-level="1"><span style="font-weight: 400;">Varná doska</span></li>
<li style="font-weight: 400;" aria-level="1"><span style="font-weight: 400;">Podnebie</span></li>
<li style="font-weight: 400;" aria-level="1"><span style="font-weight: 400;">atď.</span></li>
</ul>
<h4><strong>Rozmery</strong></h4>
<ul>
<li>Vonkajšia šírka: 3,00 m</li>
<li>Vonkajšia dĺžka: 12,00 m</li>
<li>Vonkajšia výška: 2,80 - 2,90 m</li>
</ul>
<h4><strong>Štrukturálne parametre</strong></h4>
<ul>
<li><strong>Štruktúra rámu</strong>:
<ul>
<li>zvárané stĺpy z uhlíkovej ocele 50 x 50 x 3 mm;</li>
<li>nosníky 80 x 60 x 3 mm</li>
<li>Polyuretánový náter, farba ral7016</li>
</ul>
</li>
<li><strong>Strecha</strong>:
<ul>
<li>Sklon: - 3 %</li>
<li>Materiál: 100 mm PP sendvičový panel</li>
<li>Izolačná hodnota: (Uc) 0,39 W (m2 * K)</li>
<li>Farba: RAL 9006/9010</li>
</ul>
</li>
<li><strong>Podlaha</strong>:
<ul>
<li>Sendvičový panel 100 mm PP na zváranom základnom ráme</li>
<li>MFP panel 18 mm, krytina linoleum</li>
</ul>
</li>
<li><strong>Steny</strong>:
<ul>
<li>Sendvičový panel 100 mm / 50 mm PP<br />
Izolačná hodnota (Uc) 0,39 W / (m2 * K) - Farba RAL 7016/9010</li>
</ul>
</li>
<li><strong>Windows</strong>:
<ul>
<li>PVC okno BNY 1 800 x 600 mm (RAL 7016/9010) - 2 ks</li>
<li>PVC okno NY 600 x 600 mm (RAL 7016/9010) - 1 ks</li>
<li>Okno PVC pevné + posuvné 2 000 x 2 100 mm (RAL 7016/9010) - 2 ks</li>
<li>Okno PVC Bukó 600 x 2 100 mm (RAL 7016/9010) - 2 ks</li>
</ul>
</li>
<li><strong>Dvere</strong>:
<ul>
<li>Vonkajšie bezpečnostné dvere 900 x 2 100 mm (RAL 7016) - 1 ks</li>
</ul>
</li>
<li><strong>Vnútorný priestor</strong>:
<ul>
<li>Vnútorné steny: sendvičový panel 50 mm PP + dekoratívny stenový panel VOX MOTIVO BASIC alebo drevený obklad</li>
<li>Vnútorné dvere: 700 x 2 050 mm (RAL 9010) - 1 kus</li>
</ul>
</li>
<li><strong>Vodné inžinierstvo</strong>:
<ul>
<li>WC SAPHO Paco Rimless combi - 1 kus</li>
<li>Sprchový kút - 1 dvojlôžkový RAVAK v ekvivalent - 1</li>
<li>Kotol - 1 ks - Ariston Velis EVO 100 v ekvivalent - 1 ks</li>
<li>Kúpeľňová skrinka IKEA HEMNES / TÖRNVIKEN - 1 kus</li>
<li>Kuchyňa - príprava vody a odpadovej vody</li>
</ul>
</li>
</ul>
<p><b>Viac informácií:</b></p>
<ul>
<li style="font-weight: 400;" aria-level="1"><span style="font-weight: 400;">Webová lokalita: <a href="https://www.almaskemp.hu/" target="_blank" rel="noopener">almasglamp.hu</a></span></li>
</ul>
<p><iframe title="Úkryt v lese - AlmasGlamp Zebegény" width="800" height="450" src="https://www.youtube.com/embed/r3BfrKc4ISY?feature=oembed&#038;enablejsapi=1&#038;origin=https://pro-con.hu" frameborder="0" allow="accelerometer; autoplay; clipboard-write; encrypted-media; gyroscope; picture-in-picture; web-share" referrerpolicy="strict-origin-when-cross-origin" allowfullscreen></iframe></p>
<p><b>Kontaktujte nás ešte dnes pre bezplatnú cenovú ponuku na rekreačný domček / kontajnerový domček PROCON CAMP 40'!</b></p>
<p>Zobraziť v inej veľkosti: <a href="https://pro-con.hu/sk/produkt/pro-con-camp-20-kempinghaz/">20' kempingový domček</a></p>

<p>Či už ste rodina, alebo malá skupina priateľov, dokonale navrhnutý dom s rýchlym vybavením, ako je tento, ponúka dostatok priestoru. Je ideálny pre 4-5 osôb.</p>
