{"id":2370,"date":"2024-04-19T09:41:59","date_gmt":"2024-04-19T09:41:59","guid":{"rendered":"https:\/\/pro-con.hu\/?post_type=product&#038;p=2370"},"modified":"2025-01-23T10:16:18","modified_gmt":"2025-01-23T08:16:18","slug":"pro-con-pool-20d-dupla-kontener-medence","status":"publish","type":"product","link":"https:\/\/pro-con.hu\/hr\/proizvod\/pro-con-pool-20d-dupla-kontener-medence\/","title":{"rendered":"PRO-CON POOL 20&#8217;D dupla kont\u00e9ner medence"},"content":{"rendered":"<h2><b>PRO-CON POOL 20\u2019D dupla kont\u00e9nermedence: <\/b><\/h2>\n<h4>Dupla \u00e9lvezet!<\/h4>\n<p><b>K\u00e9pzelje el:<\/b><span style=\"font-weight: 400;\"> A kertj\u00e9ben \u00faszk\u00e1lhat a h\u0171s v\u00edzben, mik\u00f6zben a napsugarak simogatj\u00e1k az arc\u00e1t. <\/span><\/p>\n<p>&nbsp;<\/p>\n<p><span style=\"font-weight: 400;\">A <\/span><b>PRO-CON POOL 20\u2019D dupla kont\u00e9ner medence<\/b><span style=\"font-weight: 400;\"> a t\u00f6k\u00e9letes v\u00e1laszt\u00e1s azoknak, akik egy <\/span><b>st\u00edlusos, strapab\u00edr\u00f3 \u00e9s k\u00e9nyelmes<\/b><span style=\"font-weight: 400;\"> medenc\u00e9t keresnek a kertj\u00fckbe. Ez a medence <\/span><b>egyed\u00fcl\u00e1ll\u00f3an nagy m\u00e9ret\u0171<\/b><span style=\"font-weight: 400;\">, \u00edgy ak\u00e1r \u00fasz\u00e1sra is alkalmas, emellett <\/span><b>k\u00fcl\u00f6nb\u00f6z\u0151 kieg\u00e9sz\u00edt\u0151kkel<\/b><span style=\"font-weight: 400;\"> b\u0151v\u00edthet\u0151, hogy t\u00f6k\u00e9letesen illeszkedjen az \u00d6n ig\u00e9nyeihez.<\/span><\/p>\n<p><b>A PRO-CON POOL 20\u2019D dupla kont\u00e9ner medence el\u0151nyei:<\/b><\/p>\n<ul>\n<li style=\"font-weight: 400;\" aria-level=\"1\"><b>Egyed\u00fcl\u00e1ll\u00f3an nagy m\u00e9ret:<\/b><span style=\"font-weight: 400;\"> 6 m\u00e9ter hossz\u00fa, 5 m\u00e9ter sz\u00e9les \u00e9s 1,5 m\u00e9ter m\u00e9ly, \u00edgy ak\u00e1r \u00fasz\u00e1sra is alkalmas.<\/span><\/li>\n<li style=\"font-weight: 400;\" aria-level=\"1\"><b>Strapab\u00edr\u00f3:<\/b><span style=\"font-weight: 400;\"> A medence tart\u00f3s anyagokb\u00f3l k\u00e9sz\u00fcl, \u00edgy hossz\u00fa \u00e9vekig \u00e9lvezheti.<\/span><\/li>\n<li style=\"font-weight: 400;\" aria-level=\"1\"><b>K\u00f6nnyen telep\u00edthet\u0151:<\/b><span style=\"font-weight: 400;\"> A medence telep\u00edt\u00e9se gyors \u00e9s egyszer\u0171, nem ig\u00e9nyel \u00e1s\u00e1st vagy betonoz\u00e1st.<\/span><\/li>\n<li style=\"font-weight: 400;\" aria-level=\"1\"><b>K\u00e9nyelmes:<\/b><span style=\"font-weight: 400;\"> A medence be\u00e9p\u00edtett sz\u0171r\u0151rendszerrel \u00e9s f\u0171t\u00e9ssel rendelkezik, \u00edgy \u00d6nnek csak a pihen\u00e9sre kell \u00f6sszpontos\u00edtania.<\/span><\/li>\n<li style=\"font-weight: 400;\" aria-level=\"1\"><b>B\u0151v\u00edthet\u0151:<\/b><span style=\"font-weight: 400;\"> A medence k\u00fcl\u00f6nb\u00f6z\u0151 kieg\u00e9sz\u00edt\u0151kkel b\u0151v\u00edthet\u0151, mint p\u00e9ld\u00e1ul ellen\u00e1ramoltat\u00f3, v\u00edzforgat\u00f3, LED vil\u00e1g\u00edt\u00e1s, stb.<\/span><\/li>\n<li style=\"font-weight: 400;\" aria-level=\"1\"><b>St\u00edlusos:<\/b><span style=\"font-weight: 400;\"> A medence modern \u00e9s eleg\u00e1ns designja t\u00f6k\u00e9letesen illeszkedik b\u00e1rmilyen kertbe.<\/span><\/li>\n<\/ul>\n<p><b>A PRO-CON POOL 20\u2019D dupla kont\u00e9ner medence ide\u00e1lis:<\/b><\/p>\n<ul>\n<li style=\"font-weight: 400;\" aria-level=\"1\"><span style=\"font-weight: 400;\">Csal\u00e1dok sz\u00e1m\u00e1ra<\/span><\/li>\n<li style=\"font-weight: 400;\" aria-level=\"1\"><span style=\"font-weight: 400;\">Akik szeretnek \u00faszni<\/span><\/li>\n<li style=\"font-weight: 400;\" aria-level=\"1\"><span style=\"font-weight: 400;\">Akik egy k\u00e9nyelmes \u00e9s st\u00edlusos medenc\u00e9t keresnek<\/span><\/li>\n<li style=\"font-weight: 400;\" aria-level=\"1\"><span style=\"font-weight: 400;\">Akiknek fontos a strapab\u00edr\u00f3s\u00e1g<\/span><\/li>\n<li style=\"font-weight: 400;\" aria-level=\"1\"><span style=\"font-weight: 400;\">Akik gyorsan \u00e9s egyszer\u0171en szeretn\u00e9nek medenc\u00e9t telep\u00edteni<\/span><\/li>\n<\/ul>\n<p>&nbsp;<\/p>\n<p><b>A PROCON POOL 20\u2019D Dupla kont\u00e9nermedence m\u0171szaki adatai:<\/b><\/p>\n<ul>\n<li style=\"font-weight: 400;\" aria-level=\"1\"><b>M\u00e9ret:<\/b><span style=\"font-weight: 400;\">\u00a0 6, m x 5 m x 1,5 m<\/span><\/li>\n<li style=\"font-weight: 400;\" aria-level=\"1\"><b>V\u00edzt\u00e9rfogat:<\/b><span style=\"font-weight: 400;\"> kb. 28 000 liter<\/span><\/li>\n<li style=\"font-weight: 400;\" aria-level=\"1\"><b>Sz\u0171r\u0151rendszer:<\/b><span style=\"font-weight: 400;\"> homoksz\u0171r\u0151<\/span><\/li>\n<li style=\"font-weight: 400;\" aria-level=\"1\"><b>F\u0171t\u00e9s:<\/b><span style=\"font-weight: 400;\"> opcion\u00e1lis<\/span><\/li>\n<li style=\"font-weight: 400;\" aria-level=\"1\"><b>F\u00e9nyek:<\/b><span style=\"font-weight: 400;\"> opcion\u00e1lis<\/span><\/li>\n<\/ul>\n<p><b>A rendelhet\u0151 kieg\u00e9sz\u00edt\u0151kkel kapcsolatban vegye fel vel\u00fcnk a kapcsolatot m\u00e9g ma \u00e9s k\u00e9rjen ingyenes \u00e1raj\u00e1nlatot a PRO-CON POOL 20\u2019D DUPLA kont\u00e9nermedenc\u00e9re!<\/b><\/p>","protected":false},"excerpt":{"rendered":"<p><span style=\"font-weight: 400;\">A <\/span><b>PROCON POOL 20\u2019D DUPLA kont\u00e9nermedence<\/b><span style=\"font-weight: 400;\"> a t\u00f6k\u00e9letes v\u00e1laszt\u00e1s azoknak, akik egy <\/span><b>st\u00edlusos, strapab\u00edr\u00f3 \u00e9s m\u00e9retes<\/b><span style=\"font-weight: 400;\"> medenc\u00e9t keresnek a kertj\u00fckbe. A medence <\/span><span style=\"font-weight: 400;\">ak\u00e1r \u00fasz\u00e1sra is alkalmas, emellett <\/span><b>k\u00fcl\u00f6nb\u00f6z\u0151 kieg\u00e9sz\u00edt\u0151kkel<\/b><span style=\"font-weight: 400;\"> b\u0151v\u00edthet\u0151, hogy t\u00f6k\u00e9letesen illeszkedjen az \u00d6n ig\u00e9nyeihez.<\/span><\/p>","protected":false},"featured_media":2386,"template":"","meta":{"_acf_changed":false},"product_brand":[],"product_cat":[28,33],"product_tag":[],"class_list":{"0":"post-2370","1":"product","2":"type-product","3":"status-publish","4":"has-post-thumbnail","6":"product_cat-kontener-epitmenyek","7":"product_cat-kontener-medence","9":"first","10":"instock","11":"shipping-taxable","12":"product-type-simple"},"acf":[],"_links":{"self":[{"href":"https:\/\/pro-con.hu\/hr\/wp-json\/wp\/v2\/product\/2370","targetHints":{"allow":["GET"]}}],"collection":[{"href":"https:\/\/pro-con.hu\/hr\/wp-json\/wp\/v2\/product"}],"about":[{"href":"https:\/\/pro-con.hu\/hr\/wp-json\/wp\/v2\/types\/product"}],"version-history":[{"count":14,"href":"https:\/\/pro-con.hu\/hr\/wp-json\/wp\/v2\/product\/2370\/revisions"}],"predecessor-version":[{"id":3360,"href":"https:\/\/pro-con.hu\/hr\/wp-json\/wp\/v2\/product\/2370\/revisions\/3360"}],"wp:featuredmedia":[{"embeddable":true,"href":"https:\/\/pro-con.hu\/hr\/wp-json\/wp\/v2\/media\/2386"}],"wp:attachment":[{"href":"https:\/\/pro-con.hu\/hr\/wp-json\/wp\/v2\/media?parent=2370"}],"wp:term":[{"taxonomy":"product_brand","embeddable":true,"href":"https:\/\/pro-con.hu\/hr\/wp-json\/wp\/v2\/product_brand?post=2370"},{"taxonomy":"product_cat","embeddable":true,"href":"https:\/\/pro-con.hu\/hr\/wp-json\/wp\/v2\/product_cat?post=2370"},{"taxonomy":"product_tag","embeddable":true,"href":"https:\/\/pro-con.hu\/hr\/wp-json\/wp\/v2\/product_tag?post=2370"}],"curies":[{"name":"wp","href":"https:\/\/api.w.org\/{rel}","templated":true}]}}

PRO-CON POOL 20&#8217;D dupla konténer medence

<h2><b>PRO-CON POOL 20’D dupla konténermedence: </b></h2>
<h4>Dupla élvezet!</h4>
<p><b>Képzelje el:</b><span style="font-weight: 400;"> A kertjében úszkálhat a hűs vízben, miközben a napsugarak simogatják az arcát. </span></p>
<p>&nbsp;</p>
<p><span style="font-weight: 400;">A </span><b>PRO-CON POOL 20’D dupla konténer medence</b><span style="font-weight: 400;"> a tökéletes választás azoknak, akik egy </span><b>stílusos, strapabíró és kényelmes</b><span style="font-weight: 400;"> medencét keresnek a kertjükbe. Ez a medence </span><b>egyedülállóan nagy méretű</b><span style="font-weight: 400;">, így akár úszásra is alkalmas, emellett </span><b>különböző kiegészítőkkel</b><span style="font-weight: 400;"> bővíthető, hogy tökéletesen illeszkedjen az Ön igényeihez.</span></p>
<p><b>A PRO-CON POOL 20’D dupla konténer medence előnyei:</b></p>
<ul>
<li style="font-weight: 400;" aria-level="1"><b>Egyedülállóan nagy méret:</b><span style="font-weight: 400;"> 6 méter hosszú, 5 méter széles és 1,5 méter mély, így akár úszásra is alkalmas.</span></li>
<li style="font-weight: 400;" aria-level="1"><b>Strapabíró:</b><span style="font-weight: 400;"> A medence tartós anyagokból készül, így hosszú évekig élvezheti.</span></li>
<li style="font-weight: 400;" aria-level="1"><b>Könnyen telepíthető:</b><span style="font-weight: 400;"> A medence telepítése gyors és egyszerű, nem igényel ásást vagy betonozást.</span></li>
<li style="font-weight: 400;" aria-level="1"><b>Kényelmes:</b><span style="font-weight: 400;"> A medence beépített szűrőrendszerrel és fűtéssel rendelkezik, így Önnek csak a pihenésre kell összpontosítania.</span></li>
<li style="font-weight: 400;" aria-level="1"><b>Bővíthető:</b><span style="font-weight: 400;"> A medence különböző kiegészítőkkel bővíthető, mint például ellenáramoltató, vízforgató, LED világítás, stb.</span></li>
<li style="font-weight: 400;" aria-level="1"><b>Stílusos:</b><span style="font-weight: 400;"> A medence modern és elegáns designja tökéletesen illeszkedik bármilyen kertbe.</span></li>
</ul>
<p><b>A PRO-CON POOL 20’D dupla konténer medence ideális:</b></p>
<ul>
<li style="font-weight: 400;" aria-level="1"><span style="font-weight: 400;">Családok számára</span></li>
<li style="font-weight: 400;" aria-level="1"><span style="font-weight: 400;">Akik szeretnek úszni</span></li>
<li style="font-weight: 400;" aria-level="1"><span style="font-weight: 400;">Akik egy kényelmes és stílusos medencét keresnek</span></li>
<li style="font-weight: 400;" aria-level="1"><span style="font-weight: 400;">Akiknek fontos a strapabíróság</span></li>
<li style="font-weight: 400;" aria-level="1"><span style="font-weight: 400;">Akik gyorsan és egyszerűen szeretnének medencét telepíteni</span></li>
</ul>
<p>&nbsp;</p>
<p><b>A PROCON POOL 20’D Dupla konténermedence műszaki adatai:</b></p>
<ul>
<li style="font-weight: 400;" aria-level="1"><b>Méret:</b><span style="font-weight: 400;">  6, m x 5 m x 1,5 m</span></li>
<li style="font-weight: 400;" aria-level="1"><b>Víztérfogat:</b><span style="font-weight: 400;"> kb. 28 000 liter</span></li>
<li style="font-weight: 400;" aria-level="1"><b>Szűrőrendszer:</b><span style="font-weight: 400;"> homokszűrő</span></li>
<li style="font-weight: 400;" aria-level="1"><b>Fűtés:</b><span style="font-weight: 400;"> opcionális</span></li>
<li style="font-weight: 400;" aria-level="1"><b>Fények:</b><span style="font-weight: 400;"> opcionális</span></li>
</ul>
<p><b>A rendelhető kiegészítőkkel kapcsolatban vegye fel velünk a kapcsolatot még ma és kérjen ingyenes árajánlatot a PRO-CON POOL 20’D DUPLA konténermedencére!</b></p>

<p><span style="font-weight: 400;">A </span><b>PROCON POOL 20’D DUPLA konténermedence</b><span style="font-weight: 400;"> a tökéletes választás azoknak, akik egy </span><b>stílusos, strapabíró és méretes</b><span style="font-weight: 400;"> medencét keresnek a kertjükbe. A medence </span><span style="font-weight: 400;">akár úszásra is alkalmas, emellett </span><b>különböző kiegészítőkkel</b><span style="font-weight: 400;"> bővíthető, hogy tökéletesen illeszkedjen az Ön igényeihez.</span></p>
