{"id":886,"date":"2024-03-22T08:04:19","date_gmt":"2024-03-22T08:04:19","guid":{"rendered":"https:\/\/pro-con.hu\/?post_type=product&#038;p=886"},"modified":"2024-09-02T15:08:23","modified_gmt":"2024-09-02T13:08:23","slug":"pro-con-camp-20-kempinghaz","status":"publish","type":"product","link":"https:\/\/pro-con.hu\/es\/producto\/pro-con-camp-20-kempinghaz\/","title":{"rendered":"Casa de acampada PRO-CON CAMP 20\u2032"},"content":{"rendered":"<h2>PRO-CON CAMP 20\u2032 casa de camping \/ casa peque\u00f1a<\/h2>\n<p><b>Descubre la casa modular PRO-CON CAMP 20' Tiny House:<\/b><span style=\"font-weight: 400;\"> \u00a1la inversi\u00f3n perfecta en el creciente segmento del mercado de los campings! Esta casa de vacaciones compacta, elegante y confortable es la elecci\u00f3n ideal para los hu\u00e9spedes que buscan relajarse y pasar su tiempo de ocio cerca de la naturaleza.<\/span><\/p>\n<p><b>\u00bfPor qu\u00e9 elegir PRO-CON CAMP 20' Tiny House?<\/b><\/p>\n<ul>\n<li style=\"font-weight: 400;\" aria-level=\"1\"><b>Una excelente inversi\u00f3n:<\/b><span style=\"font-weight: 400;\"> El mercado de las casas de acampada est\u00e1 evolucionando r\u00e1pidamente y la casa de vacaciones PROCON CAMP 20' Tiny House Getaway es una opci\u00f3n ideal para los inversores que buscan sacar provecho de la creciente demanda.<\/span><\/li>\n<li style=\"font-weight: 400;\" aria-level=\"1\"><b>F\u00e1cil de manejar:<\/b><span style=\"font-weight: 400;\"> La casa de vacaciones requiere un mantenimiento m\u00ednimo, por lo que no tendr\u00e1 que preocuparse de una supervisi\u00f3n constante.<\/span><\/li>\n<li style=\"font-weight: 400;\" aria-level=\"1\"><b>Ahorra espacio:<\/b><span style=\"font-weight: 400;\"> Gracias a su tama\u00f1o compacto, la casa de vacaciones ocupa poco espacio, por lo que es ideal para campings peque\u00f1os.<\/span><\/li>\n<li style=\"font-weight: 400;\" aria-level=\"1\"><b>C\u00f3modo y con estilo:<\/b><span style=\"font-weight: 400;\"> La casa de vacaciones tiene un interior y un exterior modernos y ofrece todas las comodidades necesarias para los hu\u00e9spedes.<\/span><\/li>\n<li style=\"font-weight: 400;\" aria-level=\"1\"><b>Respetuoso con el medio ambiente:<\/b><span style=\"font-weight: 400;\"> La casa de vacaciones est\u00e1 fabricada con materiales sostenibles y energ\u00e9ticamente eficientes, por lo que su impacto en el medio ambiente es m\u00ednimo.<\/span><\/li>\n<\/ul>\n<p><b>Caracter\u00edsticas de la PRO-CON CAMP 20' Tiny House:<\/b><\/p>\n<ul>\n<li style=\"font-weight: 400;\" aria-level=\"1\"><span style=\"font-weight: 400;\">6 metros de largo<\/span><\/li>\n<li style=\"font-weight: 400;\" aria-level=\"1\"><span style=\"font-weight: 400;\">1 habitaci\u00f3n<\/span><\/li>\n<li style=\"font-weight: 400;\" aria-level=\"1\"><span style=\"font-weight: 400;\">1 cuarto de ba\u00f1o<\/span><\/li>\n<li style=\"font-weight: 400;\" aria-level=\"1\"><span style=\"font-weight: 400;\">Cocina totalmente equipada<\/span><\/li>\n<li style=\"font-weight: 400;\" aria-level=\"1\"><span style=\"font-weight: 400;\">Nappali<\/span><\/li>\n<li style=\"font-weight: 400;\" aria-level=\"1\"><span style=\"font-weight: 400;\">Terraza<\/span><\/li>\n<li style=\"font-weight: 400;\" aria-level=\"1\"><span style=\"font-weight: 400;\">Aire acondicionado<\/span><\/li>\n<li style=\"font-weight: 400;\" aria-level=\"1\"><span style=\"font-weight: 400;\">Calefacci\u00f3n el\u00e9ctrica<\/span><\/li>\n<li style=\"font-weight: 400;\" aria-level=\"1\"><span style=\"font-weight: 400;\">Sistema de paneles solares<\/span><\/li>\n<\/ul>\n<p><b>La PRO-CON CAMP 20' Tiny House Getaway es la elecci\u00f3n perfecta:<\/b><\/p>\n<ul>\n<li style=\"font-weight: 400;\" aria-level=\"1\"><span style=\"font-weight: 400;\">Para campings<\/span><\/li>\n<li style=\"font-weight: 400;\" aria-level=\"1\"><span style=\"font-weight: 400;\">Para los inversores<\/span><\/li>\n<li style=\"font-weight: 400;\" aria-level=\"1\"><span style=\"font-weight: 400;\">Para particulares que deseen gestionar una casa de hu\u00e9spedes<\/span><\/li>\n<li style=\"font-weight: 400;\" aria-level=\"1\"><span style=\"font-weight: 400;\">Para los que quieren relajarse cerca de la naturaleza<\/span><\/li>\n<\/ul>\n<h4>Dimensiones<\/h4>\n<ul>\n<li>Anchura exterior: 3,00 m<\/li>\n<li>Longitud exterior: 6,00 m<\/li>\n<li>Altura exterior: 2,80 - 2,90 m<\/li>\n<\/ul>\n<h4>Par\u00e1metros estructurales<\/h4>\n<ul>\n<li>Estructura del bastidor:\n<ul>\n<li>columnas soldadas de acero al carbono 50 x 50 x 3 mm;<\/li>\n<li>vigas 80 x 60 x 3 mm<\/li>\n<li>Pintura de poliuretano, color ral7016<\/li>\n<\/ul>\n<\/li>\n<li>Techo:\n<ul>\n<li>Pendiente: - 3 %<\/li>\n<li>Material: panel s\u00e1ndwich de PP de 100 mm<\/li>\n<li>Valor de aislamiento: (Uc) 0,39 W (m2 * K)<\/li>\n<li>Color: RAL 9006\/9010<\/li>\n<\/ul>\n<\/li>\n<li>Piso:\n<ul>\n<li>Panel s\u00e1ndwich 100 mm PP sobre bastidor base soldado<\/li>\n<li>Panel MFP 18 mm, revestimiento de lin\u00f3leo<\/li>\n<\/ul>\n<\/li>\n<li>Ventanas:\n<ul>\n<li>Aluminio fijo 2 700 x 1 800 mm (RAL 7016\/7016) - 1 ud.<\/li>\n<li>PVC BNY 200 x 600 mm (RAL 7016\/7016) - 1 ud.<\/li>\n<li>PVC BNY 600 x 600 mm (RAL 7016\/7016) - 1 ud.<\/li>\n<\/ul>\n<\/li>\n<li>Puerta:\n<ul>\n<li>Puerta de seguridad exterior 900 x 2 100 mm (RAL 7016) - 1 ud.<\/li>\n<\/ul>\n<\/li>\n<\/ul>\n<p>V\u00eddeo de referencia:<\/p>\n<p><iframe title=\"Escondite en el bosque - AlmasGlamp Zebeg\u00e9ny\" width=\"800\" height=\"450\" src=\"https:\/\/www.youtube.com\/embed\/r3BfrKc4ISY?start=104&#038;feature=oembed&#038;enablejsapi=1&#038;origin=https:\/\/pro-con.hu\" frameborder=\"0\" allow=\"accelerometer; autoplay; clipboard-write; encrypted-media; gyroscope; picture-in-picture; web-share\" referrerpolicy=\"strict-origin-when-cross-origin\" allowfullscreen><\/iframe><\/p>\n<p><b>\u00a1Obtenga hoy mismo un presupuesto gratuito para su PROCON CAMP 20' Tiny House!<\/b><\/p>\n<p><b>PRO-CON: Un socio fiable para futuras inversiones.<\/b><\/p>\n<p>Ver en otro tama\u00f1o: <a href=\"https:\/\/pro-con.hu\/es\/producto\/pro-con-camp-40-kemping-haz\/\">40\u2032 cobertizo de camping<\/a><\/p>","protected":false},"excerpt":{"rendered":"<p>Una casa de camping, un joyero de tama\u00f1o real. A pesar de su reducido tama\u00f1o, ofrece alojamiento de primera calidad para todo lo que necesite en un lugar tranquilo y alejado del mundanal ruido. Ideal para 2-3 personas.<\/p>","protected":false},"featured_media":2001,"template":"","meta":{"_acf_changed":false},"product_brand":[],"product_cat":[28],"product_tag":[],"class_list":{"0":"post-886","1":"product","2":"type-product","3":"status-publish","4":"has-post-thumbnail","6":"product_cat-kontener-epitmenyek","8":"first","9":"instock","10":"shipping-taxable","11":"product-type-simple"},"acf":[],"_links":{"self":[{"href":"https:\/\/pro-con.hu\/es\/wp-json\/wp\/v2\/product\/886","targetHints":{"allow":["GET"]}}],"collection":[{"href":"https:\/\/pro-con.hu\/es\/wp-json\/wp\/v2\/product"}],"about":[{"href":"https:\/\/pro-con.hu\/es\/wp-json\/wp\/v2\/types\/product"}],"version-history":[{"count":26,"href":"https:\/\/pro-con.hu\/es\/wp-json\/wp\/v2\/product\/886\/revisions"}],"predecessor-version":[{"id":3289,"href":"https:\/\/pro-con.hu\/es\/wp-json\/wp\/v2\/product\/886\/revisions\/3289"}],"wp:featuredmedia":[{"embeddable":true,"href":"https:\/\/pro-con.hu\/es\/wp-json\/wp\/v2\/media\/2001"}],"wp:attachment":[{"href":"https:\/\/pro-con.hu\/es\/wp-json\/wp\/v2\/media?parent=886"}],"wp:term":[{"taxonomy":"product_brand","embeddable":true,"href":"https:\/\/pro-con.hu\/es\/wp-json\/wp\/v2\/product_brand?post=886"},{"taxonomy":"product_cat","embeddable":true,"href":"https:\/\/pro-con.hu\/es\/wp-json\/wp\/v2\/product_cat?post=886"},{"taxonomy":"product_tag","embeddable":true,"href":"https:\/\/pro-con.hu\/es\/wp-json\/wp\/v2\/product_tag?post=886"}],"curies":[{"name":"wp","href":"https:\/\/api.w.org\/{rel}","templated":true}]}}

<h2>PRO-CON CAMP 20′ casa de camping / casa pequeña</h2>
<p><b>Descubre la casa modular PRO-CON CAMP 20' Tiny House:</b><span style="font-weight: 400;"> ¡la inversión perfecta en el creciente segmento del mercado de los campings! Esta casa de vacaciones compacta, elegante y confortable es la elección ideal para los huéspedes que buscan relajarse y pasar su tiempo de ocio cerca de la naturaleza.</span></p>
<p><b>¿Por qué elegir PRO-CON CAMP 20' Tiny House?</b></p>
<ul>
<li style="font-weight: 400;" aria-level="1"><b>Una excelente inversión:</b><span style="font-weight: 400;"> El mercado de las casas de acampada está evolucionando rápidamente y la casa de vacaciones PROCON CAMP 20' Tiny House Getaway es una opción ideal para los inversores que buscan sacar provecho de la creciente demanda.</span></li>
<li style="font-weight: 400;" aria-level="1"><b>Fácil de manejar:</b><span style="font-weight: 400;"> La casa de vacaciones requiere un mantenimiento mínimo, por lo que no tendrá que preocuparse de una supervisión constante.</span></li>
<li style="font-weight: 400;" aria-level="1"><b>Ahorra espacio:</b><span style="font-weight: 400;"> Gracias a su tamaño compacto, la casa de vacaciones ocupa poco espacio, por lo que es ideal para campings pequeños.</span></li>
<li style="font-weight: 400;" aria-level="1"><b>Cómodo y con estilo:</b><span style="font-weight: 400;"> La casa de vacaciones tiene un interior y un exterior modernos y ofrece todas las comodidades necesarias para los huéspedes.</span></li>
<li style="font-weight: 400;" aria-level="1"><b>Respetuoso con el medio ambiente:</b><span style="font-weight: 400;"> La casa de vacaciones está fabricada con materiales sostenibles y energéticamente eficientes, por lo que su impacto en el medio ambiente es mínimo.</span></li>
</ul>
<p><b>Características de la PRO-CON CAMP 20' Tiny House:</b></p>
<ul>
<li style="font-weight: 400;" aria-level="1"><span style="font-weight: 400;">6 metros de largo</span></li>
<li style="font-weight: 400;" aria-level="1"><span style="font-weight: 400;">1 habitación</span></li>
<li style="font-weight: 400;" aria-level="1"><span style="font-weight: 400;">1 cuarto de baño</span></li>
<li style="font-weight: 400;" aria-level="1"><span style="font-weight: 400;">Cocina totalmente equipada</span></li>
<li style="font-weight: 400;" aria-level="1"><span style="font-weight: 400;">Nappali</span></li>
<li style="font-weight: 400;" aria-level="1"><span style="font-weight: 400;">Terraza</span></li>
<li style="font-weight: 400;" aria-level="1"><span style="font-weight: 400;">Aire acondicionado</span></li>
<li style="font-weight: 400;" aria-level="1"><span style="font-weight: 400;">Calefacción eléctrica</span></li>
<li style="font-weight: 400;" aria-level="1"><span style="font-weight: 400;">Sistema de paneles solares</span></li>
</ul>
<p><b>La PRO-CON CAMP 20' Tiny House Getaway es la elección perfecta:</b></p>
<ul>
<li style="font-weight: 400;" aria-level="1"><span style="font-weight: 400;">Para campings</span></li>
<li style="font-weight: 400;" aria-level="1"><span style="font-weight: 400;">Para los inversores</span></li>
<li style="font-weight: 400;" aria-level="1"><span style="font-weight: 400;">Para particulares que deseen gestionar una casa de huéspedes</span></li>
<li style="font-weight: 400;" aria-level="1"><span style="font-weight: 400;">Para los que quieren relajarse cerca de la naturaleza</span></li>
</ul>
<h4>Dimensiones</h4>
<ul>
<li>Anchura exterior: 3,00 m</li>
<li>Longitud exterior: 6,00 m</li>
<li>Altura exterior: 2,80 - 2,90 m</li>
</ul>
<h4>Parámetros estructurales</h4>
<ul>
<li>Estructura del bastidor:
<ul>
<li>columnas soldadas de acero al carbono 50 x 50 x 3 mm;</li>
<li>vigas 80 x 60 x 3 mm</li>
<li>Pintura de poliuretano, color ral7016</li>
</ul>
</li>
<li>Techo:
<ul>
<li>Pendiente: - 3 %</li>
<li>Material: panel sándwich de PP de 100 mm</li>
<li>Valor de aislamiento: (Uc) 0,39 W (m2 * K)</li>
<li>Color: RAL 9006/9010</li>
</ul>
</li>
<li>Piso:
<ul>
<li>Panel sándwich 100 mm PP sobre bastidor base soldado</li>
<li>Panel MFP 18 mm, revestimiento de linóleo</li>
</ul>
</li>
<li>Ventanas:
<ul>
<li>Aluminio fijo 2 700 x 1 800 mm (RAL 7016/7016) - 1 ud.</li>
<li>PVC BNY 200 x 600 mm (RAL 7016/7016) - 1 ud.</li>
<li>PVC BNY 600 x 600 mm (RAL 7016/7016) - 1 ud.</li>
</ul>
</li>
<li>Puerta:
<ul>
<li>Puerta de seguridad exterior 900 x 2 100 mm (RAL 7016) - 1 ud.</li>
</ul>
</li>
</ul>
<p>Vídeo de referencia:</p>
<p><iframe title="Escondite en el bosque - AlmasGlamp Zebegény" width="800" height="450" src="https://www.youtube.com/embed/r3BfrKc4ISY?start=104&#038;feature=oembed&#038;enablejsapi=1&#038;origin=https://pro-con.hu" frameborder="0" allow="accelerometer; autoplay; clipboard-write; encrypted-media; gyroscope; picture-in-picture; web-share" referrerpolicy="strict-origin-when-cross-origin" allowfullscreen></iframe></p>
<p><b>¡Obtenga hoy mismo un presupuesto gratuito para su PROCON CAMP 20' Tiny House!</b></p>
<p><b>PRO-CON: Un socio fiable para futuras inversiones.</b></p>
<p>Ver en otro tamaño: <a href="https://pro-con.hu/es/producto/pro-con-camp-40-kemping-haz/">40′ cobertizo de camping</a></p>

<p>Una casa de camping, un joyero de tamaño real. A pesar de su reducido tamaño, ofrece alojamiento de primera calidad para todo lo que necesite en un lugar tranquilo y alejado del mundanal ruido. Ideal para 2-3 personas.</p>
