{"id":2072,"date":"2024-04-12T08:28:38","date_gmt":"2024-04-12T08:28:38","guid":{"rendered":"https:\/\/pro-con.hu\/?post_type=product&#038;p=2072"},"modified":"2024-09-02T14:59:48","modified_gmt":"2024-09-02T12:59:48","slug":"pro-con-camp-40-kemping-haz","status":"publish","type":"product","link":"https:\/\/pro-con.hu\/es\/producto\/pro-con-camp-40-kemping-haz\/","title":{"rendered":"Casa de acampada PRO-CON CAMP 40\u2032"},"content":{"rendered":"<h2><b>PRO-CON CAMP 40' casa de camping \/casa modular<\/b><\/h2>\n<p><b>La inversi\u00f3n tur\u00edstica del futuro<\/b><\/p>\n<p><strong>Descubra la casa contenedor PRO-CON CAMP 40', \u00a1la casa de camping del futuro!<\/strong><\/p>\n<p><strong>El PROCON CAMP 40' es una moderna casa contenedor modular dise\u00f1ada espec\u00edficamente para el alquiler. Es una excelente inversi\u00f3n en turismo de camping, con un r\u00e1pido retorno de la inversi\u00f3n y unos ingresos estables.<\/strong><\/p>\n<h3><b>\u00bfPor qu\u00e9 elegir la casa de camping PRO-CON CAMP 40'?<\/b><\/h3>\n<ul>\n<li aria-level=\"1\">R\u00e1pido retorno de la inversi\u00f3n: las casas contenedor tienen menores costes de inversi\u00f3n que los edificios convencionales y pueden construirse m\u00e1s r\u00e1pidamente. Esto se traduce en una rentabilidad m\u00e1s r\u00e1pida y unos ingresos m\u00e1s estables.<\/li>\n<\/ul>\n<ul>\n<li aria-level=\"1\">F\u00e1cil mantenimiento:Las casas contenedoras requieren un mantenimiento m\u00ednimo, por lo que tendr\u00e1 que dedicar menos tiempo y energ\u00eda a su conservaci\u00f3n.<\/li>\n<\/ul>\n<ul>\n<li aria-level=\"1\">Durabilidad: las casas contenedor son extremadamente duraderas y resistentes a la intemperie.<\/li>\n<\/ul>\n<ul>\n<li aria-level=\"1\">Movilidad: las casas contenedor son f\u00e1ciles de transportar y pueden trasladarse si es necesario.<\/li>\n<\/ul>\n<ul>\n<li aria-level=\"1\">Respetuosas con el medio ambiente: las casas contenedor est\u00e1n fabricadas con materiales reciclados y son eficientes desde el punto de vista energ\u00e9tico.<\/li>\n<\/ul>\n<h3><b>Ventajas de la casa de camping PRO-CON CAMP 40':<\/b><\/h3>\n<ul>\n<li aria-level=\"1\">Interior espacioso: la casa contenedor de 40 pies de largo ofrece alojamiento c\u00f3modo para 4-6 personas.<\/li>\n<\/ul>\n<ul>\n<li aria-level=\"1\">Dise\u00f1o moderno: la casa contenedor es moderna y elegante, lo que resulta atractivo para los hu\u00e9spedes.<\/li>\n<\/ul>\n<ul>\n<li aria-level=\"1\">Totalmente equipada: la casa contenedor dispone de cocina totalmente equipada, cuarto de ba\u00f1o y sala de estar.<\/li>\n<\/ul>\n<ul>\n<li aria-level=\"1\">Terraza: la casa contenedor tiene una terraza desde donde los hu\u00e9spedes pueden disfrutar de las vistas.<\/li>\n<\/ul>\n<h3><b>La casa de acampada PRO-CON CAMP 40' es ideal:<\/b><\/h3>\n<ul>\n<li>Para campings<\/li>\n<li>Para pueblos de vacaciones<\/li>\n<li>Para los parques de vacaciones<\/li>\n<li>Para particulares que deseen invertir en turismo de camping<\/li>\n<\/ul>\n<h3><b>El PRO-CON CAMP es una casa de vacaciones \/ casa contenedor de 40 pies:<\/b><\/h3>\n<ul>\n<li style=\"font-weight: 400;\" aria-level=\"1\"><span style=\"font-weight: 400;\">40 m2 de superficie<\/span><\/li>\n<li style=\"font-weight: 400;\" aria-level=\"1\"><span style=\"font-weight: 400;\">2 habitaciones<\/span><\/li>\n<li style=\"font-weight: 400;\" aria-level=\"1\"><span style=\"font-weight: 400;\">Nappalival<\/span><\/li>\n<li style=\"font-weight: 400;\" aria-level=\"1\"><span style=\"font-weight: 400;\">Con cocina<\/span><\/li>\n<li style=\"font-weight: 400;\" aria-level=\"1\"><span style=\"font-weight: 400;\">Con ba\u00f1o<\/span><\/li>\n<li style=\"font-weight: 400;\" aria-level=\"1\"><span style=\"font-weight: 400;\">Con terraza<\/span><\/li>\n<\/ul>\n<h3><b>Equipamiento del alojamiento de contenedores:<\/b><\/h3>\n<ul>\n<li style=\"font-weight: 400;\" aria-level=\"1\"><span style=\"font-weight: 400;\">Muebles<\/span><\/li>\n<li style=\"font-weight: 400;\" aria-level=\"1\"><span style=\"font-weight: 400;\">Cocina mecanizada<\/span><\/li>\n<li style=\"font-weight: 400;\" aria-level=\"1\"><span style=\"font-weight: 400;\">Frigor\u00edfico<\/span><\/li>\n<li style=\"font-weight: 400;\" aria-level=\"1\"><span style=\"font-weight: 400;\">Horno microondas<\/span><\/li>\n<li style=\"font-weight: 400;\" aria-level=\"1\"><span style=\"font-weight: 400;\">Placa de cocci\u00f3n<\/span><\/li>\n<li style=\"font-weight: 400;\" aria-level=\"1\"><span style=\"font-weight: 400;\">Aire acondicionado<\/span><\/li>\n<li style=\"font-weight: 400;\" aria-level=\"1\"><span style=\"font-weight: 400;\">etc.<\/span><\/li>\n<\/ul>\n<h4><strong>Dimensiones<\/strong><\/h4>\n<ul>\n<li>Anchura exterior: 3,00 m<\/li>\n<li>Longitud exterior: 12,00 m<\/li>\n<li>Altura exterior: 2,80 - 2,90 m<\/li>\n<\/ul>\n<h4><strong>Par\u00e1metros estructurales<\/strong><\/h4>\n<ul>\n<li><strong>Estructura del bastidor<\/strong>:\n<ul>\n<li>columnas soldadas de acero al carbono 50 x 50 x 3 mm;<\/li>\n<li>vigas 80 x 60 x 3 mm<\/li>\n<li>Pintura de poliuretano, color ral7016<\/li>\n<\/ul>\n<\/li>\n<li><strong>Techo<\/strong>:\n<ul>\n<li>Pendiente: - 3 %<\/li>\n<li>Material: panel s\u00e1ndwich de PP de 100 mm<\/li>\n<li>Valor de aislamiento: (Uc) 0,39 W (m2 * K)<\/li>\n<li>Color: RAL 9006\/9010<\/li>\n<\/ul>\n<\/li>\n<li><strong>Suelo<\/strong>:\n<ul>\n<li>Panel s\u00e1ndwich 100 mm PP sobre bastidor base soldado<\/li>\n<li>Panel MFP 18 mm, revestimiento de lin\u00f3leo<\/li>\n<\/ul>\n<\/li>\n<li><strong>Paredes<\/strong>:\n<ul>\n<li>Panel s\u00e1ndwich 100 mm \/ 50 mm PP<br \/>\nValor de aislamiento (Uc) de 0,39 W \/ (m2 * K) - Color RAL 7016\/9010<\/li>\n<\/ul>\n<\/li>\n<li><strong>Windows<\/strong>:\n<ul>\n<li>Ventana de PVC BNY 1 800 x 600 mm (RAL 7016\/9010) - 2 uds.<\/li>\n<li>Ventana de PVC NY 600 x 600 mm (RAL 7016\/9010) - 1 ud.<\/li>\n<li>Ventana PVC fija + corredera 2 000 x 2 100 mm (RAL 7016\/9010) - 2 uds.<\/li>\n<li>Ventana PVC Buk\u00f3 600 x 2 100 mm (RAL 7016\/9010) - 2 uds.<\/li>\n<\/ul>\n<\/li>\n<li><strong>Puerta<\/strong>:\n<ul>\n<li>Puerta de seguridad exterior 900 x 2 100 mm (RAL 7016) - 1 ud.<\/li>\n<\/ul>\n<\/li>\n<li><strong>Espacio interior<\/strong>:\n<ul>\n<li>Paredes interiores: panel s\u00e1ndwich 50 mm PP + panel decorativo VOX MOTIVO BASIC o revestimiento de madera<\/li>\n<li>Puerta interior: 700 x 2 050 mm (RAL 9010) - 1 pieza<\/li>\n<\/ul>\n<\/li>\n<li><strong>Ingenier\u00eda hidr\u00e1ulica<\/strong>:\n<ul>\n<li>WC SAPHO Paco Combi sin borde - 1 pieza<\/li>\n<li>Cabina de ducha - 1 doble RAVAK v equivalente - 1<\/li>\n<li>Caldera - 1 ud - Ariston Velis EVO 100 v equivalente - 1 ud<\/li>\n<li>Mueble de ba\u00f1o IKEA HEMNES \/ T\u00d6RNVIKEN - 1 pieza<\/li>\n<li>Cocina - preparaci\u00f3n de agua y aguas residuales<\/li>\n<\/ul>\n<\/li>\n<\/ul>\n<p><b>M\u00e1s informaci\u00f3n:<\/b><\/p>\n<ul>\n<li style=\"font-weight: 400;\" aria-level=\"1\"><span style=\"font-weight: 400;\">P\u00e1gina web: <a href=\"https:\/\/www.almaskemp.hu\/\" target=\"_blank\" rel=\"noopener\">almasglamp.hu<\/a><\/span><\/li>\n<\/ul>\n<p><iframe title=\"Escondite en el bosque - AlmasGlamp Zebeg\u00e9ny\" width=\"800\" height=\"450\" src=\"https:\/\/www.youtube.com\/embed\/r3BfrKc4ISY?feature=oembed&#038;enablejsapi=1&#038;origin=https:\/\/pro-con.hu\" frameborder=\"0\" allow=\"accelerometer; autoplay; clipboard-write; encrypted-media; gyroscope; picture-in-picture; web-share\" referrerpolicy=\"strict-origin-when-cross-origin\" allowfullscreen><\/iframe><\/p>\n<p><b>P\u00f3ngase en contacto con nosotros hoy mismo para obtener un presupuesto gratuito de la casa de vacaciones \/ casa contenedor PROCON CAMP 40'.<\/b><\/p>\n<p>Ver en otro tama\u00f1o: <a href=\"https:\/\/pro-con.hu\/es\/producto\/pro-con-camp-20-kempinghaz\/\">Casa de acampada de 20\u2032<\/a><\/p>","protected":false},"excerpt":{"rendered":"<p>Tanto si eres una familia como un peque\u00f1o grupo de amigos, una casa r\u00e1pida perfectamente dise\u00f1ada como \u00e9sta ofrece espacio de sobra. Es ideal para 4-5 personas.<\/p>","protected":false},"featured_media":2074,"template":"","meta":{"_acf_changed":false},"product_brand":[],"product_cat":[28],"product_tag":[],"class_list":{"0":"post-2072","1":"product","2":"type-product","3":"status-publish","4":"has-post-thumbnail","6":"product_cat-kontener-epitmenyek","8":"first","9":"instock","10":"shipping-taxable","11":"product-type-simple"},"acf":[],"_links":{"self":[{"href":"https:\/\/pro-con.hu\/es\/wp-json\/wp\/v2\/product\/2072","targetHints":{"allow":["GET"]}}],"collection":[{"href":"https:\/\/pro-con.hu\/es\/wp-json\/wp\/v2\/product"}],"about":[{"href":"https:\/\/pro-con.hu\/es\/wp-json\/wp\/v2\/types\/product"}],"version-history":[{"count":18,"href":"https:\/\/pro-con.hu\/es\/wp-json\/wp\/v2\/product\/2072\/revisions"}],"predecessor-version":[{"id":3288,"href":"https:\/\/pro-con.hu\/es\/wp-json\/wp\/v2\/product\/2072\/revisions\/3288"}],"wp:featuredmedia":[{"embeddable":true,"href":"https:\/\/pro-con.hu\/es\/wp-json\/wp\/v2\/media\/2074"}],"wp:attachment":[{"href":"https:\/\/pro-con.hu\/es\/wp-json\/wp\/v2\/media?parent=2072"}],"wp:term":[{"taxonomy":"product_brand","embeddable":true,"href":"https:\/\/pro-con.hu\/es\/wp-json\/wp\/v2\/product_brand?post=2072"},{"taxonomy":"product_cat","embeddable":true,"href":"https:\/\/pro-con.hu\/es\/wp-json\/wp\/v2\/product_cat?post=2072"},{"taxonomy":"product_tag","embeddable":true,"href":"https:\/\/pro-con.hu\/es\/wp-json\/wp\/v2\/product_tag?post=2072"}],"curies":[{"name":"wp","href":"https:\/\/api.w.org\/{rel}","templated":true}]}}

<h2><b>PRO-CON CAMP 40' casa de camping /casa modular</b></h2>
<p><b>La inversión turística del futuro</b></p>
<p><strong>Descubra la casa contenedor PRO-CON CAMP 40', ¡la casa de camping del futuro!</strong></p>
<p><strong>El PROCON CAMP 40' es una moderna casa contenedor modular diseñada específicamente para el alquiler. Es una excelente inversión en turismo de camping, con un rápido retorno de la inversión y unos ingresos estables.</strong></p>
<h3><b>¿Por qué elegir la casa de camping PRO-CON CAMP 40'?</b></h3>
<ul>
<li aria-level="1">Rápido retorno de la inversión: las casas contenedor tienen menores costes de inversión que los edificios convencionales y pueden construirse más rápidamente. Esto se traduce en una rentabilidad más rápida y unos ingresos más estables.</li>
</ul>
<ul>
<li aria-level="1">Fácil mantenimiento:Las casas contenedoras requieren un mantenimiento mínimo, por lo que tendrá que dedicar menos tiempo y energía a su conservación.</li>
</ul>
<ul>
<li aria-level="1">Durabilidad: las casas contenedor son extremadamente duraderas y resistentes a la intemperie.</li>
</ul>
<ul>
<li aria-level="1">Movilidad: las casas contenedor son fáciles de transportar y pueden trasladarse si es necesario.</li>
</ul>
<ul>
<li aria-level="1">Respetuosas con el medio ambiente: las casas contenedor están fabricadas con materiales reciclados y son eficientes desde el punto de vista energético.</li>
</ul>
<h3><b>Ventajas de la casa de camping PRO-CON CAMP 40':</b></h3>
<ul>
<li aria-level="1">Interior espacioso: la casa contenedor de 40 pies de largo ofrece alojamiento cómodo para 4-6 personas.</li>
</ul>
<ul>
<li aria-level="1">Diseño moderno: la casa contenedor es moderna y elegante, lo que resulta atractivo para los huéspedes.</li>
</ul>
<ul>
<li aria-level="1">Totalmente equipada: la casa contenedor dispone de cocina totalmente equipada, cuarto de baño y sala de estar.</li>
</ul>
<ul>
<li aria-level="1">Terraza: la casa contenedor tiene una terraza desde donde los huéspedes pueden disfrutar de las vistas.</li>
</ul>
<h3><b>La casa de acampada PRO-CON CAMP 40' es ideal:</b></h3>
<ul>
<li>Para campings</li>
<li>Para pueblos de vacaciones</li>
<li>Para los parques de vacaciones</li>
<li>Para particulares que deseen invertir en turismo de camping</li>
</ul>
<h3><b>El PRO-CON CAMP es una casa de vacaciones / casa contenedor de 40 pies:</b></h3>
<ul>
<li style="font-weight: 400;" aria-level="1"><span style="font-weight: 400;">40 m2 de superficie</span></li>
<li style="font-weight: 400;" aria-level="1"><span style="font-weight: 400;">2 habitaciones</span></li>
<li style="font-weight: 400;" aria-level="1"><span style="font-weight: 400;">Nappalival</span></li>
<li style="font-weight: 400;" aria-level="1"><span style="font-weight: 400;">Con cocina</span></li>
<li style="font-weight: 400;" aria-level="1"><span style="font-weight: 400;">Con baño</span></li>
<li style="font-weight: 400;" aria-level="1"><span style="font-weight: 400;">Con terraza</span></li>
</ul>
<h3><b>Equipamiento del alojamiento de contenedores:</b></h3>
<ul>
<li style="font-weight: 400;" aria-level="1"><span style="font-weight: 400;">Muebles</span></li>
<li style="font-weight: 400;" aria-level="1"><span style="font-weight: 400;">Cocina mecanizada</span></li>
<li style="font-weight: 400;" aria-level="1"><span style="font-weight: 400;">Frigorífico</span></li>
<li style="font-weight: 400;" aria-level="1"><span style="font-weight: 400;">Horno microondas</span></li>
<li style="font-weight: 400;" aria-level="1"><span style="font-weight: 400;">Placa de cocción</span></li>
<li style="font-weight: 400;" aria-level="1"><span style="font-weight: 400;">Aire acondicionado</span></li>
<li style="font-weight: 400;" aria-level="1"><span style="font-weight: 400;">etc.</span></li>
</ul>
<h4><strong>Dimensiones</strong></h4>
<ul>
<li>Anchura exterior: 3,00 m</li>
<li>Longitud exterior: 12,00 m</li>
<li>Altura exterior: 2,80 - 2,90 m</li>
</ul>
<h4><strong>Parámetros estructurales</strong></h4>
<ul>
<li><strong>Estructura del bastidor</strong>:
<ul>
<li>columnas soldadas de acero al carbono 50 x 50 x 3 mm;</li>
<li>vigas 80 x 60 x 3 mm</li>
<li>Pintura de poliuretano, color ral7016</li>
</ul>
</li>
<li><strong>Techo</strong>:
<ul>
<li>Pendiente: - 3 %</li>
<li>Material: panel sándwich de PP de 100 mm</li>
<li>Valor de aislamiento: (Uc) 0,39 W (m2 * K)</li>
<li>Color: RAL 9006/9010</li>
</ul>
</li>
<li><strong>Suelo</strong>:
<ul>
<li>Panel sándwich 100 mm PP sobre bastidor base soldado</li>
<li>Panel MFP 18 mm, revestimiento de linóleo</li>
</ul>
</li>
<li><strong>Paredes</strong>:
<ul>
<li>Panel sándwich 100 mm / 50 mm PP<br />
Valor de aislamiento (Uc) de 0,39 W / (m2 * K) - Color RAL 7016/9010</li>
</ul>
</li>
<li><strong>Windows</strong>:
<ul>
<li>Ventana de PVC BNY 1 800 x 600 mm (RAL 7016/9010) - 2 uds.</li>
<li>Ventana de PVC NY 600 x 600 mm (RAL 7016/9010) - 1 ud.</li>
<li>Ventana PVC fija + corredera 2 000 x 2 100 mm (RAL 7016/9010) - 2 uds.</li>
<li>Ventana PVC Bukó 600 x 2 100 mm (RAL 7016/9010) - 2 uds.</li>
</ul>
</li>
<li><strong>Puerta</strong>:
<ul>
<li>Puerta de seguridad exterior 900 x 2 100 mm (RAL 7016) - 1 ud.</li>
</ul>
</li>
<li><strong>Espacio interior</strong>:
<ul>
<li>Paredes interiores: panel sándwich 50 mm PP + panel decorativo VOX MOTIVO BASIC o revestimiento de madera</li>
<li>Puerta interior: 700 x 2 050 mm (RAL 9010) - 1 pieza</li>
</ul>
</li>
<li><strong>Ingeniería hidráulica</strong>:
<ul>
<li>WC SAPHO Paco Combi sin borde - 1 pieza</li>
<li>Cabina de ducha - 1 doble RAVAK v equivalente - 1</li>
<li>Caldera - 1 ud - Ariston Velis EVO 100 v equivalente - 1 ud</li>
<li>Mueble de baño IKEA HEMNES / TÖRNVIKEN - 1 pieza</li>
<li>Cocina - preparación de agua y aguas residuales</li>
</ul>
</li>
</ul>
<p><b>Más información:</b></p>
<ul>
<li style="font-weight: 400;" aria-level="1"><span style="font-weight: 400;">Página web: <a href="https://www.almaskemp.hu/" target="_blank" rel="noopener">almasglamp.hu</a></span></li>
</ul>
<p><iframe title="Escondite en el bosque - AlmasGlamp Zebegény" width="800" height="450" src="https://www.youtube.com/embed/r3BfrKc4ISY?feature=oembed&#038;enablejsapi=1&#038;origin=https://pro-con.hu" frameborder="0" allow="accelerometer; autoplay; clipboard-write; encrypted-media; gyroscope; picture-in-picture; web-share" referrerpolicy="strict-origin-when-cross-origin" allowfullscreen></iframe></p>
<p><b>Póngase en contacto con nosotros hoy mismo para obtener un presupuesto gratuito de la casa de vacaciones / casa contenedor PROCON CAMP 40'.</b></p>
<p>Ver en otro tamaño: <a href="https://pro-con.hu/es/producto/pro-con-camp-20-kempinghaz/">Casa de acampada de 20′</a></p>

<p>Tanto si eres una familia como un pequeño grupo de amigos, una casa rápida perfectamente diseñada como ésta ofrece espacio de sobra. Es ideal para 4-5 personas.</p>
