{"id":2072,"date":"2024-04-12T08:28:38","date_gmt":"2024-04-12T08:28:38","guid":{"rendered":"https:\/\/pro-con.hu\/?post_type=product&#038;p=2072"},"modified":"2024-09-02T14:59:48","modified_gmt":"2024-09-02T12:59:48","slug":"pro-con-camp-40-kemping-haz","status":"publish","type":"product","link":"https:\/\/pro-con.hu\/de\/produkt\/pro-con-camp-40-kemping-haz\/","title":{"rendered":"PRO-CON CAMP 40\u2032 Camping-Haus"},"content":{"rendered":"<h2><b>PRO-CON CAMP 40' Campinghaus\/Modulhaus<\/b><\/h2>\n<p><b>Die touristische Investition der Zukunft!<\/b><\/p>\n<p><strong>Entdecken Sie das PRO-CON CAMP 40' Containerhaus, das Campinghaus der Zukunft!<\/strong><\/p>\n<p><strong>Der PROCON CAMP 40' ist ein modernes, modulares Containerhaus, das speziell f\u00fcr Vermietungszwecke entwickelt wurde. Es ist eine hervorragende Investition in den Campingtourismus, mit einem schnellen Return on Investment und einem stabilen Einkommen.<\/strong><\/p>\n<h3><b>Warum das PRO-CON CAMP 40' Campinghaus?<\/b><\/h3>\n<ul>\n<li aria-level=\"1\">Schnelle Rentabilit\u00e4t: Containerh\u00e4user haben niedrigere Investitionskosten als herk\u00f6mmliche Geb\u00e4ude und k\u00f6nnen schneller gebaut werden. Das bedeutet schnellere Ertr\u00e4ge und stabilere Einnahmen.<\/li>\n<\/ul>\n<ul>\n<li aria-level=\"1\">Einfache Wartung: Containerh\u00e4user erfordern nur minimale Wartung, so dass Sie weniger Zeit und Energie f\u00fcr die Instandhaltung aufwenden m\u00fcssen.<\/li>\n<\/ul>\n<ul>\n<li aria-level=\"1\">Langlebigkeit: Containerh\u00e4user sind extrem langlebig und witterungsbest\u00e4ndig.<\/li>\n<\/ul>\n<ul>\n<li aria-level=\"1\">Mobilit\u00e4t: Containerh\u00e4user sind leicht zu transportieren und k\u00f6nnen bei Bedarf versetzt werden.<\/li>\n<\/ul>\n<ul>\n<li aria-level=\"1\">Umweltfreundlich: Containerh\u00e4user werden aus recycelten Materialien hergestellt und sind energieeffizient.<\/li>\n<\/ul>\n<h3><b>Die Vorteile des PRO-CON CAMP 40' Campinghauses:<\/b><\/h3>\n<ul>\n<li aria-level=\"1\">Ger\u00e4umiger Innenraum: Das 40 Fu\u00df lange Containerhaus bietet komfortable Unterkunft f\u00fcr 4-6 Personen.<\/li>\n<\/ul>\n<ul>\n<li aria-level=\"1\">Modernes Design: Das Containerhaus ist modern und stilvoll, was f\u00fcr die G\u00e4ste attraktiv ist.<\/li>\n<\/ul>\n<ul>\n<li aria-level=\"1\">Voll ausgestattet: Das Containerhaus verf\u00fcgt \u00fcber eine voll ausgestattete K\u00fcche, ein Badezimmer und ein Wohnzimmer.<\/li>\n<\/ul>\n<ul>\n<li aria-level=\"1\">Terrasse: Das Containerhaus verf\u00fcgt \u00fcber eine Terrasse, von der aus die G\u00e4ste die Aussicht genie\u00dfen k\u00f6nnen.<\/li>\n<\/ul>\n<h3><b>Das PRO-CON CAMP 40' Campinghaus ist ideal:<\/b><\/h3>\n<ul>\n<li>F\u00fcr Campingpl\u00e4tze<\/li>\n<li>F\u00fcr Feriend\u00f6rfer<\/li>\n<li>F\u00fcr Ferienparks<\/li>\n<li>F\u00fcr Personen, die in den Campingtourismus investieren wollen<\/li>\n<\/ul>\n<h3><b>Das PRO-CON CAMP ist ein 40' Ferienhaus \/ Containerhaus:<\/b><\/h3>\n<ul>\n<li style=\"font-weight: 400;\" aria-level=\"1\"><span style=\"font-weight: 400;\">40 m2 Bodenfl\u00e4che<\/span><\/li>\n<li style=\"font-weight: 400;\" aria-level=\"1\"><span style=\"font-weight: 400;\">2 Schlafzimmer<\/span><\/li>\n<li style=\"font-weight: 400;\" aria-level=\"1\"><span style=\"font-weight: 400;\">Nappalival<\/span><\/li>\n<li style=\"font-weight: 400;\" aria-level=\"1\"><span style=\"font-weight: 400;\">Mit K\u00fcche<\/span><\/li>\n<li style=\"font-weight: 400;\" aria-level=\"1\"><span style=\"font-weight: 400;\">Mit Bad<\/span><\/li>\n<li style=\"font-weight: 400;\" aria-level=\"1\"><span style=\"font-weight: 400;\">Mit Terrasse<\/span><\/li>\n<\/ul>\n<h3><b>Ausstattung der Containerunterkunft:<\/b><\/h3>\n<ul>\n<li style=\"font-weight: 400;\" aria-level=\"1\"><span style=\"font-weight: 400;\">M\u00f6bel<\/span><\/li>\n<li style=\"font-weight: 400;\" aria-level=\"1\"><span style=\"font-weight: 400;\">Mechanisierte K\u00fcche<\/span><\/li>\n<li style=\"font-weight: 400;\" aria-level=\"1\"><span style=\"font-weight: 400;\">K\u00fchlschrank<\/span><\/li>\n<li style=\"font-weight: 400;\" aria-level=\"1\"><span style=\"font-weight: 400;\">Mikrowellenherd<\/span><\/li>\n<li style=\"font-weight: 400;\" aria-level=\"1\"><span style=\"font-weight: 400;\">Kochplatte<\/span><\/li>\n<li style=\"font-weight: 400;\" aria-level=\"1\"><span style=\"font-weight: 400;\">Klimatisierung<\/span><\/li>\n<li style=\"font-weight: 400;\" aria-level=\"1\"><span style=\"font-weight: 400;\">usw.<\/span><\/li>\n<\/ul>\n<h4><strong>Abmessungen<\/strong><\/h4>\n<ul>\n<li>\u00c4u\u00dfere Breite: 3,00 m<\/li>\n<li>\u00c4u\u00dfere L\u00e4nge: 12,00 m<\/li>\n<li>Au\u00dfenh\u00f6he: 2,80 - 2,90 m<\/li>\n<\/ul>\n<h4><strong>Strukturelle Parameter<\/strong><\/h4>\n<ul>\n<li><strong>Struktur des Rahmens<\/strong>:\n<ul>\n<li>geschwei\u00dfte S\u00e4ulen aus Kohlenstoffstahl 50 x 50 x 3 mm;<\/li>\n<li>Balken 80 x 60 x 3 mm<\/li>\n<li>Polyurethan-Lackierung, Farbe ral7016<\/li>\n<\/ul>\n<\/li>\n<li><strong>Dach<\/strong>:\n<ul>\n<li>Neigung: - 3 %<\/li>\n<li>Material: 100 mm PP-Sandwichplatte<\/li>\n<li>Isolierwert: (Uc) 0,39 W (m2 * K)<\/li>\n<li>Farbe: RAL 9006\/9010<\/li>\n<\/ul>\n<\/li>\n<li><strong>Boden<\/strong>:\n<ul>\n<li>Sandwichplatte 100 mm PP auf geschwei\u00dftem Grundrahmen<\/li>\n<li>MFP-Platte 18 mm, Linoleumbelag<\/li>\n<\/ul>\n<\/li>\n<li><strong>W\u00e4nde<\/strong>:\n<ul>\n<li>Sandwichplatte 100 mm \/ 50 mm PP<br \/>\nIsolationswert (Uc) von 0,39 W \/ (m2 * K) - Farbe RAL 7016\/9010<\/li>\n<\/ul>\n<\/li>\n<li><strong>Windows<\/strong>:\n<ul>\n<li>PVC-Fenster BNY 1 800 x 600 mm (RAL 7016\/9010) - 2 St\u00fcck<\/li>\n<li>PVC-Fenster NY 600 x 600 mm (RAL 7016\/9010) - 1 St\u00fcck<\/li>\n<li>Fenster PVC fest + schiebbar 2 000 x 2 100 mm (RAL 7016\/9010) - 2 St\u00fcck<\/li>\n<li>Fenster PVC Buk\u00f3 600 x 2 100 mm (RAL 7016\/9010) - 2 St\u00fcck<\/li>\n<\/ul>\n<\/li>\n<li><strong>T\u00fcr<\/strong>:\n<ul>\n<li>Au\u00dfen-Sicherheitst\u00fcr 900 x 2 100 mm (RAL 7016) - 1 St\u00fcck<\/li>\n<\/ul>\n<\/li>\n<li><strong>Innenraum<\/strong>:\n<ul>\n<li>Innenw\u00e4nde: Sandwichpaneel 50 mm PP + VOX MOTIVO BASIC Dekorwandplatte oder Holzverkleidung<\/li>\n<li>Innent\u00fcr: 700 x 2 050 mm (RAL 9010) - 1 St\u00fcck<\/li>\n<\/ul>\n<\/li>\n<li><strong>Wassertechnik<\/strong>:\n<ul>\n<li>WC SAPHO Paco Randlos-Kombi - 1 St\u00fcck<\/li>\n<li>Duschkabine - 1 Doppel RAVAK v gleichwertig - 1<\/li>\n<li>Kessel - 1 St\u00fcck - Ariston Velis EVO 100 v \u00e4quivalent - 1 St\u00fcck<\/li>\n<li>Badezimmerschrank IKEA HEMNES \/ T\u00d6RNVIKEN - 1 St\u00fcck<\/li>\n<li>K\u00fcche - Wasser- und Abwasseraufbereitung<\/li>\n<\/ul>\n<\/li>\n<\/ul>\n<p><b>Weitere Informationen:<\/b><\/p>\n<ul>\n<li style=\"font-weight: 400;\" aria-level=\"1\"><span style=\"font-weight: 400;\">Website: <a href=\"https:\/\/www.almaskemp.hu\/\" target=\"_blank\" rel=\"noopener\">almasglamp.hu<\/a><\/span><\/li>\n<\/ul>\n<p><iframe title=\"Versteck im Wald - AlmasGlamp Zebeg\u00e9ny\" width=\"800\" height=\"450\" src=\"https:\/\/www.youtube.com\/embed\/r3BfrKc4ISY?feature=oembed&#038;enablejsapi=1&#038;origin=https:\/\/pro-con.hu\" frameborder=\"0\" allow=\"accelerometer; autoplay; clipboard-write; encrypted-media; gyroscope; picture-in-picture; web-share\" referrerpolicy=\"strict-origin-when-cross-origin\" allowfullscreen><\/iframe><\/p>\n<p><b>Kontaktieren Sie uns noch heute f\u00fcr ein kostenloses Angebot f\u00fcr das PROCON CAMP 40' Ferienhaus \/ Containerhaus!<\/b><\/p>\n<p>In einer anderen Gr\u00f6\u00dfe anzeigen: <a href=\"https:\/\/pro-con.hu\/de\/produkt\/pro-con-camp-20-kempinghaz\/\">20\u2032 Camping Haus<\/a><\/p>","protected":false},"excerpt":{"rendered":"<p>Ob Sie eine Familie oder eine kleine Gruppe von Freunden sind, ein perfekt gestaltetes Fast-Fit-Haus wie dieses bietet viel Platz. Es ist ideal f\u00fcr 4-5 Personen.<\/p>","protected":false},"featured_media":2074,"template":"","meta":{"_acf_changed":false},"product_brand":[],"product_cat":[28],"product_tag":[],"class_list":{"0":"post-2072","1":"product","2":"type-product","3":"status-publish","4":"has-post-thumbnail","6":"product_cat-kontener-epitmenyek","8":"first","9":"instock","10":"shipping-taxable","11":"product-type-simple"},"acf":[],"_links":{"self":[{"href":"https:\/\/pro-con.hu\/de\/wp-json\/wp\/v2\/product\/2072","targetHints":{"allow":["GET"]}}],"collection":[{"href":"https:\/\/pro-con.hu\/de\/wp-json\/wp\/v2\/product"}],"about":[{"href":"https:\/\/pro-con.hu\/de\/wp-json\/wp\/v2\/types\/product"}],"version-history":[{"count":18,"href":"https:\/\/pro-con.hu\/de\/wp-json\/wp\/v2\/product\/2072\/revisions"}],"predecessor-version":[{"id":3288,"href":"https:\/\/pro-con.hu\/de\/wp-json\/wp\/v2\/product\/2072\/revisions\/3288"}],"wp:featuredmedia":[{"embeddable":true,"href":"https:\/\/pro-con.hu\/de\/wp-json\/wp\/v2\/media\/2074"}],"wp:attachment":[{"href":"https:\/\/pro-con.hu\/de\/wp-json\/wp\/v2\/media?parent=2072"}],"wp:term":[{"taxonomy":"product_brand","embeddable":true,"href":"https:\/\/pro-con.hu\/de\/wp-json\/wp\/v2\/product_brand?post=2072"},{"taxonomy":"product_cat","embeddable":true,"href":"https:\/\/pro-con.hu\/de\/wp-json\/wp\/v2\/product_cat?post=2072"},{"taxonomy":"product_tag","embeddable":true,"href":"https:\/\/pro-con.hu\/de\/wp-json\/wp\/v2\/product_tag?post=2072"}],"curies":[{"name":"wp","href":"https:\/\/api.w.org\/{rel}","templated":true}]}}

<h2><b>PRO-CON CAMP 40' Campinghaus/Modulhaus</b></h2>
<p><b>Die touristische Investition der Zukunft!</b></p>
<p><strong>Entdecken Sie das PRO-CON CAMP 40' Containerhaus, das Campinghaus der Zukunft!</strong></p>
<p><strong>Der PROCON CAMP 40' ist ein modernes, modulares Containerhaus, das speziell für Vermietungszwecke entwickelt wurde. Es ist eine hervorragende Investition in den Campingtourismus, mit einem schnellen Return on Investment und einem stabilen Einkommen.</strong></p>
<h3><b>Warum das PRO-CON CAMP 40' Campinghaus?</b></h3>
<ul>
<li aria-level="1">Schnelle Rentabilität: Containerhäuser haben niedrigere Investitionskosten als herkömmliche Gebäude und können schneller gebaut werden. Das bedeutet schnellere Erträge und stabilere Einnahmen.</li>
</ul>
<ul>
<li aria-level="1">Einfache Wartung: Containerhäuser erfordern nur minimale Wartung, so dass Sie weniger Zeit und Energie für die Instandhaltung aufwenden müssen.</li>
</ul>
<ul>
<li aria-level="1">Langlebigkeit: Containerhäuser sind extrem langlebig und witterungsbeständig.</li>
</ul>
<ul>
<li aria-level="1">Mobilität: Containerhäuser sind leicht zu transportieren und können bei Bedarf versetzt werden.</li>
</ul>
<ul>
<li aria-level="1">Umweltfreundlich: Containerhäuser werden aus recycelten Materialien hergestellt und sind energieeffizient.</li>
</ul>
<h3><b>Die Vorteile des PRO-CON CAMP 40' Campinghauses:</b></h3>
<ul>
<li aria-level="1">Geräumiger Innenraum: Das 40 Fuß lange Containerhaus bietet komfortable Unterkunft für 4-6 Personen.</li>
</ul>
<ul>
<li aria-level="1">Modernes Design: Das Containerhaus ist modern und stilvoll, was für die Gäste attraktiv ist.</li>
</ul>
<ul>
<li aria-level="1">Voll ausgestattet: Das Containerhaus verfügt über eine voll ausgestattete Küche, ein Badezimmer und ein Wohnzimmer.</li>
</ul>
<ul>
<li aria-level="1">Terrasse: Das Containerhaus verfügt über eine Terrasse, von der aus die Gäste die Aussicht genießen können.</li>
</ul>
<h3><b>Das PRO-CON CAMP 40' Campinghaus ist ideal:</b></h3>
<ul>
<li>Für Campingplätze</li>
<li>Für Feriendörfer</li>
<li>Für Ferienparks</li>
<li>Für Personen, die in den Campingtourismus investieren wollen</li>
</ul>
<h3><b>Das PRO-CON CAMP ist ein 40' Ferienhaus / Containerhaus:</b></h3>
<ul>
<li style="font-weight: 400;" aria-level="1"><span style="font-weight: 400;">40 m2 Bodenfläche</span></li>
<li style="font-weight: 400;" aria-level="1"><span style="font-weight: 400;">2 Schlafzimmer</span></li>
<li style="font-weight: 400;" aria-level="1"><span style="font-weight: 400;">Nappalival</span></li>
<li style="font-weight: 400;" aria-level="1"><span style="font-weight: 400;">Mit Küche</span></li>
<li style="font-weight: 400;" aria-level="1"><span style="font-weight: 400;">Mit Bad</span></li>
<li style="font-weight: 400;" aria-level="1"><span style="font-weight: 400;">Mit Terrasse</span></li>
</ul>
<h3><b>Ausstattung der Containerunterkunft:</b></h3>
<ul>
<li style="font-weight: 400;" aria-level="1"><span style="font-weight: 400;">Möbel</span></li>
<li style="font-weight: 400;" aria-level="1"><span style="font-weight: 400;">Mechanisierte Küche</span></li>
<li style="font-weight: 400;" aria-level="1"><span style="font-weight: 400;">Kühlschrank</span></li>
<li style="font-weight: 400;" aria-level="1"><span style="font-weight: 400;">Mikrowellenherd</span></li>
<li style="font-weight: 400;" aria-level="1"><span style="font-weight: 400;">Kochplatte</span></li>
<li style="font-weight: 400;" aria-level="1"><span style="font-weight: 400;">Klimatisierung</span></li>
<li style="font-weight: 400;" aria-level="1"><span style="font-weight: 400;">usw.</span></li>
</ul>
<h4><strong>Abmessungen</strong></h4>
<ul>
<li>Äußere Breite: 3,00 m</li>
<li>Äußere Länge: 12,00 m</li>
<li>Außenhöhe: 2,80 - 2,90 m</li>
</ul>
<h4><strong>Strukturelle Parameter</strong></h4>
<ul>
<li><strong>Struktur des Rahmens</strong>:
<ul>
<li>geschweißte Säulen aus Kohlenstoffstahl 50 x 50 x 3 mm;</li>
<li>Balken 80 x 60 x 3 mm</li>
<li>Polyurethan-Lackierung, Farbe ral7016</li>
</ul>
</li>
<li><strong>Dach</strong>:
<ul>
<li>Neigung: - 3 %</li>
<li>Material: 100 mm PP-Sandwichplatte</li>
<li>Isolierwert: (Uc) 0,39 W (m2 * K)</li>
<li>Farbe: RAL 9006/9010</li>
</ul>
</li>
<li><strong>Boden</strong>:
<ul>
<li>Sandwichplatte 100 mm PP auf geschweißtem Grundrahmen</li>
<li>MFP-Platte 18 mm, Linoleumbelag</li>
</ul>
</li>
<li><strong>Wände</strong>:
<ul>
<li>Sandwichplatte 100 mm / 50 mm PP<br />
Isolationswert (Uc) von 0,39 W / (m2 * K) - Farbe RAL 7016/9010</li>
</ul>
</li>
<li><strong>Windows</strong>:
<ul>
<li>PVC-Fenster BNY 1 800 x 600 mm (RAL 7016/9010) - 2 Stück</li>
<li>PVC-Fenster NY 600 x 600 mm (RAL 7016/9010) - 1 Stück</li>
<li>Fenster PVC fest + schiebbar 2 000 x 2 100 mm (RAL 7016/9010) - 2 Stück</li>
<li>Fenster PVC Bukó 600 x 2 100 mm (RAL 7016/9010) - 2 Stück</li>
</ul>
</li>
<li><strong>Tür</strong>:
<ul>
<li>Außen-Sicherheitstür 900 x 2 100 mm (RAL 7016) - 1 Stück</li>
</ul>
</li>
<li><strong>Innenraum</strong>:
<ul>
<li>Innenwände: Sandwichpaneel 50 mm PP + VOX MOTIVO BASIC Dekorwandplatte oder Holzverkleidung</li>
<li>Innentür: 700 x 2 050 mm (RAL 9010) - 1 Stück</li>
</ul>
</li>
<li><strong>Wassertechnik</strong>:
<ul>
<li>WC SAPHO Paco Randlos-Kombi - 1 Stück</li>
<li>Duschkabine - 1 Doppel RAVAK v gleichwertig - 1</li>
<li>Kessel - 1 Stück - Ariston Velis EVO 100 v äquivalent - 1 Stück</li>
<li>Badezimmerschrank IKEA HEMNES / TÖRNVIKEN - 1 Stück</li>
<li>Küche - Wasser- und Abwasseraufbereitung</li>
</ul>
</li>
</ul>
<p><b>Weitere Informationen:</b></p>
<ul>
<li style="font-weight: 400;" aria-level="1"><span style="font-weight: 400;">Website: <a href="https://www.almaskemp.hu/" target="_blank" rel="noopener">almasglamp.hu</a></span></li>
</ul>
<p><iframe title="Versteck im Wald - AlmasGlamp Zebegény" width="800" height="450" src="https://www.youtube.com/embed/r3BfrKc4ISY?feature=oembed&#038;enablejsapi=1&#038;origin=https://pro-con.hu" frameborder="0" allow="accelerometer; autoplay; clipboard-write; encrypted-media; gyroscope; picture-in-picture; web-share" referrerpolicy="strict-origin-when-cross-origin" allowfullscreen></iframe></p>
<p><b>Kontaktieren Sie uns noch heute für ein kostenloses Angebot für das PROCON CAMP 40' Ferienhaus / Containerhaus!</b></p>
<p>In einer anderen Größe anzeigen: <a href="https://pro-con.hu/de/produkt/pro-con-camp-20-kempinghaz/">20′ Camping Haus</a></p>

<p>Ob Sie eine Familie oder eine kleine Gruppe von Freunden sind, ein perfekt gestaltetes Fast-Fit-Haus wie dieses bietet viel Platz. Es ist ideal für 4-5 Personen.</p>
