{"id":886,"date":"2024-03-22T08:04:19","date_gmt":"2024-03-22T08:04:19","guid":{"rendered":"https:\/\/pro-con.hu\/?post_type=product&#038;p=886"},"modified":"2024-09-02T15:08:23","modified_gmt":"2024-09-02T13:08:23","slug":"pro-con-camp-20-kempinghaz","status":"publish","type":"product","link":"https:\/\/pro-con.hu\/cs\/produkt\/pro-con-camp-20-kempinghaz\/","title":{"rendered":"PRO-CON CAMP 20' kempinkov\u00fd domek"},"content":{"rendered":"<h2>PRO-CON CAMP 20' kempinkov\u00fd domek \/ mal\u00fd domek<\/h2>\n<p><b>Objevte modulov\u00fd d\u016fm PRO-CON CAMP 20' Tiny House:<\/b><span style=\"font-weight: 400;\"> ide\u00e1ln\u00ed investice do rostouc\u00edho segmentu trhu s kempy! Tento kompaktn\u00ed, stylov\u00fd a pohodln\u00fd rekrea\u010dn\u00ed d\u016fm je ide\u00e1ln\u00ed volbou pro hosty, kte\u0159\u00ed cht\u011bj\u00ed tr\u00e1vit sv\u016fj voln\u00fd \u010das v bl\u00edzkosti p\u0159\u00edrody.<\/span><\/p>\n<p><b>Pro\u010d si vybrat PRO-CON CAMP 20' Tiny House?<\/b><\/p>\n<ul>\n<li style=\"font-weight: 400;\" aria-level=\"1\"><b>Vynikaj\u00edc\u00ed investice:<\/b><span style=\"font-weight: 400;\"> Trh s kempinkov\u00fdmi domy se rychle rozv\u00edj\u00ed a pr\u00e1zdninov\u00fd d\u016fm PROCON CAMP 20' Tiny House Getaway je ide\u00e1ln\u00ed volbou pro investory, kte\u0159\u00ed cht\u011bj\u00ed vyu\u017e\u00edt rostouc\u00ed popt\u00e1vky.<\/span><\/li>\n<li style=\"font-weight: 400;\" aria-level=\"1\"><b>Snadn\u00e9 ovl\u00e1d\u00e1n\u00ed:<\/b><span style=\"font-weight: 400;\"> Rekrea\u010dn\u00ed d\u016fm vy\u017eaduje minim\u00e1ln\u00ed \u00fadr\u017ebu, tak\u017ee se nemus\u00edte starat o neust\u00e1l\u00fd dohled.<\/span><\/li>\n<li style=\"font-weight: 400;\" aria-level=\"1\"><b>\u00daspora m\u00edsta:<\/b><span style=\"font-weight: 400;\"> D\u00edky sv\u00fdm kompaktn\u00edm rozm\u011br\u016fm se rekrea\u010dn\u00ed d\u016fm vejde na malou plochu, tak\u017ee je ide\u00e1ln\u00ed pro men\u0161\u00ed kempy.<\/span><\/li>\n<li style=\"font-weight: 400;\" aria-level=\"1\"><b>Pohodln\u00e9 a stylov\u00e9:<\/b><span style=\"font-weight: 400;\"> Rekrea\u010dn\u00ed d\u016fm m\u00e1 modern\u00ed interi\u00e9r i exteri\u00e9r a poskytuje host\u016fm ve\u0161ker\u00e9 pot\u0159ebn\u00e9 vybaven\u00ed.<\/span><\/li>\n<li style=\"font-weight: 400;\" aria-level=\"1\"><b>\u0160etrn\u00e9 k \u017eivotn\u00edmu prost\u0159ed\u00ed:<\/b><span style=\"font-weight: 400;\"> Rekrea\u010dn\u00ed d\u016fm je vyroben z energeticky \u00fasporn\u00fdch a udr\u017eiteln\u00fdch materi\u00e1l\u016f, tak\u017ee m\u00e1 minim\u00e1ln\u00ed dopad na \u017eivotn\u00ed prost\u0159ed\u00ed.<\/span><\/li>\n<\/ul>\n<p><b>Vlastnosti mal\u00e9ho domku PRO-CON CAMP 20':<\/b><\/p>\n<ul>\n<li style=\"font-weight: 400;\" aria-level=\"1\"><span style=\"font-weight: 400;\">D\u00e9lka 20 stop (6 metr\u016f)<\/span><\/li>\n<li style=\"font-weight: 400;\" aria-level=\"1\"><span style=\"font-weight: 400;\">1 lo\u017enice<\/span><\/li>\n<li style=\"font-weight: 400;\" aria-level=\"1\"><span style=\"font-weight: 400;\">1 koupelna<\/span><\/li>\n<li style=\"font-weight: 400;\" aria-level=\"1\"><span style=\"font-weight: 400;\">Pln\u011b vybaven\u00e1 kuchyn\u011b<\/span><\/li>\n<li style=\"font-weight: 400;\" aria-level=\"1\"><span style=\"font-weight: 400;\">Nappali<\/span><\/li>\n<li style=\"font-weight: 400;\" aria-level=\"1\"><span style=\"font-weight: 400;\">Terasa<\/span><\/li>\n<li style=\"font-weight: 400;\" aria-level=\"1\"><span style=\"font-weight: 400;\">Klimatizace<\/span><\/li>\n<li style=\"font-weight: 400;\" aria-level=\"1\"><span style=\"font-weight: 400;\">Elektrick\u00e9 vyt\u00e1p\u011bn\u00ed<\/span><\/li>\n<li style=\"font-weight: 400;\" aria-level=\"1\"><span style=\"font-weight: 400;\">Syst\u00e9m sol\u00e1rn\u00edch panel\u016f<\/span><\/li>\n<\/ul>\n<p><b>Dome\u010dek PRO-CON CAMP 20' Tiny House Getaway je ide\u00e1ln\u00ed volbou:<\/b><\/p>\n<ul>\n<li style=\"font-weight: 400;\" aria-level=\"1\"><span style=\"font-weight: 400;\">Pro kempy<\/span><\/li>\n<li style=\"font-weight: 400;\" aria-level=\"1\"><span style=\"font-weight: 400;\">Pro investory<\/span><\/li>\n<li style=\"font-weight: 400;\" aria-level=\"1\"><span style=\"font-weight: 400;\">Pro jednotlivce, kte\u0159\u00ed cht\u011bj\u00ed provozovat penzion<\/span><\/li>\n<li style=\"font-weight: 400;\" aria-level=\"1\"><span style=\"font-weight: 400;\">Pro ty, kte\u0159\u00ed cht\u011bj\u00ed relaxovat v bl\u00edzkosti p\u0159\u00edrody<\/span><\/li>\n<\/ul>\n<h4>Rozm\u011bry<\/h4>\n<ul>\n<li>Vn\u011bj\u0161\u00ed \u0161\u00ed\u0159ka: 3,00 m<\/li>\n<li>Vn\u011bj\u0161\u00ed d\u00e9lka: 6,00 m<\/li>\n<li>Vn\u011bj\u0161\u00ed v\u00fd\u0161ka: 2,80 - 2,90 m<\/li>\n<\/ul>\n<h4>Struktur\u00e1ln\u00ed parametry<\/h4>\n<ul>\n<li>Konstrukce r\u00e1mu:\n<ul>\n<li>sva\u0159ovan\u00e9 sloupky z uhl\u00edkov\u00e9 oceli 50 x 50 x 3 mm;<\/li>\n<li>nosn\u00edky 80 x 60 x 3 mm<\/li>\n<li>Polyuretanov\u00fd n\u00e1t\u011br, barva ral7016<\/li>\n<\/ul>\n<\/li>\n<li>St\u0159echa:\n<ul>\n<li>Sklon: - 3 %<\/li>\n<li>Materi\u00e1l: 100 mm PP sendvi\u010dov\u00fd panel<\/li>\n<li>Izola\u010dn\u00ed hodnota: (Uc) 0,39 W (m2 * K)<\/li>\n<li>Barva: RAL 9006\/9010<\/li>\n<\/ul>\n<\/li>\n<li>Podlaha:\n<ul>\n<li>Sendvi\u010dov\u00fd panel 100 mm PP na sva\u0159ovan\u00e9m z\u00e1kladn\u00edm r\u00e1mu<\/li>\n<li>MFP panel 18 mm, krytina linoleum<\/li>\n<\/ul>\n<\/li>\n<li>Windows:\n<ul>\n<li>Hlin\u00edkov\u00fd pevn\u00fd 2 700 x 1 800 mm (RAL 7016\/7016) - 1 ks<\/li>\n<li>PVC BNY 200 x 600 mm (RAL 7016\/7016) - 1 ks<\/li>\n<li>PVC BNY 600 x 600 mm (RAL 7016\/7016) - 1 ks<\/li>\n<\/ul>\n<\/li>\n<li>Dve\u0159e:\n<ul>\n<li>Vn\u011bj\u0161\u00ed bezpe\u010dnostn\u00ed dve\u0159e 900 x 2 100 mm (RAL 7016) - 1 ks<\/li>\n<\/ul>\n<\/li>\n<\/ul>\n<p>Referen\u010dn\u00ed video:<\/p>\n<p><iframe title=\"\u00dakryt v lese - AlmasGlamp Zebeg\u00e9ny\" width=\"800\" height=\"450\" src=\"https:\/\/www.youtube.com\/embed\/r3BfrKc4ISY?start=104&#038;feature=oembed&#038;enablejsapi=1&#038;origin=https:\/\/pro-con.hu\" frameborder=\"0\" allow=\"accelerometer; autoplay; clipboard-write; encrypted-media; gyroscope; picture-in-picture; web-share\" referrerpolicy=\"strict-origin-when-cross-origin\" allowfullscreen><\/iframe><\/p>\n<p><b>Z\u00edskejte bezplatnou cenovou nab\u00eddku na sv\u016fj mal\u00fd d\u016fm PROCON CAMP 20' je\u0161t\u011b dnes!<\/b><\/p>\n<p><b>PRO-KONTAKT: Spolehliv\u00fd partner pro budouc\u00ed investice.<\/b><\/p>\n<p>Zobrazit v jin\u00e9 velikosti: <a href=\"https:\/\/pro-con.hu\/cs\/produkt\/pro-con-camp-40-kemping-haz\/\">40' kempinkov\u00fd p\u0159\u00edst\u0159e\u0161ek<\/a><\/p>","protected":false},"excerpt":{"rendered":"<p>Kempinkov\u00fd d\u016fm, \u0161perkovnice skute\u010dn\u00fdch rozm\u011br\u016f. Navzdory sv\u00e9 mal\u00e9 velikosti nab\u00edz\u00ed prvot\u0159\u00eddn\u00ed kvalitu ubytov\u00e1n\u00ed pro v\u0161e, co pot\u0159ebujete, na klidn\u00e9m m\u00edst\u011b daleko od hluku sv\u011bta. Ide\u00e1ln\u00ed pro 2-3 osoby.<\/p>","protected":false},"featured_media":2001,"template":"","meta":{"_acf_changed":false},"product_brand":[],"product_cat":[28],"product_tag":[],"class_list":{"0":"post-886","1":"product","2":"type-product","3":"status-publish","4":"has-post-thumbnail","6":"product_cat-kontener-epitmenyek","8":"first","9":"instock","10":"shipping-taxable","11":"product-type-simple"},"acf":[],"_links":{"self":[{"href":"https:\/\/pro-con.hu\/cs\/wp-json\/wp\/v2\/product\/886","targetHints":{"allow":["GET"]}}],"collection":[{"href":"https:\/\/pro-con.hu\/cs\/wp-json\/wp\/v2\/product"}],"about":[{"href":"https:\/\/pro-con.hu\/cs\/wp-json\/wp\/v2\/types\/product"}],"version-history":[{"count":26,"href":"https:\/\/pro-con.hu\/cs\/wp-json\/wp\/v2\/product\/886\/revisions"}],"predecessor-version":[{"id":3289,"href":"https:\/\/pro-con.hu\/cs\/wp-json\/wp\/v2\/product\/886\/revisions\/3289"}],"wp:featuredmedia":[{"embeddable":true,"href":"https:\/\/pro-con.hu\/cs\/wp-json\/wp\/v2\/media\/2001"}],"wp:attachment":[{"href":"https:\/\/pro-con.hu\/cs\/wp-json\/wp\/v2\/media?parent=886"}],"wp:term":[{"taxonomy":"product_brand","embeddable":true,"href":"https:\/\/pro-con.hu\/cs\/wp-json\/wp\/v2\/product_brand?post=886"},{"taxonomy":"product_cat","embeddable":true,"href":"https:\/\/pro-con.hu\/cs\/wp-json\/wp\/v2\/product_cat?post=886"},{"taxonomy":"product_tag","embeddable":true,"href":"https:\/\/pro-con.hu\/cs\/wp-json\/wp\/v2\/product_tag?post=886"}],"curies":[{"name":"wp","href":"https:\/\/api.w.org\/{rel}","templated":true}]}}

PRO-CON CAMP 20' kempinkový domek

<h2>PRO-CON CAMP 20' kempinkový domek / malý domek</h2>
<p><b>Objevte modulový dům PRO-CON CAMP 20' Tiny House:</b><span style="font-weight: 400;"> ideální investice do rostoucího segmentu trhu s kempy! Tento kompaktní, stylový a pohodlný rekreační dům je ideální volbou pro hosty, kteří chtějí trávit svůj volný čas v blízkosti přírody.</span></p>
<p><b>Proč si vybrat PRO-CON CAMP 20' Tiny House?</b></p>
<ul>
<li style="font-weight: 400;" aria-level="1"><b>Vynikající investice:</b><span style="font-weight: 400;"> Trh s kempinkovými domy se rychle rozvíjí a prázdninový dům PROCON CAMP 20' Tiny House Getaway je ideální volbou pro investory, kteří chtějí využít rostoucí poptávky.</span></li>
<li style="font-weight: 400;" aria-level="1"><b>Snadné ovládání:</b><span style="font-weight: 400;"> Rekreační dům vyžaduje minimální údržbu, takže se nemusíte starat o neustálý dohled.</span></li>
<li style="font-weight: 400;" aria-level="1"><b>Úspora místa:</b><span style="font-weight: 400;"> Díky svým kompaktním rozměrům se rekreační dům vejde na malou plochu, takže je ideální pro menší kempy.</span></li>
<li style="font-weight: 400;" aria-level="1"><b>Pohodlné a stylové:</b><span style="font-weight: 400;"> Rekreační dům má moderní interiér i exteriér a poskytuje hostům veškeré potřebné vybavení.</span></li>
<li style="font-weight: 400;" aria-level="1"><b>Šetrné k životnímu prostředí:</b><span style="font-weight: 400;"> Rekreační dům je vyroben z energeticky úsporných a udržitelných materiálů, takže má minimální dopad na životní prostředí.</span></li>
</ul>
<p><b>Vlastnosti malého domku PRO-CON CAMP 20':</b></p>
<ul>
<li style="font-weight: 400;" aria-level="1"><span style="font-weight: 400;">Délka 20 stop (6 metrů)</span></li>
<li style="font-weight: 400;" aria-level="1"><span style="font-weight: 400;">1 ložnice</span></li>
<li style="font-weight: 400;" aria-level="1"><span style="font-weight: 400;">1 koupelna</span></li>
<li style="font-weight: 400;" aria-level="1"><span style="font-weight: 400;">Plně vybavená kuchyně</span></li>
<li style="font-weight: 400;" aria-level="1"><span style="font-weight: 400;">Nappali</span></li>
<li style="font-weight: 400;" aria-level="1"><span style="font-weight: 400;">Terasa</span></li>
<li style="font-weight: 400;" aria-level="1"><span style="font-weight: 400;">Klimatizace</span></li>
<li style="font-weight: 400;" aria-level="1"><span style="font-weight: 400;">Elektrické vytápění</span></li>
<li style="font-weight: 400;" aria-level="1"><span style="font-weight: 400;">Systém solárních panelů</span></li>
</ul>
<p><b>Domeček PRO-CON CAMP 20' Tiny House Getaway je ideální volbou:</b></p>
<ul>
<li style="font-weight: 400;" aria-level="1"><span style="font-weight: 400;">Pro kempy</span></li>
<li style="font-weight: 400;" aria-level="1"><span style="font-weight: 400;">Pro investory</span></li>
<li style="font-weight: 400;" aria-level="1"><span style="font-weight: 400;">Pro jednotlivce, kteří chtějí provozovat penzion</span></li>
<li style="font-weight: 400;" aria-level="1"><span style="font-weight: 400;">Pro ty, kteří chtějí relaxovat v blízkosti přírody</span></li>
</ul>
<h4>Rozměry</h4>
<ul>
<li>Vnější šířka: 3,00 m</li>
<li>Vnější délka: 6,00 m</li>
<li>Vnější výška: 2,80 - 2,90 m</li>
</ul>
<h4>Strukturální parametry</h4>
<ul>
<li>Konstrukce rámu:
<ul>
<li>svařované sloupky z uhlíkové oceli 50 x 50 x 3 mm;</li>
<li>nosníky 80 x 60 x 3 mm</li>
<li>Polyuretanový nátěr, barva ral7016</li>
</ul>
</li>
<li>Střecha:
<ul>
<li>Sklon: - 3 %</li>
<li>Materiál: 100 mm PP sendvičový panel</li>
<li>Izolační hodnota: (Uc) 0,39 W (m2 * K)</li>
<li>Barva: RAL 9006/9010</li>
</ul>
</li>
<li>Podlaha:
<ul>
<li>Sendvičový panel 100 mm PP na svařovaném základním rámu</li>
<li>MFP panel 18 mm, krytina linoleum</li>
</ul>
</li>
<li>Windows:
<ul>
<li>Hliníkový pevný 2 700 x 1 800 mm (RAL 7016/7016) - 1 ks</li>
<li>PVC BNY 200 x 600 mm (RAL 7016/7016) - 1 ks</li>
<li>PVC BNY 600 x 600 mm (RAL 7016/7016) - 1 ks</li>
</ul>
</li>
<li>Dveře:
<ul>
<li>Vnější bezpečnostní dveře 900 x 2 100 mm (RAL 7016) - 1 ks</li>
</ul>
</li>
</ul>
<p>Referenční video:</p>
<p><iframe title="Úkryt v lese - AlmasGlamp Zebegény" width="800" height="450" src="https://www.youtube.com/embed/r3BfrKc4ISY?start=104&#038;feature=oembed&#038;enablejsapi=1&#038;origin=https://pro-con.hu" frameborder="0" allow="accelerometer; autoplay; clipboard-write; encrypted-media; gyroscope; picture-in-picture; web-share" referrerpolicy="strict-origin-when-cross-origin" allowfullscreen></iframe></p>
<p><b>Získejte bezplatnou cenovou nabídku na svůj malý dům PROCON CAMP 20' ještě dnes!</b></p>
<p><b>PRO-KONTAKT: Spolehlivý partner pro budoucí investice.</b></p>
<p>Zobrazit v jiné velikosti: <a href="https://pro-con.hu/cs/produkt/pro-con-camp-40-kemping-haz/">40' kempinkový přístřešek</a></p>

<p>Kempinkový dům, šperkovnice skutečných rozměrů. Navzdory své malé velikosti nabízí prvotřídní kvalitu ubytování pro vše, co potřebujete, na klidném místě daleko od hluku světa. Ideální pro 2-3 osoby.</p>
