{"id":2464,"date":"2024-04-19T13:48:31","date_gmt":"2024-04-19T13:48:31","guid":{"rendered":"https:\/\/pro-con.hu\/?post_type=product&#038;p=2464"},"modified":"2024-04-24T15:40:12","modified_gmt":"2024-04-24T13:40:12","slug":"pro-con-homeoffice-20-kontener-dolgozoszoba","status":"publish","type":"product","link":"https:\/\/pro-con.hu\/cs\/produkt\/pro-con-homeoffice-20-kontener-dolgozoszoba\/","title":{"rendered":"PRO-CON HOMEOFFICE 20' kontejnerov\u00e1 studie"},"content":{"rendered":"<h2 data-sourcepos=\"1:1-1:64\">Kontejnerov\u00e1 kancel\u00e1\u0159 PROCON Home Office 20\u2032:<\/h2>\n<h3 data-sourcepos=\"1:1-1:64\">Perfektn\u00ed dom\u00e1c\u00ed pracovn\u00ed stanice, pracujte svobodn\u011b!<\/h3>\n<p data-sourcepos=\"3:1-3:118\"><strong>P\u0159edstavte si, \u017ee sed\u00edte v klidn\u00e9 profesion\u00e1ln\u00ed kancel\u00e1\u0159i na zahrad\u011b a oknem do n\u00ed proud\u00ed slune\u010dn\u00ed paprsky.<\/strong><\/p>\n<p data-sourcepos=\"5:1-5:223\">Kontejnerov\u00e1 dom\u00e1c\u00ed kancel\u00e1\u0159 PRO-CON je jedine\u010dn\u011b navr\u017een\u00e9, modern\u00ed a pohodln\u00e9 pracovn\u00ed m\u00edsto na zahrad\u011b. K jej\u00ed instalaci nen\u00ed pot\u0159eba stavebn\u00ed povolen\u00ed, nenaru\u0161uje zelenou plochu na stavebn\u00edm pozemku a na stavbu nemus\u00edte \u010dekat m\u011bs\u00edce.<\/p>\n<h3 data-sourcepos=\"7:1-7:50\"><strong>Pro\u010d si vybrat kontejnerovou dom\u00e1c\u00ed kancel\u00e1\u0159 PRO-CON?<\/strong><\/h3>\n<ul data-sourcepos=\"9:1-14:0\">\n<li data-sourcepos=\"9:1-9:111\"><strong>Rychl\u00e1 a snadn\u00e1 instalace:<\/strong> Kontejnery se dod\u00e1vaj\u00ed jako prefabrikovan\u00e9 a lze je postavit b\u011bhem n\u011bkolika dn\u00ed.<\/li>\n<li data-sourcepos=\"10:1-10:117\"><strong>N\u00e1kladov\u011b efektivn\u00ed:<\/strong> Kontejnerov\u00e9 kancel\u00e1\u0159e maj\u00ed ni\u017e\u0161\u00ed jednotkov\u00e9 n\u00e1klady ne\u017e b\u011b\u017en\u00e9 budovy a vy\u017eaduj\u00ed m\u00e9n\u011b \u00fadr\u017eby.<\/li>\n<li data-sourcepos=\"11:1-11:151\"><strong>Odoln\u00e9 a flexibiln\u00ed:<\/strong>\u00a0Kontejnerov\u00e9 kancel\u00e1\u0159e jsou trvanliv\u00e9 a odoln\u00e9 v\u016f\u010di pov\u011btrnostn\u00edm vliv\u016fm. V p\u0159\u00edpad\u011b pot\u0159eby je lze snadno roz\u0161\u00ed\u0159it nebo p\u0159em\u00edstit.<\/li>\n<li data-sourcepos=\"12:1-12:79\"><strong>Energetick\u00e1 \u00fa\u010dinnost:<\/strong> Kontejnerov\u00e9 kancel\u00e1\u0159e jsou energeticky \u00fasporn\u00e9 a vyroben\u00e9 z materi\u00e1l\u016f \u0161etrn\u00fdch k \u017eivotn\u00edmu prost\u0159ed\u00ed.<\/li>\n<li data-sourcepos=\"13:1-14:0\"><strong>Modern\u00ed a stylov\u00e9:<\/strong>\u00a0Zahrady v kontejnerech maj\u00ed modern\u00ed a stylov\u00fd vzhled, kter\u00fd dokonale zapadne do ka\u017ed\u00e9ho zahradn\u00edho prost\u0159ed\u00ed.<\/li>\n<\/ul>\n<h3 data-sourcepos=\"15:1-15:95\"><strong>Kontejnerov\u00e1 dom\u00e1c\u00ed kancel\u00e1\u0159 PRO-CON m\u00e1 mnoho funkc\u00ed, kter\u00e9 v\u00e1m usnadn\u00ed pr\u00e1ci:<\/strong><\/h3>\n<ul data-sourcepos=\"17:1-21:0\">\n<li data-sourcepos=\"17:1-17:105\"><strong>Tepeln\u00e1 izolace:<\/strong>\u00a0Kontejnerov\u00e9 kancel\u00e1\u0159e jsou izolovan\u00e9, aby v nich bylo p\u0159\u00edjemn\u011b po cel\u00fd rok.<\/li>\n<li data-sourcepos=\"18:1-18:171\"><strong>Elektrick\u00e1 s\u00ed\u0165:<\/strong>\u00a0Kontejnerov\u00e9 kancel\u00e1\u0159e maj\u00ed zabudovan\u00e9 nap\u00e1jen\u00ed, tak\u017ee m\u016f\u017eete p\u0159ipojit po\u010d\u00edta\u010d, tisk\u00e1rnu a dal\u0161\u00ed elektroniku.<\/li>\n<li data-sourcepos=\"19:1-19:66\"><strong>Internet:<\/strong>\u00a0V kontejnerov\u00fdch kancel\u00e1\u0159\u00edch je k dispozici tak\u00e9 p\u0159\u00edstup k internetu.<\/li>\n<li data-sourcepos=\"20:1-21:0\"><strong>N\u00e1bytek:<\/strong> Kontejnerov\u00e9 kancel\u00e1\u0159e lze vybavit n\u00e1bytkem podle va\u0161ich pot\u0159eb.<\/li>\n<\/ul>\n<p data-sourcepos=\"24:1-24:143\">Nav\u0161tivte na\u0161e webov\u00e9 str\u00e1nky nebo n\u00e1m zavolejte a z\u00edskejte bezplatnou nab\u00eddku na kontejnerovou kancel\u00e1\u0159 PRO-CON Home Office.<\/p>\n<p data-sourcepos=\"26:1-26:200\">S kontejnerovou kancel\u00e1\u0159\u00ed PRO-CON Home Office si m\u016f\u017eete u\u017e\u00edvat pohodl\u00ed a flexibility pr\u00e1ce z domova a z\u00e1rove\u0148 pracovat v profesion\u00e1ln\u00edm a inspirativn\u00edm prost\u0159ed\u00ed.<\/p>\n<p data-sourcepos=\"26:1-26:200\"><strong>Z\u00edskejte bezplatnou nab\u00eddku je\u0161t\u011b dnes a vyhn\u011bte se podobn\u00fdm situac\u00edm!<\/strong><\/p>\n<p><iframe title=\"D\u011bti p\u0159eru\u0161ily rozhovor pro BBC News - BBC News\" width=\"800\" height=\"450\" src=\"https:\/\/www.youtube.com\/embed\/Mh4f9AYRCZY?feature=oembed\" frameborder=\"0\" allow=\"accelerometer; autoplay; clipboard-write; encrypted-media; gyroscope; picture-in-picture; web-share\" referrerpolicy=\"strict-origin-when-cross-origin\" allowfullscreen><\/iframe><\/p>","protected":false},"excerpt":{"rendered":"<p>Kontejnerov\u00e1 dom\u00e1c\u00ed kancel\u00e1\u0159 PRO-CON je jedine\u010dn\u011b navr\u017een\u00e9, modern\u00ed a pohodln\u00e9 pracovn\u00ed m\u00edsto na zahrad\u011b. K jej\u00ed instalaci nen\u00ed pot\u0159eba stavebn\u00ed povolen\u00ed, nenaru\u0161uje zelenou plochu na stavebn\u00edm pozemku a na stavbu nemus\u00edte \u010dekat m\u011bs\u00edce.<\/p>","protected":false},"featured_media":2465,"template":"","meta":{"_acf_changed":false},"product_brand":[],"product_cat":[28],"product_tag":[],"class_list":{"0":"post-2464","1":"product","2":"type-product","3":"status-publish","4":"has-post-thumbnail","6":"product_cat-kontener-epitmenyek","8":"first","9":"instock","10":"shipping-taxable","11":"product-type-simple"},"acf":[],"_links":{"self":[{"href":"https:\/\/pro-con.hu\/cs\/wp-json\/wp\/v2\/product\/2464","targetHints":{"allow":["GET"]}}],"collection":[{"href":"https:\/\/pro-con.hu\/cs\/wp-json\/wp\/v2\/product"}],"about":[{"href":"https:\/\/pro-con.hu\/cs\/wp-json\/wp\/v2\/types\/product"}],"version-history":[{"count":6,"href":"https:\/\/pro-con.hu\/cs\/wp-json\/wp\/v2\/product\/2464\/revisions"}],"predecessor-version":[{"id":2657,"href":"https:\/\/pro-con.hu\/cs\/wp-json\/wp\/v2\/product\/2464\/revisions\/2657"}],"wp:featuredmedia":[{"embeddable":true,"href":"https:\/\/pro-con.hu\/cs\/wp-json\/wp\/v2\/media\/2465"}],"wp:attachment":[{"href":"https:\/\/pro-con.hu\/cs\/wp-json\/wp\/v2\/media?parent=2464"}],"wp:term":[{"taxonomy":"product_brand","embeddable":true,"href":"https:\/\/pro-con.hu\/cs\/wp-json\/wp\/v2\/product_brand?post=2464"},{"taxonomy":"product_cat","embeddable":true,"href":"https:\/\/pro-con.hu\/cs\/wp-json\/wp\/v2\/product_cat?post=2464"},{"taxonomy":"product_tag","embeddable":true,"href":"https:\/\/pro-con.hu\/cs\/wp-json\/wp\/v2\/product_tag?post=2464"}],"curies":[{"name":"wp","href":"https:\/\/api.w.org\/{rel}","templated":true}]}}

PRO-CON HOMEOFFICE 20' kontejnerová studie

<h2 data-sourcepos="1:1-1:64">Kontejnerová kancelář PROCON Home Office 20′:</h2>
<h3 data-sourcepos="1:1-1:64">Perfektní domácí pracovní stanice, pracujte svobodně!</h3>
<p data-sourcepos="3:1-3:118"><strong>Představte si, že sedíte v klidné profesionální kanceláři na zahradě a oknem do ní proudí sluneční paprsky.</strong></p>
<p data-sourcepos="5:1-5:223">Kontejnerová domácí kancelář PRO-CON je jedinečně navržené, moderní a pohodlné pracovní místo na zahradě. K její instalaci není potřeba stavební povolení, nenarušuje zelenou plochu na stavebním pozemku a na stavbu nemusíte čekat měsíce.</p>
<h3 data-sourcepos="7:1-7:50"><strong>Proč si vybrat kontejnerovou domácí kancelář PRO-CON?</strong></h3>
<ul data-sourcepos="9:1-14:0">
<li data-sourcepos="9:1-9:111"><strong>Rychlá a snadná instalace:</strong> Kontejnery se dodávají jako prefabrikované a lze je postavit během několika dní.</li>
<li data-sourcepos="10:1-10:117"><strong>Nákladově efektivní:</strong> Kontejnerové kanceláře mají nižší jednotkové náklady než běžné budovy a vyžadují méně údržby.</li>
<li data-sourcepos="11:1-11:151"><strong>Odolné a flexibilní:</strong> Kontejnerové kanceláře jsou trvanlivé a odolné vůči povětrnostním vlivům. V případě potřeby je lze snadno rozšířit nebo přemístit.</li>
<li data-sourcepos="12:1-12:79"><strong>Energetická účinnost:</strong> Kontejnerové kanceláře jsou energeticky úsporné a vyrobené z materiálů šetrných k životnímu prostředí.</li>
<li data-sourcepos="13:1-14:0"><strong>Moderní a stylové:</strong> Zahrady v kontejnerech mají moderní a stylový vzhled, který dokonale zapadne do každého zahradního prostředí.</li>
</ul>
<h3 data-sourcepos="15:1-15:95"><strong>Kontejnerová domácí kancelář PRO-CON má mnoho funkcí, které vám usnadní práci:</strong></h3>
<ul data-sourcepos="17:1-21:0">
<li data-sourcepos="17:1-17:105"><strong>Tepelná izolace:</strong> Kontejnerové kanceláře jsou izolované, aby v nich bylo příjemně po celý rok.</li>
<li data-sourcepos="18:1-18:171"><strong>Elektrická síť:</strong> Kontejnerové kanceláře mají zabudované napájení, takže můžete připojit počítač, tiskárnu a další elektroniku.</li>
<li data-sourcepos="19:1-19:66"><strong>Internet:</strong> V kontejnerových kancelářích je k dispozici také přístup k internetu.</li>
<li data-sourcepos="20:1-21:0"><strong>Nábytek:</strong> Kontejnerové kanceláře lze vybavit nábytkem podle vašich potřeb.</li>
</ul>
<p data-sourcepos="24:1-24:143">Navštivte naše webové stránky nebo nám zavolejte a získejte bezplatnou nabídku na kontejnerovou kancelář PRO-CON Home Office.</p>
<p data-sourcepos="26:1-26:200">S kontejnerovou kanceláří PRO-CON Home Office si můžete užívat pohodlí a flexibility práce z domova a zároveň pracovat v profesionálním a inspirativním prostředí.</p>
<p data-sourcepos="26:1-26:200"><strong>Získejte bezplatnou nabídku ještě dnes a vyhněte se podobným situacím!</strong></p>
<p><iframe title="Děti přerušily rozhovor pro BBC News - BBC News" width="800" height="450" src="https://www.youtube.com/embed/Mh4f9AYRCZY?feature=oembed" frameborder="0" allow="accelerometer; autoplay; clipboard-write; encrypted-media; gyroscope; picture-in-picture; web-share" referrerpolicy="strict-origin-when-cross-origin" allowfullscreen></iframe></p>

<p>Kontejnerová domácí kancelář PRO-CON je jedinečně navržené, moderní a pohodlné pracovní místo na zahradě. K její instalaci není potřeba stavební povolení, nenarušuje zelenou plochu na stavebním pozemku a na stavbu nemusíte čekat měsíce.</p>
