{"id":2309,"date":"2024-04-18T11:44:50","date_gmt":"2024-04-18T11:44:50","guid":{"rendered":"https:\/\/pro-con.hu\/?post_type=product&#038;p=2309"},"modified":"2024-04-24T19:47:03","modified_gmt":"2024-04-24T17:47:03","slug":"pro-con-store-40hc-raktarkontener-ral7016","status":"publish","type":"product","link":"https:\/\/pro-con.hu\/cs\/produkt\/pro-con-store-40hc-raktarkontener-ral7016\/","title":{"rendered":"Skladovac\u00ed kontejner PRO-CON STORE 40'HC ral7016"},"content":{"rendered":"<h2><b>Jednosm\u011brn\u00fd skladovac\u00ed kontejner PRO-CON 40HC v barv\u011b RAL7016: <\/b><\/h2>\n<h3><b>Praktick\u00e9 \u0159e\u0161en\u00ed pro va\u0161e pot\u0159eby do\u010dasn\u00e9ho skladov\u00e1n\u00ed<\/b><\/h3>\n<p><span style=\"font-weight: 400;\">Jednocestn\u00fd skladovac\u00ed kontejner PROCON 40HC je ide\u00e1ln\u00edm \u0159e\u0161en\u00edm pro va\u0161e pot\u0159eby do\u010dasn\u00e9ho skladov\u00e1n\u00ed. Kontejner je nov\u00fd a inovativn\u00ed, vyroben\u00fd z vysoce kvalitn\u00edch materi\u00e1l\u016f, tak\u017ee je zaru\u010den\u011b odoln\u00fd a vodot\u011bsn\u00fd.<\/span><\/p>\n<h2><b>V\u00fdhody jednocestn\u00e9ho skladovac\u00edho kontejneru PRO-CON 40HC:<\/b><\/h2>\n<ul>\n<li style=\"font-weight: 400;\" aria-level=\"1\"><b>Prostorn\u00fd interi\u00e9r:<\/b><span style=\"font-weight: 400;\"> Kontejner m\u00e1 27 metr\u016f krychlov\u00fdch vnit\u0159n\u00edho prostoru, co\u017e poskytuje dostatek m\u00edsta pro ulo\u017een\u00ed zbo\u017e\u00ed, n\u00e1bytku, kancel\u00e1\u0159sk\u00e9ho vybaven\u00ed nebo jin\u00fdch p\u0159edm\u011bt\u016f.<\/span><\/li>\n<li style=\"font-weight: 400;\" aria-level=\"1\"><b>Snadn\u00e1 p\u0159eprava:<\/b><span style=\"font-weight: 400;\"> Kontejner je vybaven rohy podle normy ISO, co\u017e usnad\u0148uje jeho p\u0159epravu n\u00e1kladn\u00edm autem, vlakem nebo lod\u00ed.<\/span><\/li>\n<li style=\"font-weight: 400;\" aria-level=\"1\"><b>Bezpe\u010dn\u00e9 ulo\u017een\u00ed:<\/b><span style=\"font-weight: 400;\"> Kontejner m\u00e1 pevnou ocelovou konstrukci, kter\u00e1 zaji\u0161\u0165uje bezpe\u010dnost ulo\u017een\u00fdch p\u0159edm\u011bt\u016f.<\/span><\/li>\n<li style=\"font-weight: 400;\" aria-level=\"1\"><b>Vodot\u011bsnost:<\/b><span style=\"font-weight: 400;\"> Kontejner je vybaven nepromokavou st\u0159echou a dve\u0159mi, kter\u00e9 chr\u00e1n\u00ed ulo\u017een\u00e9 v\u011bci p\u0159ed de\u0161t\u011bm a sn\u011bhem.<\/span><\/li>\n<li style=\"font-weight: 400;\" aria-level=\"1\"><b>Snadn\u00e9 nakl\u00e1d\u00e1n\u00ed a vykl\u00e1d\u00e1n\u00ed:<\/b><span style=\"font-weight: 400;\"> Kontejner je vybaven dvojit\u00fdmi dve\u0159mi, tak\u017ee m\u016f\u017eete snadno nakl\u00e1dat a vykl\u00e1dat ulo\u017een\u00e9 v\u011bci.<\/span><\/li>\n<li style=\"font-weight: 400;\" aria-level=\"1\"><b>N\u00e1kladov\u011b efektivn\u00ed:<\/b><span style=\"font-weight: 400;\"> Jednosm\u011brn\u00fd skladovac\u00ed kontejner PROCON 40HC je cenov\u011b v\u00fdhodn\u00e9 skladovac\u00ed \u0159e\u0161en\u00ed, kter\u00e9 je ide\u00e1ln\u00ed pro kr\u00e1tkodob\u00e9 i dlouhodob\u00e9 skladov\u00e1n\u00ed.<\/span><\/li>\n<\/ul>\n<h3><b>Jednocestn\u00fd skladovac\u00ed kontejner PRO-CON 40HC je ide\u00e1ln\u00ed volbou:<\/b><\/h3>\n<ul>\n<li style=\"font-weight: 400;\" aria-level=\"1\"><b>Pro podniky:<\/b><span style=\"font-weight: 400;\"> Ti, kte\u0159\u00ed pot\u0159ebuj\u00ed do\u010dasn\u00e9 \u0159e\u0161en\u00ed pro uskladn\u011bn\u00ed sv\u00e9ho zbo\u017e\u00ed, vybaven\u00ed nebo dokument\u016f.<\/span><\/li>\n<li style=\"font-weight: 400;\" aria-level=\"1\"><b>Pro soukrom\u00e9 osoby:<\/b><span style=\"font-weight: 400;\"> Lid\u00e9, kte\u0159\u00ed se st\u011bhuj\u00ed, renovuj\u00ed sv\u016fj d\u016fm nebo prost\u011b pot\u0159ebuj\u00ed dal\u0161\u00ed \u00falo\u017en\u00fd prostor.<\/span><\/li>\n<li style=\"font-weight: 400;\" aria-level=\"1\"><b>Pro budovy:<\/b><span style=\"font-weight: 400;\"> Kontejner je ide\u00e1ln\u00ed pro skladov\u00e1n\u00ed stavebn\u00edch materi\u00e1l\u016f, n\u00e1\u0159ad\u00ed a vybaven\u00ed.<\/span><\/li>\n<li style=\"font-weight: 400;\" aria-level=\"1\"><b>Pro akce:<\/b><span style=\"font-weight: 400;\"> Kontejner je ide\u00e1ln\u00ed pro skladov\u00e1n\u00ed vybaven\u00ed, zbo\u017e\u00ed a propaga\u010dn\u00edch materi\u00e1l\u016f.<\/span><\/li>\n<\/ul>\n<h3><b>Objedn\u00e1n\u00ed jednocestn\u00e9ho skladovac\u00edho kontejneru PRO-CON 40HC je snadn\u00e9:<\/b><\/h3>\n<ol>\n<li style=\"font-weight: 400;\" aria-level=\"1\"><span style=\"font-weight: 400;\">Vyberte si po\u017eadovan\u00fd kontejner na na\u0161ich webov\u00fdch str\u00e1nk\u00e1ch.<\/span><\/li>\n<li style=\"font-weight: 400;\" aria-level=\"1\"><span style=\"font-weight: 400;\">Z\u00edskejte nab\u00eddku online nebo telefonicky.<\/span><\/li>\n<li style=\"font-weight: 400;\" aria-level=\"1\"><span style=\"font-weight: 400;\">Rezervujte si kontejner.<\/span><\/li>\n<li style=\"font-weight: 400;\" aria-level=\"1\"><span style=\"font-weight: 400;\">Kontejner bude doru\u010den na zadanou adresu.<\/span><\/li>\n<\/ol>\n<p><b>Kontaktujte n\u00e1s je\u0161t\u011b dnes a z\u00edskejte bezplatnou nab\u00eddku na jednocestn\u00fd skladovac\u00ed kontejner PROCON 40HC!<\/b><\/p>\n<p><b>PRO-CON: \u0158e\u0161en\u00ed kontejner\u016f na m\u00edru<\/b><\/p>","protected":false},"excerpt":{"rendered":"<p>Skladovac\u00ed kontejner PRO-CON STORE 40'HC v barv\u011b ral7016.<\/p>\n<ul>\n<li>Prostorn\u00fd interi\u00e9r<\/li>\n<li>Zabezpe\u010den\u00e9 skladov\u00e1n\u00ed<\/li>\n<li>Snadn\u00e9 nakl\u00e1d\u00e1n\u00ed a vykl\u00e1d\u00e1n\u00ed<\/li>\n<\/ul>","protected":false},"featured_media":2311,"template":"","meta":{"_acf_changed":false},"product_brand":[],"product_cat":[29],"product_tag":[],"class_list":{"0":"post-2309","1":"product","2":"type-product","3":"status-publish","4":"has-post-thumbnail","6":"product_cat-kontenerek-es-kiegeszitok","8":"first","9":"instock","10":"shipping-taxable","11":"product-type-simple"},"acf":[],"_links":{"self":[{"href":"https:\/\/pro-con.hu\/cs\/wp-json\/wp\/v2\/product\/2309","targetHints":{"allow":["GET"]}}],"collection":[{"href":"https:\/\/pro-con.hu\/cs\/wp-json\/wp\/v2\/product"}],"about":[{"href":"https:\/\/pro-con.hu\/cs\/wp-json\/wp\/v2\/types\/product"}],"version-history":[{"count":10,"href":"https:\/\/pro-con.hu\/cs\/wp-json\/wp\/v2\/product\/2309\/revisions"}],"predecessor-version":[{"id":2688,"href":"https:\/\/pro-con.hu\/cs\/wp-json\/wp\/v2\/product\/2309\/revisions\/2688"}],"wp:featuredmedia":[{"embeddable":true,"href":"https:\/\/pro-con.hu\/cs\/wp-json\/wp\/v2\/media\/2311"}],"wp:attachment":[{"href":"https:\/\/pro-con.hu\/cs\/wp-json\/wp\/v2\/media?parent=2309"}],"wp:term":[{"taxonomy":"product_brand","embeddable":true,"href":"https:\/\/pro-con.hu\/cs\/wp-json\/wp\/v2\/product_brand?post=2309"},{"taxonomy":"product_cat","embeddable":true,"href":"https:\/\/pro-con.hu\/cs\/wp-json\/wp\/v2\/product_cat?post=2309"},{"taxonomy":"product_tag","embeddable":true,"href":"https:\/\/pro-con.hu\/cs\/wp-json\/wp\/v2\/product_tag?post=2309"}],"curies":[{"name":"wp","href":"https:\/\/api.w.org\/{rel}","templated":true}]}}

Skladovací kontejner PRO-CON STORE 40'HC ral7016

<h2><b>Jednosměrný skladovací kontejner PRO-CON 40HC v barvě RAL7016: </b></h2>
<h3><b>Praktické řešení pro vaše potřeby dočasného skladování</b></h3>
<p><span style="font-weight: 400;">Jednocestný skladovací kontejner PROCON 40HC je ideálním řešením pro vaše potřeby dočasného skladování. Kontejner je nový a inovativní, vyrobený z vysoce kvalitních materiálů, takže je zaručeně odolný a vodotěsný.</span></p>
<h2><b>Výhody jednocestného skladovacího kontejneru PRO-CON 40HC:</b></h2>
<ul>
<li style="font-weight: 400;" aria-level="1"><b>Prostorný interiér:</b><span style="font-weight: 400;"> Kontejner má 27 metrů krychlových vnitřního prostoru, což poskytuje dostatek místa pro uložení zboží, nábytku, kancelářského vybavení nebo jiných předmětů.</span></li>
<li style="font-weight: 400;" aria-level="1"><b>Snadná přeprava:</b><span style="font-weight: 400;"> Kontejner je vybaven rohy podle normy ISO, což usnadňuje jeho přepravu nákladním autem, vlakem nebo lodí.</span></li>
<li style="font-weight: 400;" aria-level="1"><b>Bezpečné uložení:</b><span style="font-weight: 400;"> Kontejner má pevnou ocelovou konstrukci, která zajišťuje bezpečnost uložených předmětů.</span></li>
<li style="font-weight: 400;" aria-level="1"><b>Vodotěsnost:</b><span style="font-weight: 400;"> Kontejner je vybaven nepromokavou střechou a dveřmi, které chrání uložené věci před deštěm a sněhem.</span></li>
<li style="font-weight: 400;" aria-level="1"><b>Snadné nakládání a vykládání:</b><span style="font-weight: 400;"> Kontejner je vybaven dvojitými dveřmi, takže můžete snadno nakládat a vykládat uložené věci.</span></li>
<li style="font-weight: 400;" aria-level="1"><b>Nákladově efektivní:</b><span style="font-weight: 400;"> Jednosměrný skladovací kontejner PROCON 40HC je cenově výhodné skladovací řešení, které je ideální pro krátkodobé i dlouhodobé skladování.</span></li>
</ul>
<h3><b>Jednocestný skladovací kontejner PRO-CON 40HC je ideální volbou:</b></h3>
<ul>
<li style="font-weight: 400;" aria-level="1"><b>Pro podniky:</b><span style="font-weight: 400;"> Ti, kteří potřebují dočasné řešení pro uskladnění svého zboží, vybavení nebo dokumentů.</span></li>
<li style="font-weight: 400;" aria-level="1"><b>Pro soukromé osoby:</b><span style="font-weight: 400;"> Lidé, kteří se stěhují, renovují svůj dům nebo prostě potřebují další úložný prostor.</span></li>
<li style="font-weight: 400;" aria-level="1"><b>Pro budovy:</b><span style="font-weight: 400;"> Kontejner je ideální pro skladování stavebních materiálů, nářadí a vybavení.</span></li>
<li style="font-weight: 400;" aria-level="1"><b>Pro akce:</b><span style="font-weight: 400;"> Kontejner je ideální pro skladování vybavení, zboží a propagačních materiálů.</span></li>
</ul>
<h3><b>Objednání jednocestného skladovacího kontejneru PRO-CON 40HC je snadné:</b></h3>
<ol>
<li style="font-weight: 400;" aria-level="1"><span style="font-weight: 400;">Vyberte si požadovaný kontejner na našich webových stránkách.</span></li>
<li style="font-weight: 400;" aria-level="1"><span style="font-weight: 400;">Získejte nabídku online nebo telefonicky.</span></li>
<li style="font-weight: 400;" aria-level="1"><span style="font-weight: 400;">Rezervujte si kontejner.</span></li>
<li style="font-weight: 400;" aria-level="1"><span style="font-weight: 400;">Kontejner bude doručen na zadanou adresu.</span></li>
</ol>
<p><b>Kontaktujte nás ještě dnes a získejte bezplatnou nabídku na jednocestný skladovací kontejner PROCON 40HC!</b></p>
<p><b>PRO-CON: Řešení kontejnerů na míru</b></p>

<p>Skladovací kontejner PRO-CON STORE 40'HC v barvě ral7016.</p>
<ul>
<li>Prostorný interiér</li>
<li>Zabezpečené skladování</li>
<li>Snadné nakládání a vykládání</li>
</ul>
